198.38.94.67 - - [21/Jul/2026:14:07:29 +0000] "GET /?p=3283 HTTP/1.1" 404 20727 "-" "Mozilla/5.0 (iPhone; CPU iPhone OS 16_5 like Mac OS X) AppleWebKit/605.1.15 (KHTML, like Gecko) CriOS/114.0.5735.99 Mobile/15E148 Safari/604.1"
198.38.94.67 - - [21/Jul/2026:14:07:30 +0000] "GET /?p=3281 HTTP/1.1" 404 20730 "-" "Mozilla/5.0 (Windows NT 10.0; Win64; x64) AppleWebKit/537.36 (KHTML, like Gecko) Chrome/114.0.0.0 Safari/537.36"
198.38.94.67 - - [21/Jul/2026:14:07:30 +0000] "GET /?p=3281 HTTP/1.1" 404 20727 "-" "Mozilla/5.0 (iPhone; CPU iPhone OS 16_5 like Mac OS X) AppleWebKit/605.1.15 (KHTML, like Gecko) CriOS/114.0.5735.99 Mobile/15E148 Safari/604.1"
198.38.94.67 - - [21/Jul/2026:14:07:30 +0000] "GET /?p=3278 HTTP/1.1" 404 20723 "-" "Mozilla/5.0 (Windows NT 10.0; Win64; x64) AppleWebKit/537.36 (KHTML, like Gecko) Chrome/114.0.0.0 Safari/537.36"
198.38.94.67 - - [21/Jul/2026:14:07:30 +0000] "GET /?p=3278 HTTP/1.1" 404 20727 "-" "Mozilla/5.0 (iPhone; CPU iPhone OS 16_5 like Mac OS X) AppleWebKit/605.1.15 (KHTML, like Gecko) CriOS/114.0.5735.99 Mobile/15E148 Safari/604.1"
198.38.94.67 - - [21/Jul/2026:14:07:30 +0000] "GET /?p=3207 HTTP/1.1" 404 20730 "-" "Mozilla/5.0 (Windows NT 10.0; Win64; x64) AppleWebKit/537.36 (KHTML, like Gecko) Chrome/114.0.0.0 Safari/537.36"
198.38.94.67 - - [21/Jul/2026:14:07:31 +0000] "GET /?p=3207 HTTP/1.1" 404 20727 "-" "Mozilla/5.0 (iPhone; CPU iPhone OS 16_5 like Mac OS X) AppleWebKit/605.1.15 (KHTML, like Gecko) CriOS/114.0.5735.99 Mobile/15E148 Safari/604.1"
198.38.94.67 - - [21/Jul/2026:14:07:31 +0000] "GET /?p=3206 HTTP/1.1" 404 20730 "-" "Mozilla/5.0 (Windows NT 10.0; Win64; x64) AppleWebKit/537.36 (KHTML, like Gecko) Chrome/114.0.0.0 Safari/537.36"
198.38.94.67 - - [21/Jul/2026:14:07:31 +0000] "GET /?p=3206 HTTP/1.1" 404 20727 "-" "Mozilla/5.0 (iPhone; CPU iPhone OS 16_5 like Mac OS X) AppleWebKit/605.1.15 (KHTML, like Gecko) CriOS/114.0.5735.99 Mobile/15E148 Safari/604.1"
198.38.94.67 - - [21/Jul/2026:14:07:31 +0000] "GET /?p=3204 HTTP/1.1" 404 20730 "-" "Mozilla/5.0 (Windows NT 10.0; Win64; x64) AppleWebKit/537.36 (KHTML, like Gecko) Chrome/114.0.0.0 Safari/537.36"
198.38.94.67 - - [21/Jul/2026:14:07:32 +0000] "GET /?p=3204 HTTP/1.1" 404 20727 "-" "Mozilla/5.0 (iPhone; CPU iPhone OS 16_5 like Mac OS X) AppleWebKit/605.1.15 (KHTML, like Gecko) CriOS/114.0.5735.99 Mobile/15E148 Safari/604.1"
198.38.94.67 - - [21/Jul/2026:14:07:32 +0000] "GET /?p=3203 HTTP/1.1" 404 20730 "-" "Mozilla/5.0 (Windows NT 10.0; Win64; x64) AppleWebKit/537.36 (KHTML, like Gecko) Chrome/114.0.0.0 Safari/537.36"
198.38.94.67 - - [21/Jul/2026:14:07:32 +0000] "GET /?p=3203 HTTP/1.1" 404 20727 "-" "Mozilla/5.0 (iPhone; CPU iPhone OS 16_5 like Mac OS X) AppleWebKit/605.1.15 (KHTML, like Gecko) CriOS/114.0.5735.99 Mobile/15E148 Safari/604.1"
198.38.94.67 - - [21/Jul/2026:14:07:32 +0000] "GET /?p=3202 HTTP/1.1" 404 20730 "-" "Mozilla/5.0 (Windows NT 10.0; Win64; x64) AppleWebKit/537.36 (KHTML, like Gecko) Chrome/114.0.0.0 Safari/537.36"
198.38.94.67 - - [21/Jul/2026:14:07:32 +0000] "GET /?p=3202 HTTP/1.1" 404 20727 "-" "Mozilla/5.0 (iPhone; CPU iPhone OS 16_5 like Mac OS X) AppleWebKit/605.1.15 (KHTML, like Gecko) CriOS/114.0.5735.99 Mobile/15E148 Safari/604.1"
198.38.94.67 - - [21/Jul/2026:14:07:32 +0000] "GET /?p=3200 HTTP/1.1" 404 20723 "-" "Mozilla/5.0 (Windows NT 10.0; Win64; x64) AppleWebKit/537.36 (KHTML, like Gecko) Chrome/114.0.0.0 Safari/537.36"
198.38.94.67 - - [21/Jul/2026:14:07:33 +0000] "GET /?p=3200 HTTP/1.1" 404 20727 "-" "Mozilla/5.0 (iPhone; CPU iPhone OS 16_5 like Mac OS X) AppleWebKit/605.1.15 (KHTML, like Gecko) CriOS/114.0.5735.99 Mobile/15E148 Safari/604.1"
198.38.94.67 - - [21/Jul/2026:14:07:33 +0000] "GET /?p=3199 HTTP/1.1" 404 20730 "-" "Mozilla/5.0 (Windows NT 10.0; Win64; x64) AppleWebKit/537.36 (KHTML, like Gecko) Chrome/114.0.0.0 Safari/537.36"
198.38.94.67 - - [21/Jul/2026:14:07:33 +0000] "GET /?p=3199 HTTP/1.1" 404 20727 "-" "Mozilla/5.0 (iPhone; CPU iPhone OS 16_5 like Mac OS X) AppleWebKit/605.1.15 (KHTML, like Gecko) CriOS/114.0.5735.99 Mobile/15E148 Safari/604.1"
57.141.0.35 - - [21/Jul/2026:14:07:33 +0000] "GET /products/28780943 HTTP/2" 301 0 "-" "Mozilla/5.0 (Windows NT 10.0; Win64; x64) AppleWebKit/537.36 (KHTML, like Gecko) Chrome/145.0.0.0 Safari/537.36 (compatible; meta-externalagent/1.1 (+https://developers.facebook.com/docs/sharing/webmasters/crawler))"
57.141.0.30 - - [21/Jul/2026:14:07:34 +0000] "GET /products/8670609 HTTP/2" 301 0 "-" "Mozilla/5.0 (Windows NT 10.0; Win64; x64) AppleWebKit/537.36 (KHTML, like Gecko) Chrome/145.0.0.0 Safari/537.36 (compatible; meta-externalagent/1.1 (+https://developers.facebook.com/docs/sharing/webmasters/crawler))"
57.141.0.36 - - [21/Jul/2026:14:07:36 +0000] "GET /products/5345943 HTTP/2" 301 0 "-" "Mozilla/5.0 (Macintosh; Intel Mac OS X 10_15_7) AppleWebKit/537.36 (KHTML, like Gecko) Chrome/145.0.0.0 Safari/537.36 (compatible; meta-externalagent/1.1 (+https://developers.facebook.com/docs/sharing/webmasters/crawler))"
57.141.0.7 - - [21/Jul/2026:14:07:45 +0000] "GET /products/10143998 HTTP/2" 301 0 "-" "Mozilla/5.0 (Windows NT 10.0; Win64; x64) AppleWebKit/537.36 (KHTML, like Gecko) Chrome/145.0.0.0 Safari/537.36 (compatible; meta-externalagent/1.1 (+https://developers.facebook.com/docs/sharing/webmasters/crawler))"
57.141.0.18 - - [21/Jul/2026:14:07:46 +0000] "GET /products/5452476 HTTP/2" 301 0 "-" "Mozilla/5.0 (X11; Linux x86_64) AppleWebKit/537.36 (KHTML, like Gecko) Chrome/145.0.0.0 Safari/537.36 (compatible; meta-externalagent/1.1 (+https://developers.facebook.com/docs/sharing/webmasters/crawler))"
57.141.0.21 - - [21/Jul/2026:14:07:50 +0000] "GET /products/20889865 HTTP/2" 301 0 "-" "Mozilla/5.0 (Macintosh; Intel Mac OS X 10_15_7) AppleWebKit/537.36 (KHTML, like Gecko) Chrome/145.0.0.0 Safari/537.36 (compatible; meta-externalagent/1.1 (+https://developers.facebook.com/docs/sharing/webmasters/crawler))"
57.141.0.23 - - [21/Jul/2026:14:07:53 +0000] "GET /sitemap948.xml HTTP/2" 301 0 "-" "Mozilla/5.0 (Macintosh; Intel Mac OS X 10_15_7) AppleWebKit/537.36 (KHTML, like Gecko) Chrome/145.0.0.0 Safari/537.36 (compatible; meta-externalagent/1.1 (+https://developers.facebook.com/docs/sharing/webmasters/crawler))"
57.141.0.61 - - [21/Jul/2026:14:08:03 +0000] "GET /products/11220109 HTTP/2" 301 0 "-" "Mozilla/5.0 (Macintosh; Intel Mac OS X 10_15_7) AppleWebKit/537.36 (KHTML, like Gecko) Chrome/145.0.0.0 Safari/537.36 (compatible; meta-externalagent/1.1 (+https://developers.facebook.com/docs/sharing/webmasters/crawler))"
57.141.0.42 - - [21/Jul/2026:14:08:07 +0000] "GET /products/19610510 HTTP/2" 301 0 "-" "Mozilla/5.0 (Windows NT 10.0; Win64; x64) AppleWebKit/537.36 (KHTML, like Gecko) Chrome/145.0.0.0 Safari/537.36 (compatible; meta-externalagent/1.1 (+https://developers.facebook.com/docs/sharing/webmasters/crawler))"
54.38.147.18 - - [21/Jul/2026:14:08:07 +0000] "GET /shop/disbloom/romanes88249180069.html HTTP/2" 301 0 "-" "Mozilla/5.0 (compatible; AhrefsBot/7.0; +http://ahrefs.com/robot/)"
57.141.0.3 - - [21/Jul/2026:14:08:10 +0000] "GET /products/31219165 HTTP/2" 301 0 "-" "Mozilla/5.0 (Windows NT 10.0; Win64; x64) AppleWebKit/537.36 (KHTML, like Gecko) Chrome/145.0.0.0 Safari/537.36 (compatible; meta-externalagent/1.1 (+https://developers.facebook.com/docs/sharing/webmasters/crawler))"
57.141.0.10 - - [21/Jul/2026:14:08:18 +0000] "GET /products/25630610 HTTP/2" 301 0 "-" "Mozilla/5.0 (X11; Linux x86_64) AppleWebKit/537.36 (KHTML, like Gecko) Chrome/145.0.0.0 Safari/537.36 (compatible; meta-externalagent/1.1 (+https://developers.facebook.com/docs/sharing/webmasters/crawler))"
198.38.94.67 - - [21/Jul/2026:14:08:19 +0000] "POST /wp-cron.php?doing_wp_cron=1784642899.0086541175842285156250 HTTP/1.1" 200 0 "-" "WordPress/6.9.1; https://www.sunsetbarbers.ae"
57.141.0.60 - - [21/Jul/2026:14:08:18 +0000] "GET /products/21742521 HTTP/2" 301 0 "-" "Mozilla/5.0 (Windows NT 10.0; Win64; x64) AppleWebKit/537.36 (KHTML, like Gecko) Chrome/145.0.0.0 Safari/537.36 Edg/145.0.0.0 (compatible; meta-externalagent/1.1 (+https://developers.facebook.com/docs/sharing/webmasters/crawler))"
57.141.0.27 - - [21/Jul/2026:14:08:18 +0000] "GET /products/19105410 HTTP/2" 301 0 "-" "Mozilla/5.0 (Macintosh; Intel Mac OS X 10_15_7) AppleWebKit/537.36 (KHTML, like Gecko) Chrome/145.0.0.0 Safari/537.36 Edg/145.0.0.0 (compatible; meta-externalagent/1.1 (+https://developers.facebook.com/docs/sharing/webmasters/crawler))"
57.141.0.47 - - [21/Jul/2026:14:08:22 +0000] "GET /products/22713154 HTTP/2" 301 0 "-" "Mozilla/5.0 (Windows NT 10.0; Win64; x64) AppleWebKit/537.36 (KHTML, like Gecko) Chrome/145.0.0.0 Safari/537.36 (compatible; meta-externalagent/1.1 (+https://developers.facebook.com/docs/sharing/webmasters/crawler))"
57.141.0.48 - - [21/Jul/2026:14:08:26 +0000] "GET /products/24607765 HTTP/2" 301 0 "-" "Mozilla/5.0 (Windows NT 10.0; Win64; x64) AppleWebKit/537.36 (KHTML, like Gecko) Chrome/145.0.0.0 Safari/537.36 (compatible; meta-externalagent/1.1 (+https://developers.facebook.com/docs/sharing/webmasters/crawler))"
57.141.0.27 - - [21/Jul/2026:14:08:29 +0000] "GET /products/23521732 HTTP/2" 301 0 "-" "Mozilla/5.0 (Macintosh; Intel Mac OS X 10_15_7) AppleWebKit/537.36 (KHTML, like Gecko) Chrome/145.0.0.0 Safari/537.36 (compatible; meta-externalagent/1.1 (+https://developers.facebook.com/docs/sharing/webmasters/crawler))"
57.141.0.36 - - [21/Jul/2026:14:08:30 +0000] "GET /products/4009587 HTTP/2" 301 0 "-" "Mozilla/5.0 (Macintosh; Intel Mac OS X 10_15_7) AppleWebKit/537.36 (KHTML, like Gecko) Chrome/145.0.0.0 Safari/537.36 (compatible; meta-externalagent/1.1 (+https://developers.facebook.com/docs/sharing/webmasters/crawler))"
91.73.29.58 - - [21/Jul/2026:14:08:33 +0000] "GET /services/ HTTP/2" 200 18502 "-" "Mozilla/5.0 (iPhone; CPU iPhone OS 18_7 like Mac OS X) AppleWebKit/605.1.15 (KHTML, like Gecko) Version/26.5.2 Mobile/15E148 Safari/604.1"
91.73.29.58 - - [21/Jul/2026:14:08:34 +0000] "GET /wp-content/cache/speedycache/www.sunsetbarbers.ae/assets/ee19ab392dccdedf-main.css HTTP/2" 200 940 "https://www.sunsetbarbers.ae/services/" "Mozilla/5.0 (iPhone; CPU iPhone OS 18_7 like Mac OS X) AppleWebKit/605.1.15 (KHTML, like Gecko) Version/26.5.2 Mobile/15E148 Safari/604.1"
91.73.29.58 - - [21/Jul/2026:14:08:34 +0000] "GET /wp-content/cache/speedycache/www.sunsetbarbers.ae/assets/64ac31699f5326cb-styles.css HTTP/2" 200 780 "https://www.sunsetbarbers.ae/services/" "Mozilla/5.0 (iPhone; CPU iPhone OS 18_7 like Mac OS X) AppleWebKit/605.1.15 (KHTML, like Gecko) Version/26.5.2 Mobile/15E148 Safari/604.1"
91.73.29.58 - - [21/Jul/2026:14:08:34 +0000] "GET /wp-content/plugins/custom-twitter-feeds/css/ctf-styles.min.css?ver=2.3.1 HTTP/2" 200 2870 "https://www.sunsetbarbers.ae/services/" "Mozilla/5.0 (iPhone; CPU iPhone OS 18_7 like Mac OS X) AppleWebKit/605.1.15 (KHTML, like Gecko) Version/26.5.2 Mobile/15E148 Safari/604.1"
91.73.29.58 - - [21/Jul/2026:14:08:34 +0000] "GET /wp-content/cache/speedycache/www.sunsetbarbers.ae/assets/89a3bf026e9f06c5-style.css HTTP/2" 200 0 "https://www.sunsetbarbers.ae/services/" "Mozilla/5.0 (iPhone; CPU iPhone OS 18_7 like Mac OS X) AppleWebKit/605.1.15 (KHTML, like Gecko) Version/26.5.2 Mobile/15E148 Safari/604.1"
91.73.29.58 - - [21/Jul/2026:14:08:34 +0000] "GET /wp-content/cache/speedycache/www.sunsetbarbers.ae/assets/8de7706742c4df0e-style.css HTTP/2" 200 152 "https://www.sunsetbarbers.ae/services/" "Mozilla/5.0 (iPhone; CPU iPhone OS 18_7 like Mac OS X) AppleWebKit/605.1.15 (KHTML, like Gecko) Version/26.5.2 Mobile/15E148 Safari/604.1"
91.73.29.58 - - [21/Jul/2026:14:08:34 +0000] "GET /wp-content/themes/revolver/assets/css/plugins.min.css?ver=6.9.1 HTTP/2" 200 2979 "https://www.sunsetbarbers.ae/services/" "Mozilla/5.0 (iPhone; CPU iPhone OS 18_7 like Mac OS X) AppleWebKit/605.1.15 (KHTML, like Gecko) Version/26.5.2 Mobile/15E148 Safari/604.1"
91.73.29.58 - - [21/Jul/2026:14:08:34 +0000] "GET /wp-content/themes/revolver/assets/css/blog.min.css?ver=6.9.1 HTTP/2" 200 2582 "https://www.sunsetbarbers.ae/services/" "Mozilla/5.0 (iPhone; CPU iPhone OS 18_7 like Mac OS X) AppleWebKit/605.1.15 (KHTML, like Gecko) Version/26.5.2 Mobile/15E148 Safari/604.1"
91.73.29.58 - - [21/Jul/2026:14:08:34 +0000] "GET /wp-content/themes/revolver/assets/css/elegant-icons/style.min.css?ver=6.9.1 HTTP/2" 200 4073 "https://www.sunsetbarbers.ae/services/" "Mozilla/5.0 (iPhone; CPU iPhone OS 18_7 like Mac OS X) AppleWebKit/605.1.15 (KHTML, like Gecko) Version/26.5.2 Mobile/15E148 Safari/604.1"
91.73.29.58 - - [21/Jul/2026:14:08:34 +0000] "GET /wp-content/cache/speedycache/www.sunsetbarbers.ae/assets/aa4cd95fc370b1cc-style.css HTTP/2" 200 1431 "https://www.sunsetbarbers.ae/services/" "Mozilla/5.0 (iPhone; CPU iPhone OS 18_7 like Mac OS X) AppleWebKit/605.1.15 (KHTML, like Gecko) Version/26.5.2 Mobile/15E148 Safari/604.1"
91.73.29.58 - - [21/Jul/2026:14:08:34 +0000] "GET /wp-content/cache/speedycache/www.sunsetbarbers.ae/assets/8a45b8ddbf2e2203-simple-line-icons.css HTTP/2" 200 2275 "https://www.sunsetbarbers.ae/services/" "Mozilla/5.0 (iPhone; CPU iPhone OS 18_7 like Mac OS X) AppleWebKit/605.1.15 (KHTML, like Gecko) Version/26.5.2 Mobile/15E148 Safari/604.1"
91.73.29.58 - - [21/Jul/2026:14:08:34 +0000] "GET /wp-content/cache/speedycache/www.sunsetbarbers.ae/assets/2f2351d6da1b827e-dripicons.css HTTP/2" 200 957 "https://www.sunsetbarbers.ae/services/" "Mozilla/5.0 (iPhone; CPU iPhone OS 18_7 like Mac OS X) AppleWebKit/605.1.15 (KHTML, like Gecko) Version/26.5.2 Mobile/15E148 Safari/604.1"
91.73.29.58 - - [21/Jul/2026:14:08:34 +0000] "GET /wp-content/cache/speedycache/www.sunsetbarbers.ae/assets/533cb71fc1f4cfb3-icomoon.css HTTP/2" 200 3578 "https://www.sunsetbarbers.ae/services/" "Mozilla/5.0 (iPhone; CPU iPhone OS 18_7 like Mac OS X) AppleWebKit/605.1.15 (KHTML, like Gecko) Version/26.5.2 Mobile/15E148 Safari/604.1"
91.73.29.58 - - [21/Jul/2026:14:08:34 +0000] "GET /wp-includes/js/mediaelement/mediaelementplayer-legacy.min.css?ver=4.2.17 HTTP/2" 200 2394 "https://www.sunsetbarbers.ae/services/" "Mozilla/5.0 (iPhone; CPU iPhone OS 18_7 like Mac OS X) AppleWebKit/605.1.15 (KHTML, like Gecko) Version/26.5.2 Mobile/15E148 Safari/604.1"
91.73.29.58 - - [21/Jul/2026:14:08:34 +0000] "GET /wp-includes/js/mediaelement/wp-mediaelement.min.css?ver=6.9.1 HTTP/2" 200 982 "https://www.sunsetbarbers.ae/services/" "Mozilla/5.0 (iPhone; CPU iPhone OS 18_7 like Mac OS X) AppleWebKit/605.1.15 (KHTML, like Gecko) Version/26.5.2 Mobile/15E148 Safari/604.1"
91.73.29.58 - - [21/Jul/2026:14:08:34 +0000] "GET /wp-content/cache/speedycache/www.sunsetbarbers.ae/assets/2972d0b56ec84a81-style_dynamic.css HTTP/2" 200 416 "https://www.sunsetbarbers.ae/services/" "Mozilla/5.0 (iPhone; CPU iPhone OS 18_7 like Mac OS X) AppleWebKit/605.1.15 (KHTML, like Gecko) Version/26.5.2 Mobile/15E148 Safari/604.1"
91.73.29.58 - - [21/Jul/2026:14:08:34 +0000] "GET /wp-content/themes/revolver/assets/css/blog-responsive.min.css?ver=6.9.1 HTTP/2" 200 498 "https://www.sunsetbarbers.ae/services/" "Mozilla/5.0 (iPhone; CPU iPhone OS 18_7 like Mac OS X) AppleWebKit/605.1.15 (KHTML, like Gecko) Version/26.5.2 Mobile/15E148 Safari/604.1"
91.73.29.58 - - [21/Jul/2026:14:08:34 +0000] "GET /wp-content/cache/speedycache/www.sunsetbarbers.ae/assets/7319979153e3030c-style_dynamic_responsive.css HTTP/2" 200 140 "https://www.sunsetbarbers.ae/services/" "Mozilla/5.0 (iPhone; CPU iPhone OS 18_7 like Mac OS X) AppleWebKit/605.1.15 (KHTML, like Gecko) Version/26.5.2 Mobile/15E148 Safari/604.1"
91.73.29.58 - - [21/Jul/2026:14:08:34 +0000] "GET /wp-content/cache/speedycache/www.sunsetbarbers.ae/fonts/afa87fcfee8981f92baf1637ed2beb5f/afa87fcfee8981f92baf1637ed2beb5f.css HTTP/2" 200 2171 "https://www.sunsetbarbers.ae/services/" "Mozilla/5.0 (iPhone; CPU iPhone OS 18_7 like Mac OS X) AppleWebKit/605.1.15 (KHTML, like Gecko) Version/26.5.2 Mobile/15E148 Safari/604.1"
91.73.29.58 - - [21/Jul/2026:14:08:34 +0000] "GET /wp-includes/js/dist/hooks.min.js?ver=dd5603f07f9220ed27f1 HTTP/2" 200 1852 "https://www.sunsetbarbers.ae/services/" "Mozilla/5.0 (iPhone; CPU iPhone OS 18_7 like Mac OS X) AppleWebKit/605.1.15 (KHTML, like Gecko) Version/26.5.2 Mobile/15E148 Safari/604.1"
91.73.29.58 - - [21/Jul/2026:14:08:34 +0000] "GET /wp-includes/js/dist/i18n.min.js?ver=c26c3dc7bed366793375 HTTP/2" 200 2119 "https://www.sunsetbarbers.ae/services/" "Mozilla/5.0 (iPhone; CPU iPhone OS 18_7 like Mac OS X) AppleWebKit/605.1.15 (KHTML, like Gecko) Version/26.5.2 Mobile/15E148 Safari/604.1"
91.73.29.58 - - [21/Jul/2026:14:08:34 +0000] "GET /wp-content/cache/speedycache/www.sunsetbarbers.ae/assets/96e7dc3f0e8559e4-index.js HTTP/2" 200 3369 "https://www.sunsetbarbers.ae/services/" "Mozilla/5.0 (iPhone; CPU iPhone OS 18_7 like Mac OS X) AppleWebKit/605.1.15 (KHTML, like Gecko) Version/26.5.2 Mobile/15E148 Safari/604.1"
91.73.29.58 - - [21/Jul/2026:14:08:34 +0000] "GET /wp-content/cache/speedycache/www.sunsetbarbers.ae/assets/2912c657d0592cc5-index.js HTTP/2" 200 4007 "https://www.sunsetbarbers.ae/services/" "Mozilla/5.0 (iPhone; CPU iPhone OS 18_7 like Mac OS X) AppleWebKit/605.1.15 (KHTML, like Gecko) Version/26.5.2 Mobile/15E148 Safari/604.1"
91.73.29.58 - - [21/Jul/2026:14:08:34 +0000] "GET /wp-includes/js/jquery/ui/tabs.min.js?ver=1.13.3 HTTP/2" 200 3794 "https://www.sunsetbarbers.ae/services/" "Mozilla/5.0 (iPhone; CPU iPhone OS 18_7 like Mac OS X) AppleWebKit/605.1.15 (KHTML, like Gecko) Version/26.5.2 Mobile/15E148 Safari/604.1"
91.73.29.58 - - [21/Jul/2026:14:08:34 +0000] "GET /wp-content/themes/revolver/assets/css/modules.min.css?ver=6.9.1 HTTP/2" 200 41815 "https://www.sunsetbarbers.ae/services/" "Mozilla/5.0 (iPhone; CPU iPhone OS 18_7 like Mac OS X) AppleWebKit/605.1.15 (KHTML, like Gecko) Version/26.5.2 Mobile/15E148 Safari/604.1"
91.73.29.58 - - [21/Jul/2026:14:08:34 +0000] "GET /wp-content/themes/revolver/assets/css/ion-icons/css/ionicons.min.css?ver=6.9.1 HTTP/2" 200 7533 "https://www.sunsetbarbers.ae/services/" "Mozilla/5.0 (iPhone; CPU iPhone OS 18_7 like Mac OS X) AppleWebKit/605.1.15 (KHTML, like Gecko) Version/26.5.2 Mobile/15E148 Safari/604.1"
91.73.29.58 - - [21/Jul/2026:14:08:34 +0000] "GET /wp-content/cache/speedycache/www.sunsetbarbers.ae/assets/18513056c4a41249-style.css HTTP/2" 200 8910 "https://www.sunsetbarbers.ae/services/" "Mozilla/5.0 (iPhone; CPU iPhone OS 18_7 like Mac OS X) AppleWebKit/605.1.15 (KHTML, like Gecko) Version/26.5.2 Mobile/15E148 Safari/604.1"
91.73.29.58 - - [21/Jul/2026:14:08:34 +0000] "GET /wp-content/themes/revolver/assets/css/modules-responsive.min.css?ver=6.9.1 HTTP/2" 200 4723 "https://www.sunsetbarbers.ae/services/" "Mozilla/5.0 (iPhone; CPU iPhone OS 18_7 like Mac OS X) AppleWebKit/605.1.15 (KHTML, like Gecko) Version/26.5.2 Mobile/15E148 Safari/604.1"
91.73.29.58 - - [21/Jul/2026:14:08:34 +0000] "GET /wp-content/themes/revolver/assets/css/font-awesome/css/fontawesome-all.min.css?ver=6.9.1 HTTP/2" 200 22056 "https://www.sunsetbarbers.ae/services/" "Mozilla/5.0 (iPhone; CPU iPhone OS 18_7 like Mac OS X) AppleWebKit/605.1.15 (KHTML, like Gecko) Version/26.5.2 Mobile/15E148 Safari/604.1"
91.73.29.58 - - [21/Jul/2026:14:08:34 +0000] "GET /wp-content/plugins/js_composer/assets/css/js_composer.min.css?ver=7.6 HTTP/2" 200 40965 "https://www.sunsetbarbers.ae/services/" "Mozilla/5.0 (iPhone; CPU iPhone OS 18_7 like Mac OS X) AppleWebKit/605.1.15 (KHTML, like Gecko) Version/26.5.2 Mobile/15E148 Safari/604.1"
91.73.29.58 - - [21/Jul/2026:14:08:34 +0000] "GET /wp-includes/js/jquery/jquery.min.js?ver=3.7.1 HTTP/2" 200 29744 "https://www.sunsetbarbers.ae/services/" "Mozilla/5.0 (iPhone; CPU iPhone OS 18_7 like Mac OS X) AppleWebKit/605.1.15 (KHTML, like Gecko) Version/26.5.2 Mobile/15E148 Safari/604.1"
91.73.29.58 - - [21/Jul/2026:14:08:34 +0000] "GET /wp-includes/js/jquery/jquery-migrate.min.js?ver=3.4.1 HTTP/2" 200 4678 "https://www.sunsetbarbers.ae/services/" "Mozilla/5.0 (iPhone; CPU iPhone OS 18_7 like Mac OS X) AppleWebKit/605.1.15 (KHTML, like Gecko) Version/26.5.2 Mobile/15E148 Safari/604.1"
91.73.29.58 - - [21/Jul/2026:14:08:34 +0000] "GET /wp-content/plugins/revslider/sr6/assets/css/rs6.css?ver=6.7.11 HTTP/2" 200 11961 "https://www.sunsetbarbers.ae/services/" "Mozilla/5.0 (iPhone; CPU iPhone OS 18_7 like Mac OS X) AppleWebKit/605.1.15 (KHTML, like Gecko) Version/26.5.2 Mobile/15E148 Safari/604.1"
91.73.29.58 - - [21/Jul/2026:14:08:34 +0000] "GET /wp-content/cache/speedycache/www.sunsetbarbers.ae/assets/1f66fee84da29857-app.js HTTP/2" 200 5124 "https://www.sunsetbarbers.ae/services/" "Mozilla/5.0 (iPhone; CPU iPhone OS 18_7 like Mac OS X) AppleWebKit/605.1.15 (KHTML, like Gecko) Version/26.5.2 Mobile/15E148 Safari/604.1"
91.73.29.58 - - [21/Jul/2026:14:08:34 +0000] "GET /wp-content/plugins/revslider/sr6/assets/js/rbtools.min.js?ver=6.7.11 HTTP/2" 200 59937 "https://www.sunsetbarbers.ae/services/" "Mozilla/5.0 (iPhone; CPU iPhone OS 18_7 like Mac OS X) AppleWebKit/605.1.15 (KHTML, like Gecko) Version/26.5.2 Mobile/15E148 Safari/604.1"
91.73.29.58 - - [21/Jul/2026:14:08:34 +0000] "GET /wp-includes/js/jquery/ui/core.min.js?ver=1.13.3 HTTP/2" 200 6812 "https://www.sunsetbarbers.ae/services/" "Mozilla/5.0 (iPhone; CPU iPhone OS 18_7 like Mac OS X) AppleWebKit/605.1.15 (KHTML, like Gecko) Version/26.5.2 Mobile/15E148 Safari/604.1"
91.73.29.58 - - [21/Jul/2026:14:08:34 +0000] "GET /wp-content/plugins/revslider/sr6/assets/js/rs6.min.js?ver=6.7.11 HTTP/2" 200 104510 "https://www.sunsetbarbers.ae/services/" "Mozilla/5.0 (iPhone; CPU iPhone OS 18_7 like Mac OS X) AppleWebKit/605.1.15 (KHTML, like Gecko) Version/26.5.2 Mobile/15E148 Safari/604.1"
91.73.29.58 - - [21/Jul/2026:14:08:34 +0000] "GET /wp-includes/js/jquery/ui/accordion.min.js?ver=1.13.3 HTTP/2" 200 2669 "https://www.sunsetbarbers.ae/services/" "Mozilla/5.0 (iPhone; CPU iPhone OS 18_7 like Mac OS X) AppleWebKit/605.1.15 (KHTML, like Gecko) Version/26.5.2 Mobile/15E148 Safari/604.1"
91.73.29.58 - - [21/Jul/2026:14:08:34 +0000] "GET /wp-includes/js/mediaelement/mediaelement-migrate.min.js?ver=6.9.1 HTTP/2" 200 479 "https://www.sunsetbarbers.ae/services/" "Mozilla/5.0 (iPhone; CPU iPhone OS 18_7 like Mac OS X) AppleWebKit/605.1.15 (KHTML, like Gecko) Version/26.5.2 Mobile/15E148 Safari/604.1"
91.73.29.58 - - [21/Jul/2026:14:08:34 +0000] "GET /wp-includes/js/mediaelement/wp-mediaelement.min.js?ver=6.9.1 HTTP/2" 200 453 "https://www.sunsetbarbers.ae/services/" "Mozilla/5.0 (iPhone; CPU iPhone OS 18_7 like Mac OS X) AppleWebKit/605.1.15 (KHTML, like Gecko) Version/26.5.2 Mobile/15E148 Safari/604.1"
91.73.29.58 - - [21/Jul/2026:14:08:34 +0000] "GET /wp-content/themes/revolver/assets/js/modules/plugins/jquery.appear.js?ver=6.9.1 HTTP/2" 200 1226 "https://www.sunsetbarbers.ae/services/" "Mozilla/5.0 (iPhone; CPU iPhone OS 18_7 like Mac OS X) AppleWebKit/605.1.15 (KHTML, like Gecko) Version/26.5.2 Mobile/15E148 Safari/604.1"
91.73.29.58 - - [21/Jul/2026:14:08:34 +0000] "GET /wp-includes/js/hoverIntent.min.js?ver=1.10.2 HTTP/2" 200 668 "https://www.sunsetbarbers.ae/services/" "Mozilla/5.0 (iPhone; CPU iPhone OS 18_7 like Mac OS X) AppleWebKit/605.1.15 (KHTML, like Gecko) Version/26.5.2 Mobile/15E148 Safari/604.1"
91.73.29.58 - - [21/Jul/2026:14:08:34 +0000] "GET /wp-content/themes/revolver/assets/js/modules/plugins/jquery.plugin.js?ver=6.9.1 HTTP/2" 200 3458 "https://www.sunsetbarbers.ae/services/" "Mozilla/5.0 (iPhone; CPU iPhone OS 18_7 like Mac OS X) AppleWebKit/605.1.15 (KHTML, like Gecko) Version/26.5.2 Mobile/15E148 Safari/604.1"
91.73.29.58 - - [21/Jul/2026:14:08:34 +0000] "GET /wp-content/themes/revolver/assets/js/modules/plugins/parallax.min.js?ver=6.9.1 HTTP/2" 200 742 "https://www.sunsetbarbers.ae/services/" "Mozilla/5.0 (iPhone; CPU iPhone OS 18_7 like Mac OS X) AppleWebKit/605.1.15 (KHTML, like Gecko) Version/26.5.2 Mobile/15E148 Safari/604.1"
91.73.29.58 - - [21/Jul/2026:14:08:34 +0000] "GET /wp-content/cache/speedycache/www.sunsetbarbers.ae/assets/6563fc26e481ddf4-easypiechart.js HTTP/2" 200 1210 "https://www.sunsetbarbers.ae/services/" "Mozilla/5.0 (iPhone; CPU iPhone OS 18_7 like Mac OS X) AppleWebKit/605.1.15 (KHTML, like Gecko) Version/26.5.2 Mobile/15E148 Safari/604.1"
91.73.29.58 - - [21/Jul/2026:14:08:34 +0000] "GET /wp-content/themes/revolver/assets/js/modules/plugins/jquery.waypoints.min.js?ver=6.9.1 HTTP/2" 200 2540 "https://www.sunsetbarbers.ae/services/" "Mozilla/5.0 (iPhone; CPU iPhone OS 18_7 like Mac OS X) AppleWebKit/605.1.15 (KHTML, like Gecko) Version/26.5.2 Mobile/15E148 Safari/604.1"
91.73.29.58 - - [21/Jul/2026:14:08:34 +0000] "GET /wp-content/cache/speedycache/www.sunsetbarbers.ae/assets/173ef39426f3bc63-counter.js HTTP/2" 200 804 "https://www.sunsetbarbers.ae/services/" "Mozilla/5.0 (iPhone; CPU iPhone OS 18_7 like Mac OS X) AppleWebKit/605.1.15 (KHTML, like Gecko) Version/26.5.2 Mobile/15E148 Safari/604.1"
91.73.29.58 - - [21/Jul/2026:14:08:34 +0000] "GET /wp-content/themes/revolver/assets/js/modules/plugins/fluidvids.min.js?ver=6.9.1 HTTP/2" 200 629 "https://www.sunsetbarbers.ae/services/" "Mozilla/5.0 (iPhone; CPU iPhone OS 18_7 like Mac OS X) AppleWebKit/605.1.15 (KHTML, like Gecko) Version/26.5.2 Mobile/15E148 Safari/604.1"
91.73.29.58 - - [21/Jul/2026:14:08:34 +0000] "GET /wp-content/themes/revolver/assets/js/modules/plugins/ScrollToPlugin.min.js?ver=6.9.1 HTTP/2" 200 1011 "https://www.sunsetbarbers.ae/services/" "Mozilla/5.0 (iPhone; CPU iPhone OS 18_7 like Mac OS X) AppleWebKit/605.1.15 (KHTML, like Gecko) Version/26.5.2 Mobile/15E148 Safari/604.1"
91.73.29.58 - - [21/Jul/2026:14:08:34 +0000] "GET /wp-content/themes/revolver/assets/js/modules/plugins/jquery.waitforimages.js?ver=6.9.1 HTTP/2" 200 1570 "https://www.sunsetbarbers.ae/services/" "Mozilla/5.0 (iPhone; CPU iPhone OS 18_7 like Mac OS X) AppleWebKit/605.1.15 (KHTML, like Gecko) Version/26.5.2 Mobile/15E148 Safari/604.1"
91.73.29.58 - - [21/Jul/2026:14:08:34 +0000] "GET /wp-content/themes/revolver/assets/js/modules/plugins/jquery.easing.1.3.js?ver=6.9.1 HTTP/2" 200 1800 "https://www.sunsetbarbers.ae/services/" "Mozilla/5.0 (iPhone; CPU iPhone OS 18_7 like Mac OS X) AppleWebKit/605.1.15 (KHTML, like Gecko) Version/26.5.2 Mobile/15E148 Safari/604.1"
91.73.29.58 - - [21/Jul/2026:14:08:34 +0000] "GET /wp-content/cache/speedycache/www.sunsetbarbers.ae/assets/e544722a785d621a-bootstrapCarousel.js HTTP/2" 200 2013 "https://www.sunsetbarbers.ae/services/" "Mozilla/5.0 (iPhone; CPU iPhone OS 18_7 like Mac OS X) AppleWebKit/605.1.15 (KHTML, like Gecko) Version/26.5.2 Mobile/15E148 Safari/604.1"
91.73.29.58 - - [21/Jul/2026:14:08:34 +0000] "GET /wp-content/themes/revolver/assets/js/modules/plugins/jquery.touchSwipe.min.js?ver=6.9.1 HTTP/2" 200 3853 "https://www.sunsetbarbers.ae/services/" "Mozilla/5.0 (iPhone; CPU iPhone OS 18_7 like Mac OS X) AppleWebKit/605.1.15 (KHTML, like Gecko) Version/26.5.2 Mobile/15E148 Safari/604.1"
91.73.29.58 - - [21/Jul/2026:14:08:34 +0000] "GET /wp-content/themes/revolver/assets/js/modules/plugins/jquery.multiscroll.min.js?ver=6.9.1 HTTP/2" 200 3402 "https://www.sunsetbarbers.ae/services/" "Mozilla/5.0 (iPhone; CPU iPhone OS 18_7 like Mac OS X) AppleWebKit/605.1.15 (KHTML, like Gecko) Version/26.5.2 Mobile/15E148 Safari/604.1"
91.73.29.58 - - [21/Jul/2026:14:08:34 +0000] "GET /wp-content/cache/speedycache/www.sunsetbarbers.ae/assets/98b10cfa8000c5e9-typed.js HTTP/2" 200 1538 "https://www.sunsetbarbers.ae/services/" "Mozilla/5.0 (iPhone; CPU iPhone OS 18_7 like Mac OS X) AppleWebKit/605.1.15 (KHTML, like Gecko) Version/26.5.2 Mobile/15E148 Safari/604.1"
91.73.29.58 - - [21/Jul/2026:14:08:34 +0000] "GET /wp-content/themes/revolver/assets/js/blog.min.js?ver=6.9.1 HTTP/2" 200 1463 "https://www.sunsetbarbers.ae/services/" "Mozilla/5.0 (iPhone; CPU iPhone OS 18_7 like Mac OS X) AppleWebKit/605.1.15 (KHTML, like Gecko) Version/26.5.2 Mobile/15E148 Safari/604.1"
91.73.29.58 - - [21/Jul/2026:14:08:34 +0000] "GET /wp-content/cache/speedycache/www.sunsetbarbers.ae/assets/ee19705f114b6a38-like.js HTTP/2" 200 470 "https://www.sunsetbarbers.ae/services/" "Mozilla/5.0 (iPhone; CPU iPhone OS 18_7 like Mac OS X) AppleWebKit/605.1.15 (KHTML, like Gecko) Version/26.5.2 Mobile/15E148 Safari/604.1"
91.73.29.58 - - [21/Jul/2026:14:08:34 +0000] "GET /wp-content/cache/speedycache/www.sunsetbarbers.ae/assets/af5f2224f9be1662-googlesitekit-events-provider-contact-form-7-40476021fb6e59177033.js HTTP/2" 200 1630 "https://www.sunsetbarbers.ae/services/" "Mozilla/5.0 (iPhone; CPU iPhone OS 18_7 like Mac OS X) AppleWebKit/605.1.15 (KHTML, like Gecko) Version/26.5.2 Mobile/15E148 Safari/604.1"
91.73.29.58 - - [21/Jul/2026:14:08:34 +0000] "GET /wp-includes/js/mediaelement/mediaelement-and-player.min.js?ver=4.2.17 HTTP/2" 200 36433 "https://www.sunsetbarbers.ae/services/" "Mozilla/5.0 (iPhone; CPU iPhone OS 18_7 like Mac OS X) AppleWebKit/605.1.15 (KHTML, like Gecko) Version/26.5.2 Mobile/15E148 Safari/604.1"
91.73.29.58 - - [21/Jul/2026:14:08:34 +0000] "GET /wp-content/cache/speedycache/www.sunsetbarbers.ae/assets/f6917787a87c6fba-modernizr.custom.85257.js HTTP/2" 200 5430 "https://www.sunsetbarbers.ae/services/" "Mozilla/5.0 (iPhone; CPU iPhone OS 18_7 like Mac OS X) AppleWebKit/605.1.15 (KHTML, like Gecko) Version/26.5.2 Mobile/15E148 Safari/604.1"
91.73.29.58 - - [21/Jul/2026:14:08:34 +0000] "GET /wp-content/themes/revolver/assets/js/modules/plugins/jquery.countdown.min.js?ver=6.9.1 HTTP/2" 200 4287 "https://www.sunsetbarbers.ae/services/" "Mozilla/5.0 (iPhone; CPU iPhone OS 18_7 like Mac OS X) AppleWebKit/605.1.15 (KHTML, like Gecko) Version/26.5.2 Mobile/15E148 Safari/604.1"
91.73.29.58 - - [21/Jul/2026:14:08:34 +0000] "GET /wp-content/themes/revolver/assets/js/modules/plugins/Chart.min.js?ver=6.9.1 HTTP/2" 200 11446 "https://www.sunsetbarbers.ae/services/" "Mozilla/5.0 (iPhone; CPU iPhone OS 18_7 like Mac OS X) AppleWebKit/605.1.15 (KHTML, like Gecko) Version/26.5.2 Mobile/15E148 Safari/604.1"
91.73.29.58 - - [21/Jul/2026:14:08:34 +0000] "GET /wp-content/plugins/js_composer/assets/lib/prettyphoto/js/jquery.prettyPhoto.min.js?ver=7.6 HTTP/2" 200 5761 "https://www.sunsetbarbers.ae/services/" "Mozilla/5.0 (iPhone; CPU iPhone OS 18_7 like Mac OS X) AppleWebKit/605.1.15 (KHTML, like Gecko) Version/26.5.2 Mobile/15E148 Safari/604.1"
91.73.29.58 - - [21/Jul/2026:14:08:34 +0000] "GET /wp-content/themes/revolver/assets/js/modules/plugins/jquery.nicescroll.min.js?ver=6.9.1 HTTP/2" 200 16158 "https://www.sunsetbarbers.ae/services/" "Mozilla/5.0 (iPhone; CPU iPhone OS 18_7 like Mac OS X) AppleWebKit/605.1.15 (KHTML, like Gecko) Version/26.5.2 Mobile/15E148 Safari/604.1"
91.73.29.58 - - [21/Jul/2026:14:08:34 +0000] "GET /wp-content/themes/revolver/assets/js/modules/plugins/TweenLite.min.js?ver=6.9.1 HTTP/2" 200 8541 "https://www.sunsetbarbers.ae/services/" "Mozilla/5.0 (iPhone; CPU iPhone OS 18_7 like Mac OS X) AppleWebKit/605.1.15 (KHTML, like Gecko) Version/26.5.2 Mobile/15E148 Safari/604.1"
91.73.29.58 - - [21/Jul/2026:14:08:34 +0000] "GET /wp-content/themes/revolver/assets/js/modules/plugins/jquery.mixitup.min.js?ver=6.9.1 HTTP/2" 200 7890 "https://www.sunsetbarbers.ae/services/" "Mozilla/5.0 (iPhone; CPU iPhone OS 18_7 like Mac OS X) AppleWebKit/605.1.15 (KHTML, like Gecko) Version/26.5.2 Mobile/15E148 Safari/604.1"
91.73.29.58 - - [21/Jul/2026:14:08:34 +0000] "GET /wp-content/cache/speedycache/www.sunsetbarbers.ae/assets/339a6dcfc19c0005-skrollr.js HTTP/2" 200 6351 "https://www.sunsetbarbers.ae/services/" "Mozilla/5.0 (iPhone; CPU iPhone OS 18_7 like Mac OS X) AppleWebKit/605.1.15 (KHTML, like Gecko) Version/26.5.2 Mobile/15E148 Safari/604.1"
91.73.29.58 - - [21/Jul/2026:14:08:34 +0000] "GET /wp-content/themes/revolver/assets/js/modules/plugins/slick.min.js?ver=6.9.1 HTTP/2" 200 9697 "https://www.sunsetbarbers.ae/services/" "Mozilla/5.0 (iPhone; CPU iPhone OS 18_7 like Mac OS X) AppleWebKit/605.1.15 (KHTML, like Gecko) Version/26.5.2 Mobile/15E148 Safari/604.1"
91.73.29.58 - - [21/Jul/2026:14:08:34 +0000] "GET /wp-content/plugins/js_composer/assets/lib/bower/isotope/dist/isotope.pkgd.min.js?ver=7.6 HTTP/2" 200 9727 "https://www.sunsetbarbers.ae/services/" "Mozilla/5.0 (iPhone; CPU iPhone OS 18_7 like Mac OS X) AppleWebKit/605.1.15 (KHTML, like Gecko) Version/26.5.2 Mobile/15E148 Safari/604.1"
91.73.29.58 - - [21/Jul/2026:14:08:34 +0000] "GET /wp-content/plugins/js_composer/assets/js/dist/js_composer_front.min.js?ver=7.6 HTTP/2" 200 5490 "https://www.sunsetbarbers.ae/services/" "Mozilla/5.0 (iPhone; CPU iPhone OS 18_7 like Mac OS X) AppleWebKit/605.1.15 (KHTML, like Gecko) Version/26.5.2 Mobile/15E148 Safari/604.1"
91.73.29.58 - - [21/Jul/2026:14:08:34 +0000] "GET /wp-content/themes/revolver/assets/js/modules/plugins/select2.min.js?ver=6.9.1 HTTP/2" 200 18407 "https://www.sunsetbarbers.ae/services/" "Mozilla/5.0 (iPhone; CPU iPhone OS 18_7 like Mac OS X) AppleWebKit/605.1.15 (KHTML, like Gecko) Version/26.5.2 Mobile/15E148 Safari/604.1"
91.73.29.58 - - [21/Jul/2026:14:08:34 +0000] "GET /wp-content/themes/revolver/assets/js/modules.min.js?ver=6.9.1 HTTP/2" 200 21530 "https://www.sunsetbarbers.ae/services/" "Mozilla/5.0 (iPhone; CPU iPhone OS 18_7 like Mac OS X) AppleWebKit/605.1.15 (KHTML, like Gecko) Version/26.5.2 Mobile/15E148 Safari/604.1"
91.73.29.58 - - [21/Jul/2026:14:08:34 +0000] "GET /wp-content/cache/speedycache/www.sunsetbarbers.ae/fonts/afa87fcfee8981f92baf1637ed2beb5f/memtYaGs126MiZpBA-UFUIcVXSCEkx2cmqvXlWqWuU6FxZCJgg.woff2 HTTP/2" 200 45072 "https://www.sunsetbarbers.ae/services/" "Mozilla/5.0 (iPhone; CPU iPhone OS 18_7 like Mac OS X) AppleWebKit/605.1.15 (KHTML, like Gecko) Version/26.5.2 Mobile/15E148 Safari/604.1"
91.73.29.58 - - [21/Jul/2026:14:08:34 +0000] "GET /wp-content/cache/speedycache/www.sunsetbarbers.ae/fonts/afa87fcfee8981f92baf1637ed2beb5f/memvYaGs126MiZpBA-UvWbX2vVnXBbObj2OVTS-mu0SC55I.woff2 HTTP/2" 200 42964 "https://www.sunsetbarbers.ae/services/" "Mozilla/5.0 (iPhone; CPU iPhone OS 18_7 like Mac OS X) AppleWebKit/605.1.15 (KHTML, like Gecko) Version/26.5.2 Mobile/15E148 Safari/604.1"
91.73.29.58 - - [21/Jul/2026:14:08:34 +0000] "GET /wp-content/cache/speedycache/www.sunsetbarbers.ae/fonts/afa87fcfee8981f92baf1637ed2beb5f/TK3iWkUHHAIjg752GT8Gl-1PKw.woff2 HTTP/2" 200 28456 "https://www.sunsetbarbers.ae/services/" "Mozilla/5.0 (iPhone; CPU iPhone OS 18_7 like Mac OS X) AppleWebKit/605.1.15 (KHTML, like Gecko) Version/26.5.2 Mobile/15E148 Safari/604.1"
91.73.29.58 - - [21/Jul/2026:14:08:34 +0000] "GET /wp-content/themes/revolver/assets/css/elegant-icons/fonts/ElegantIcons.woff HTTP/2" 200 63664 "https://www.sunsetbarbers.ae/services/" "Mozilla/5.0 (iPhone; CPU iPhone OS 18_7 like Mac OS X) AppleWebKit/605.1.15 (KHTML, like Gecko) Version/26.5.2 Mobile/15E148 Safari/604.1"
91.73.29.58 - - [21/Jul/2026:14:08:34 +0000] "GET /wp-content/cache/speedycache/www.sunsetbarbers.ae/fonts/afa87fcfee8981f92baf1637ed2beb5f/kmKhZrc3Hgbbcjq75U4uslyuy4kn0qNcWxEQDO-Wyrs.woff2 HTTP/2" 200 31336 "https://www.sunsetbarbers.ae/services/" "Mozilla/5.0 (iPhone; CPU iPhone OS 18_7 like Mac OS X) AppleWebKit/605.1.15 (KHTML, like Gecko) Version/26.5.2 Mobile/15E148 Safari/604.1"
91.73.29.58 - - [21/Jul/2026:14:08:34 +0000] "GET /wp-content/themes/revolver/assets/css/font-awesome/webfonts/fa-solid-900.woff2 HTTP/2" 200 156400 "https://www.sunsetbarbers.ae/services/" "Mozilla/5.0 (iPhone; CPU iPhone OS 18_7 like Mac OS X) AppleWebKit/605.1.15 (KHTML, like Gecko) Version/26.5.2 Mobile/15E148 Safari/604.1"
91.73.29.58 - - [21/Jul/2026:14:08:34 +0000] "GET /wp-content/themes/revolver/assets/css/ion-icons/fonts/ionicons.ttf?v=2.0.0 HTTP/2" 200 104627 "https://www.sunsetbarbers.ae/services/" "Mozilla/5.0 (iPhone; CPU iPhone OS 18_7 like Mac OS X) AppleWebKit/605.1.15 (KHTML, like Gecko) Version/26.5.2 Mobile/15E148 Safari/604.1"
91.73.29.58 - - [21/Jul/2026:14:08:34 +0000] "GET /wp-includes/js/wp-emoji-release.min.js?ver=6.9.1 HTTP/2" 200 4949 "https://www.sunsetbarbers.ae/services/" "Mozilla/5.0 (iPhone; CPU iPhone OS 18_7 like Mac OS X) AppleWebKit/605.1.15 (KHTML, like Gecko) Version/26.5.2 Mobile/15E148 Safari/604.1"
198.38.94.67 - - [21/Jul/2026:14:08:35 +0000] "POST /wp-cron.php?doing_wp_cron=1784642915.2974059581756591796875 HTTP/1.1" 200 0 "-" "WordPress/6.9.1; https://www.sunsetbarbers.ae"
91.73.29.58 - - [21/Jul/2026:14:08:35 +0000] "GET /wp/wp-content/uploads/2025/09/sunset-barbers.png HTTP/2" 301 0 "https://www.sunsetbarbers.ae/" "Mozilla/5.0 (iPhone; CPU iPhone OS 18_7 like Mac OS X) AppleWebKit/605.1.15 (KHTML, like Gecko) Version/26.5.2 Mobile/15E148 Safari/604.1"
57.141.0.61 - - [21/Jul/2026:14:08:35 +0000] "GET /products/27680276 HTTP/2" 301 0 "-" "Mozilla/5.0 (Macintosh; Intel Mac OS X 10_15_7) AppleWebKit/537.36 (KHTML, like Gecko) Chrome/145.0.0.0 Safari/537.36 (compatible; meta-externalagent/1.1 (+https://developers.facebook.com/docs/sharing/webmasters/crawler))"
91.73.29.58 - - [21/Jul/2026:14:08:35 +0000] "GET /wp/wp-content/uploads/2025/09/sunset-barbers.png HTTP/2" 404 18370 "https://www.sunsetbarbers.ae/" "Mozilla/5.0 (iPhone; CPU iPhone OS 18_7 like Mac OS X) AppleWebKit/605.1.15 (KHTML, like Gecko) Version/26.5.2 Mobile/15E148 Safari/604.1"
100.48.47.151 - - [21/Jul/2026:14:08:35 +0000] "GET /wp/wp-content/uploads/2025/09/sunset-barbers.png HTTP/1.1" 301 0 "-" "Optimole(1.0)"
198.38.94.67 - - [21/Jul/2026:14:08:35 +0000] "GET /?p=3241 HTTP/1.1" 404 20730 "-" "Mozilla/5.0 (Windows NT 10.0; Win64; x64) AppleWebKit/537.36 (KHTML, like Gecko) Chrome/114.0.0.0 Safari/537.36"
198.38.94.67 - - [21/Jul/2026:14:08:35 +0000] "GET /?p=3241 HTTP/1.1" 404 20727 "-" "Mozilla/5.0 (iPhone; CPU iPhone OS 16_5 like Mac OS X) AppleWebKit/605.1.15 (KHTML, like Gecko) CriOS/114.0.5735.99 Mobile/15E148 Safari/604.1"
100.48.47.151 - - [21/Jul/2026:14:08:36 +0000] "GET /wp/wp-content/uploads/2025/09/sunset-barbers.png HTTP/1.1" 404 18399 "-" "Optimole(1.0)"
57.141.0.18 - - [21/Jul/2026:14:08:39 +0000] "GET /products/25795910 HTTP/2" 301 0 "-" "Mozilla/5.0 (Windows NT 10.0; Win64; x64) AppleWebKit/537.36 (KHTML, like Gecko) Chrome/145.0.0.0 Safari/537.36 (compatible; meta-externalagent/1.1 (+https://developers.facebook.com/docs/sharing/webmasters/crawler))"
198.244.226.153 - - [21/Jul/2026:14:08:42 +0000] "GET /shop/spinulation/revolver30176297450.html HTTP/2" 301 0 "-" "Mozilla/5.0 (compatible; AhrefsBot/7.0; +http://ahrefs.com/robot/)"
57.141.0.39 - - [21/Jul/2026:14:08:44 +0000] "GET /products/11742921 HTTP/2" 301 0 "-" "Mozilla/5.0 (Macintosh; Intel Mac OS X 10_15_7) AppleWebKit/537.36 (KHTML, like Gecko) Chrome/145.0.0.0 Safari/537.36 (compatible; meta-externalagent/1.1 (+https://developers.facebook.com/docs/sharing/webmasters/crawler))"
57.141.0.20 - - [21/Jul/2026:14:08:50 +0000] "GET /products/24151409 HTTP/2" 301 0 "-" "Mozilla/5.0 (Macintosh; Intel Mac OS X 10_15_7) AppleWebKit/537.36 (KHTML, like Gecko) Chrome/145.0.0.0 Safari/537.36 (compatible; meta-externalagent/1.1 (+https://developers.facebook.com/docs/sharing/webmasters/crawler))"
57.141.0.60 - - [21/Jul/2026:14:08:51 +0000] "GET /products/28404487 HTTP/2" 301 0 "-" "Mozilla/5.0 (Windows NT 10.0; Win64; x64) AppleWebKit/537.36 (KHTML, like Gecko) Chrome/145.0.0.0 Safari/537.36 (compatible; meta-externalagent/1.1 (+https://developers.facebook.com/docs/sharing/webmasters/crawler))"
57.141.0.52 - - [21/Jul/2026:14:08:54 +0000] "GET /products/30474976 HTTP/2" 301 0 "-" "Mozilla/5.0 (Macintosh; Intel Mac OS X 10_15_7) AppleWebKit/537.36 (KHTML, like Gecko) Chrome/145.0.0.0 Safari/537.36 (compatible; meta-externalagent/1.1 (+https://developers.facebook.com/docs/sharing/webmasters/crawler))"
198.38.94.67 - - [21/Jul/2026:14:08:59 +0000] "POST /wp-cron.php?doing_wp_cron=1784642939.7525680065155029296875 HTTP/1.1" 200 0 "-" "WordPress/6.9.1; https://www.sunsetbarbers.ae"
57.141.0.27 - - [21/Jul/2026:14:08:59 +0000] "GET /products/18144809 HTTP/2" 301 0 "-" "Mozilla/5.0 (Windows NT 10.0; Win64; x64) AppleWebKit/537.36 (KHTML, like Gecko) Chrome/145.0.0.0 Safari/537.36 (compatible; meta-externalagent/1.1 (+https://developers.facebook.com/docs/sharing/webmasters/crawler))"
57.141.0.36 - - [21/Jul/2026:14:09:16 +0000] "GET /products/24957665 HTTP/2" 301 0 "-" "Mozilla/5.0 (Windows NT 10.0; Win64; x64) AppleWebKit/537.36 (KHTML, like Gecko) Chrome/145.0.0.0 Safari/537.36 (compatible; meta-externalagent/1.1 (+https://developers.facebook.com/docs/sharing/webmasters/crawler))"
51.89.129.134 - - [21/Jul/2026:14:09:17 +0000] "GET /shop/wusp/hetericist9218213839.html HTTP/2" 301 0 "-" "Mozilla/5.0 (compatible; AhrefsBot/7.0; +http://ahrefs.com/robot/)"
198.38.94.67 - - [21/Jul/2026:14:09:20 +0000] "POST /wp-cron.php?doing_wp_cron=1784642960.3110289573669433593750 HTTP/1.1" 200 0 "-" "WordPress/6.9.1; https://www.sunsetbarbers.ae"
57.141.0.54 - - [21/Jul/2026:14:09:20 +0000] "GET /products/29083910 HTTP/2" 301 0 "-" "Mozilla/5.0 (Windows NT 10.0; Win64; x64) AppleWebKit/537.36 (KHTML, like Gecko) Chrome/145.0.0.0 Safari/537.36 (compatible; meta-externalagent/1.1 (+https://developers.facebook.com/docs/sharing/webmasters/crawler))"
57.141.0.31 - - [21/Jul/2026:14:09:23 +0000] "GET /products/25275032 HTTP/2" 301 0 "-" "Mozilla/5.0 (Windows NT 10.0; Win64; x64) AppleWebKit/537.36 (KHTML, like Gecko) Chrome/145.0.0.0 Safari/537.36 Edg/145.0.0.0 (compatible; meta-externalagent/1.1 (+https://developers.facebook.com/docs/sharing/webmasters/crawler))"
57.141.0.28 - - [21/Jul/2026:14:09:24 +0000] "GET /products/14350376 HTTP/2" 301 0 "-" "Mozilla/5.0 (Windows NT 10.0; Win64; x64) AppleWebKit/537.36 (KHTML, like Gecko) Chrome/145.0.0.0 Safari/537.36 (compatible; meta-externalagent/1.1 (+https://developers.facebook.com/docs/sharing/webmasters/crawler))"
57.141.0.69 - - [21/Jul/2026:14:09:37 +0000] "GET /products/14781632 HTTP/2" 301 0 "-" "Mozilla/5.0 (Windows NT 10.0; Win64; x64) AppleWebKit/537.36 (KHTML, like Gecko) Chrome/145.0.0.0 Safari/537.36 Edg/145.0.0.0 (compatible; meta-externalagent/1.1 (+https://developers.facebook.com/docs/sharing/webmasters/crawler))"
57.141.0.3 - - [21/Jul/2026:14:09:42 +0000] "GET /sitemap166.xml HTTP/2" 301 0 "-" "Mozilla/5.0 (Windows NT 10.0; Win64; x64) AppleWebKit/537.36 (KHTML, like Gecko) Chrome/145.0.0.0 Safari/537.36 (compatible; meta-externalagent/1.1 (+https://developers.facebook.com/docs/sharing/webmasters/crawler))"
57.141.0.69 - - [21/Jul/2026:14:09:48 +0000] "GET /products/16702754 HTTP/2" 301 0 "-" "Mozilla/5.0 (X11; Linux x86_64) AppleWebKit/537.36 (KHTML, like Gecko) Chrome/145.0.0.0 Safari/537.36 (compatible; meta-externalagent/1.1 (+https://developers.facebook.com/docs/sharing/webmasters/crawler))"
57.141.0.67 - - [21/Jul/2026:14:09:58 +0000] "GET /products/2577509 HTTP/2" 301 0 "-" "Mozilla/5.0 (Windows NT 10.0; Win64; x64) AppleWebKit/537.36 (KHTML, like Gecko) Chrome/145.0.0.0 Safari/537.36 (compatible; meta-externalagent/1.1 (+https://developers.facebook.com/docs/sharing/webmasters/crawler))"
57.141.0.35 - - [21/Jul/2026:14:10:05 +0000] "GET /products/24542909 HTTP/2" 301 0 "-" "Mozilla/5.0 (Windows NT 10.0; Win64; x64) AppleWebKit/537.36 (KHTML, like Gecko) Chrome/145.0.0.0 Safari/537.36 (compatible; meta-externalagent/1.1 (+https://developers.facebook.com/docs/sharing/webmasters/crawler))"
198.244.168.109 - - [21/Jul/2026:14:10:15 +0000] "GET /shop/unexchangeable/busheled17628274978.html HTTP/2" 301 0 "-" "Mozilla/5.0 (compatible; AhrefsBot/7.0; +http://ahrefs.com/robot/)"
198.38.94.67 - - [21/Jul/2026:14:10:20 +0000] "POST /wp-cron.php?doing_wp_cron=1784643020.7774779796600341796875 HTTP/1.1" 200 0 "-" "WordPress/6.9.1; https://www.sunsetbarbers.ae"
57.141.0.32 - - [21/Jul/2026:14:10:20 +0000] "GET /products/18471998 HTTP/2" 301 0 "-" "Mozilla/5.0 (Macintosh; Intel Mac OS X 10_15_7) AppleWebKit/537.36 (KHTML, like Gecko) Chrome/145.0.0.0 Safari/537.36 (compatible; meta-externalagent/1.1 (+https://developers.facebook.com/docs/sharing/webmasters/crawler))"
57.141.0.26 - - [21/Jul/2026:14:10:21 +0000] "GET /products/15361276 HTTP/2" 301 0 "-" "Mozilla/5.0 (Windows NT 10.0; Win64; x64) AppleWebKit/537.36 (KHTML, like Gecko) Chrome/145.0.0.0 Safari/537.36 (compatible; meta-externalagent/1.1 (+https://developers.facebook.com/docs/sharing/webmasters/crawler))"
57.141.0.18 - - [21/Jul/2026:14:10:28 +0000] "GET /products/15739887 HTTP/2" 301 0 "-" "Mozilla/5.0 (Windows NT 10.0; Win64; x64) AppleWebKit/537.36 (KHTML, like Gecko) Chrome/145.0.0.0 Safari/537.36 (compatible; meta-externalagent/1.1 (+https://developers.facebook.com/docs/sharing/webmasters/crawler))"
198.244.240.155 - - [21/Jul/2026:14:10:50 +0000] "GET /shop/triphyllous/interlude1720171910.html HTTP/2" 301 0 "-" "Mozilla/5.0 (compatible; AhrefsBot/7.0; +http://ahrefs.com/robot/)"
57.141.0.31 - - [21/Jul/2026:14:10:52 +0000] "GET /products/20671343 HTTP/2" 301 0 "-" "Mozilla/5.0 (X11; Linux x86_64) AppleWebKit/537.36 (KHTML, like Gecko) Chrome/145.0.0.0 Safari/537.36 (compatible; meta-externalagent/1.1 (+https://developers.facebook.com/docs/sharing/webmasters/crawler))"
57.141.0.24 - - [21/Jul/2026:14:10:54 +0000] "GET /products/29872432 HTTP/2" 301 0 "-" "Mozilla/5.0 (X11; Linux x86_64) AppleWebKit/537.36 (KHTML, like Gecko) Chrome/145.0.0.0 Safari/537.36 (compatible; meta-externalagent/1.1 (+https://developers.facebook.com/docs/sharing/webmasters/crawler))"
57.141.0.13 - - [21/Jul/2026:14:10:54 +0000] "GET /products/28637321 HTTP/2" 301 0 "-" "Mozilla/5.0 (Windows NT 10.0; Win64; x64) AppleWebKit/537.36 (KHTML, like Gecko) Chrome/145.0.0.0 Safari/537.36 (compatible; meta-externalagent/1.1 (+https://developers.facebook.com/docs/sharing/webmasters/crawler))"
57.141.0.8 - - [21/Jul/2026:14:10:58 +0000] "GET /products/13090776 HTTP/2" 301 0 "-" "Mozilla/5.0 (Macintosh; Intel Mac OS X 10_15_7) AppleWebKit/537.36 (KHTML, like Gecko) Chrome/145.0.0.0 Safari/537.36 (compatible; meta-externalagent/1.1 (+https://developers.facebook.com/docs/sharing/webmasters/crawler))"
57.141.0.30 - - [21/Jul/2026:14:11:03 +0000] "GET /products/31105432 HTTP/2" 301 0 "-" "Mozilla/5.0 (Windows NT 10.0; Win64; x64) AppleWebKit/537.36 (KHTML, like Gecko) Chrome/145.0.0.0 Safari/537.36 (compatible; meta-externalagent/1.1 (+https://developers.facebook.com/docs/sharing/webmasters/crawler))"
57.141.0.69 - - [21/Jul/2026:14:11:08 +0000] "GET /products/2565354 HTTP/2" 301 0 "-" "Mozilla/5.0 (Macintosh; Intel Mac OS X 10_15_7) AppleWebKit/537.36 (KHTML, like Gecko) Chrome/145.0.0.0 Safari/537.36 (compatible; meta-externalagent/1.1 (+https://developers.facebook.com/docs/sharing/webmasters/crawler))"
198.38.94.67 - - [21/Jul/2026:14:11:19 +0000] "POST /wp-cron.php?doing_wp_cron=1784643079.7734589576721191406250 HTTP/1.1" 200 0 "-" "WordPress/6.9.1; https://www.sunsetbarbers.ae"
57.141.0.10 - - [21/Jul/2026:14:11:19 +0000] "GET /products/9112854 HTTP/2" 301 0 "-" "Mozilla/5.0 (Windows NT 10.0; Win64; x64) AppleWebKit/537.36 (KHTML, like Gecko) Chrome/145.0.0.0 Safari/537.36 (compatible; meta-externalagent/1.1 (+https://developers.facebook.com/docs/sharing/webmasters/crawler))"
57.141.0.15 - - [21/Jul/2026:14:11:23 +0000] "GET /products/23019521 HTTP/2" 301 0 "-" "Mozilla/5.0 (Windows NT 10.0; Win64; x64) AppleWebKit/537.36 (KHTML, like Gecko) Chrome/145.0.0.0 Safari/537.36 (compatible; meta-externalagent/1.1 (+https://developers.facebook.com/docs/sharing/webmasters/crawler))"
51.195.183.51 - - [21/Jul/2026:14:11:24 +0000] "GET /shop/scrutability/readept91207230694.html HTTP/2" 301 0 "-" "Mozilla/5.0 (compatible; AhrefsBot/7.0; +http://ahrefs.com/robot/)"
57.141.0.46 - - [21/Jul/2026:14:11:32 +0000] "GET /products/12858321 HTTP/2" 301 0 "-" "Mozilla/5.0 (Windows NT 10.0; Win64; x64) AppleWebKit/537.36 (KHTML, like Gecko) Chrome/145.0.0.0 Safari/537.36 (compatible; meta-externalagent/1.1 (+https://developers.facebook.com/docs/sharing/webmasters/crawler))"
57.141.0.12 - - [21/Jul/2026:14:11:49 +0000] "GET /products/1582921 HTTP/2" 301 0 "-" "Mozilla/5.0 (Windows NT 10.0; Win64; x64) AppleWebKit/537.36 (KHTML, like Gecko) Chrome/145.0.0.0 Safari/537.36 (compatible; meta-externalagent/1.1 (+https://developers.facebook.com/docs/sharing/webmasters/crawler))"
198.244.226.65 - - [21/Jul/2026:14:11:57 +0000] "GET /shop/scrummaging/antiochianism88249307249.html HTTP/2" 301 0 "-" "Mozilla/5.0 (compatible; AhrefsBot/7.0; +http://ahrefs.com/robot/)"
57.141.0.4 - - [21/Jul/2026:14:12:00 +0000] "GET /products/26551132 HTTP/2" 301 0 "-" "Mozilla/5.0 (Windows NT 10.0; Win64; x64) AppleWebKit/537.36 (KHTML, like Gecko) Chrome/145.0.0.0 Safari/537.36 (compatible; meta-externalagent/1.1 (+https://developers.facebook.com/docs/sharing/webmasters/crawler))"
198.38.94.67 - - [21/Jul/2026:14:12:30 +0000] "POST /wp-cron.php?doing_wp_cron=1784643150.1817350387573242187500 HTTP/1.1" 200 0 "-" "WordPress/6.9.1; https://www.sunsetbarbers.ae"
198.244.242.245 - - [21/Jul/2026:14:12:29 +0000] "GET /shop/overidentifying/capillariomotor17628265270.html HTTP/2" 301 0 "-" "Mozilla/5.0 (compatible; AhrefsBot/7.0; +http://ahrefs.com/robot/)"
57.141.0.47 - - [21/Jul/2026:14:12:40 +0000] "GET /products/25442909 HTTP/2" 301 0 "-" "Mozilla/5.0 (Windows NT 10.0; Win64; x64) AppleWebKit/537.36 (KHTML, like Gecko) Chrome/145.0.0.0 Safari/537.36 (compatible; meta-externalagent/1.1 (+https://developers.facebook.com/docs/sharing/webmasters/crawler))"
198.244.183.174 - - [21/Jul/2026:14:13:03 +0000] "GET /shop/outwept/tuberin79746220219.html HTTP/2" 301 0 "-" "Mozilla/5.0 (compatible; AhrefsBot/7.0; +http://ahrefs.com/robot/)"
57.141.0.8 - - [21/Jul/2026:14:13:08 +0000] "GET /products/26126998 HTTP/2" 301 0 "-" "Mozilla/5.0 (Windows NT 10.0; Win64; x64) AppleWebKit/537.36 (KHTML, like Gecko) Chrome/145.0.0.0 Safari/537.36 (compatible; meta-externalagent/1.1 (+https://developers.facebook.com/docs/sharing/webmasters/crawler))"
198.38.94.67 - - [21/Jul/2026:14:13:37 +0000] "POST /wp-cron.php?doing_wp_cron=1784643217.5278170108795166015625 HTTP/1.1" 200 0 "-" "WordPress/6.9.1; https://www.sunsetbarbers.ae"
51.195.183.145 - - [21/Jul/2026:14:13:37 +0000] "GET /shop/lithographer/bakerless17628294959.html HTTP/2" 301 0 "-" "Mozilla/5.0 (compatible; AhrefsBot/7.0; +http://ahrefs.com/robot/)"
