180.190.199.227 - - [21/Jul/2026:15:52:26 +0000] "GET /wp-content/themes/revolver/assets/css/modules-responsive.min.css?ver=6.9.1 HTTP/2" 200 4723 "https://www.sunsetbarbers.ae/" "Mozilla/5.0 (Windows NT 10.0; Win64; x64) AppleWebKit/537.36 (KHTML, like Gecko) Chrome/150.0.0.0 Safari/537.36"
180.190.199.227 - - [21/Jul/2026:15:52:26 +0000] "GET /wp-content/plugins/js_composer/assets/css/js_composer.min.css?ver=7.6 HTTP/2" 200 40965 "https://www.sunsetbarbers.ae/" "Mozilla/5.0 (Windows NT 10.0; Win64; x64) AppleWebKit/537.36 (KHTML, like Gecko) Chrome/150.0.0.0 Safari/537.36"
180.190.199.227 - - [21/Jul/2026:15:52:26 +0000] "GET /wp-content/plugins/revslider/sr6/assets/css/rs6.css?ver=6.7.11 HTTP/2" 200 11961 "https://www.sunsetbarbers.ae/" "Mozilla/5.0 (Windows NT 10.0; Win64; x64) AppleWebKit/537.36 (KHTML, like Gecko) Chrome/150.0.0.0 Safari/537.36"
180.190.199.227 - - [21/Jul/2026:15:52:26 +0000] "GET /wp-includes/js/jquery/jquery-migrate.min.js?ver=3.4.1 HTTP/2" 200 4678 "https://www.sunsetbarbers.ae/" "Mozilla/5.0 (Windows NT 10.0; Win64; x64) AppleWebKit/537.36 (KHTML, like Gecko) Chrome/150.0.0.0 Safari/537.36"
180.190.199.227 - - [21/Jul/2026:15:52:26 +0000] "GET /wp-includes/js/jquery/jquery.min.js?ver=3.7.1 HTTP/2" 200 29744 "https://www.sunsetbarbers.ae/" "Mozilla/5.0 (Windows NT 10.0; Win64; x64) AppleWebKit/537.36 (KHTML, like Gecko) Chrome/150.0.0.0 Safari/537.36"
180.190.199.227 - - [21/Jul/2026:15:52:26 +0000] "GET /wp-includes/js/dist/hooks.min.js?ver=dd5603f07f9220ed27f1 HTTP/2" 200 1852 "https://www.sunsetbarbers.ae/" "Mozilla/5.0 (Windows NT 10.0; Win64; x64) AppleWebKit/537.36 (KHTML, like Gecko) Chrome/150.0.0.0 Safari/537.36"
180.190.199.227 - - [21/Jul/2026:15:52:26 +0000] "GET /wp-includes/js/dist/i18n.min.js?ver=c26c3dc7bed366793375 HTTP/2" 200 2119 "https://www.sunsetbarbers.ae/" "Mozilla/5.0 (Windows NT 10.0; Win64; x64) AppleWebKit/537.36 (KHTML, like Gecko) Chrome/150.0.0.0 Safari/537.36"
180.190.199.227 - - [21/Jul/2026:15:52:26 +0000] "GET /wp-content/cache/speedycache/www.sunsetbarbers.ae/assets/96e7dc3f0e8559e4-index.js HTTP/2" 200 3369 "https://www.sunsetbarbers.ae/" "Mozilla/5.0 (Windows NT 10.0; Win64; x64) AppleWebKit/537.36 (KHTML, like Gecko) Chrome/150.0.0.0 Safari/537.36"
180.190.199.227 - - [21/Jul/2026:15:52:26 +0000] "GET /wp-content/cache/speedycache/www.sunsetbarbers.ae/assets/2912c657d0592cc5-index.js HTTP/2" 200 4007 "https://www.sunsetbarbers.ae/" "Mozilla/5.0 (Windows NT 10.0; Win64; x64) AppleWebKit/537.36 (KHTML, like Gecko) Chrome/150.0.0.0 Safari/537.36"
180.190.199.227 - - [21/Jul/2026:15:52:26 +0000] "GET /wp-includes/js/jquery/ui/tabs.min.js?ver=1.13.3 HTTP/2" 200 3794 "https://www.sunsetbarbers.ae/" "Mozilla/5.0 (Windows NT 10.0; Win64; x64) AppleWebKit/537.36 (KHTML, like Gecko) Chrome/150.0.0.0 Safari/537.36"
180.190.199.227 - - [21/Jul/2026:15:52:26 +0000] "GET /wp-includes/js/jquery/ui/accordion.min.js?ver=1.13.3 HTTP/2" 200 2669 "https://www.sunsetbarbers.ae/" "Mozilla/5.0 (Windows NT 10.0; Win64; x64) AppleWebKit/537.36 (KHTML, like Gecko) Chrome/150.0.0.0 Safari/537.36"
180.190.199.227 - - [21/Jul/2026:15:52:26 +0000] "GET /wp-includes/js/jquery/ui/core.min.js?ver=1.13.3 HTTP/2" 200 6812 "https://www.sunsetbarbers.ae/" "Mozilla/5.0 (Windows NT 10.0; Win64; x64) AppleWebKit/537.36 (KHTML, like Gecko) Chrome/150.0.0.0 Safari/537.36"
180.190.199.227 - - [21/Jul/2026:15:52:26 +0000] "GET /wp-includes/js/mediaelement/mediaelement-and-player.min.js?ver=4.2.17 HTTP/2" 200 36433 "https://www.sunsetbarbers.ae/" "Mozilla/5.0 (Windows NT 10.0; Win64; x64) AppleWebKit/537.36 (KHTML, like Gecko) Chrome/150.0.0.0 Safari/537.36"
180.190.199.227 - - [21/Jul/2026:15:52:26 +0000] "GET /wp-content/themes/revolver/assets/css/ion-icons/fonts/ionicons.ttf?v=2.0.0 HTTP/2" 200 104627 "https://www.sunsetbarbers.ae/wp-content/themes/revolver/assets/css/ion-icons/css/ionicons.min.css?ver=6.9.1" "Mozilla/5.0 (Windows NT 10.0; Win64; x64) AppleWebKit/537.36 (KHTML, like Gecko) Chrome/150.0.0.0 Safari/537.36"
180.190.199.227 - - [21/Jul/2026:15:52:26 +0000] "GET /wp-content/cache/speedycache/www.sunsetbarbers.ae/fonts/afa87fcfee8981f92baf1637ed2beb5f/memvYaGs126MiZpBA-UvWbX2vVnXBbObj2OVTS-mu0SC55I.woff2 HTTP/2" 200 42964 "https://www.sunsetbarbers.ae/wp-content/cache/speedycache/www.sunsetbarbers.ae/fonts/afa87fcfee8981f92baf1637ed2beb5f/afa87fcfee8981f92baf1637ed2beb5f.css" "Mozilla/5.0 (Windows NT 10.0; Win64; x64) AppleWebKit/537.36 (KHTML, like Gecko) Chrome/150.0.0.0 Safari/537.36"
180.190.199.227 - - [21/Jul/2026:15:52:26 +0000] "GET /wp-content/cache/speedycache/www.sunsetbarbers.ae/fonts/afa87fcfee8981f92baf1637ed2beb5f/memtYaGs126MiZpBA-UFUIcVXSCEkx2cmqvXlWqWuU6FxZCJgg.woff2 HTTP/2" 200 45072 "https://www.sunsetbarbers.ae/wp-content/cache/speedycache/www.sunsetbarbers.ae/fonts/afa87fcfee8981f92baf1637ed2beb5f/afa87fcfee8981f92baf1637ed2beb5f.css" "Mozilla/5.0 (Windows NT 10.0; Win64; x64) AppleWebKit/537.36 (KHTML, like Gecko) Chrome/150.0.0.0 Safari/537.36"
180.190.199.227 - - [21/Jul/2026:15:52:26 +0000] "GET /wp-content/cache/speedycache/www.sunsetbarbers.ae/fonts/afa87fcfee8981f92baf1637ed2beb5f/TK3iWkUHHAIjg752GT8Gl-1PKw.woff2 HTTP/2" 200 28456 "https://www.sunsetbarbers.ae/wp-content/cache/speedycache/www.sunsetbarbers.ae/fonts/afa87fcfee8981f92baf1637ed2beb5f/afa87fcfee8981f92baf1637ed2beb5f.css" "Mozilla/5.0 (Windows NT 10.0; Win64; x64) AppleWebKit/537.36 (KHTML, like Gecko) Chrome/150.0.0.0 Safari/537.36"
180.190.199.227 - - [21/Jul/2026:15:52:26 +0000] "GET /wp-content/themes/revolver/assets/css/elegant-icons/fonts/ElegantIcons.woff HTTP/2" 200 63664 "https://www.sunsetbarbers.ae/wp-content/themes/revolver/assets/css/elegant-icons/style.min.css?ver=6.9.1" "Mozilla/5.0 (Windows NT 10.0; Win64; x64) AppleWebKit/537.36 (KHTML, like Gecko) Chrome/150.0.0.0 Safari/537.36"
180.190.199.227 - - [21/Jul/2026:15:52:26 +0000] "GET /wp/wp-content/uploads/2025/09/sunset-barbers.png HTTP/2" 301 0 "https://www.sunsetbarbers.ae/" "Mozilla/5.0 (Windows NT 10.0; Win64; x64) AppleWebKit/537.36 (KHTML, like Gecko) Chrome/150.0.0.0 Safari/537.36"
180.190.199.227 - - [21/Jul/2026:15:52:27 +0000] "GET /wp-content/cache/speedycache/www.sunsetbarbers.ae/fonts/afa87fcfee8981f92baf1637ed2beb5f/kmKhZrc3Hgbbcjq75U4uslyuy4kn0qNcWxEQDO-Wyrs.woff2 HTTP/2" 200 31336 "https://www.sunsetbarbers.ae/wp-content/cache/speedycache/www.sunsetbarbers.ae/fonts/afa87fcfee8981f92baf1637ed2beb5f/afa87fcfee8981f92baf1637ed2beb5f.css" "Mozilla/5.0 (Windows NT 10.0; Win64; x64) AppleWebKit/537.36 (KHTML, like Gecko) Chrome/150.0.0.0 Safari/537.36"
180.190.199.227 - - [21/Jul/2026:15:52:27 +0000] "GET /wp-includes/js/mediaelement/mediaelement-migrate.min.js?ver=6.9.1 HTTP/2" 200 479 "https://www.sunsetbarbers.ae/" "Mozilla/5.0 (Windows NT 10.0; Win64; x64) AppleWebKit/537.36 (KHTML, like Gecko) Chrome/150.0.0.0 Safari/537.36"
180.190.199.227 - - [21/Jul/2026:15:52:27 +0000] "GET /wp-includes/js/mediaelement/wp-mediaelement.min.js?ver=6.9.1 HTTP/2" 200 453 "https://www.sunsetbarbers.ae/" "Mozilla/5.0 (Windows NT 10.0; Win64; x64) AppleWebKit/537.36 (KHTML, like Gecko) Chrome/150.0.0.0 Safari/537.36"
180.190.199.227 - - [21/Jul/2026:15:52:27 +0000] "GET /wp-content/themes/revolver/assets/js/modules/plugins/jquery.appear.js?ver=6.9.1 HTTP/2" 200 1226 "https://www.sunsetbarbers.ae/" "Mozilla/5.0 (Windows NT 10.0; Win64; x64) AppleWebKit/537.36 (KHTML, like Gecko) Chrome/150.0.0.0 Safari/537.36"
180.190.199.227 - - [21/Jul/2026:15:52:27 +0000] "GET /wp-content/cache/speedycache/www.sunsetbarbers.ae/assets/f6917787a87c6fba-modernizr.custom.85257.js HTTP/2" 200 5430 "https://www.sunsetbarbers.ae/" "Mozilla/5.0 (Windows NT 10.0; Win64; x64) AppleWebKit/537.36 (KHTML, like Gecko) Chrome/150.0.0.0 Safari/537.36"
180.190.199.227 - - [21/Jul/2026:15:52:27 +0000] "GET /wp-includes/js/hoverIntent.min.js?ver=1.10.2 HTTP/2" 200 668 "https://www.sunsetbarbers.ae/" "Mozilla/5.0 (Windows NT 10.0; Win64; x64) AppleWebKit/537.36 (KHTML, like Gecko) Chrome/150.0.0.0 Safari/537.36"
180.190.199.227 - - [21/Jul/2026:15:52:27 +0000] "GET /wp-content/themes/revolver/assets/js/modules/plugins/jquery.plugin.js?ver=6.9.1 HTTP/2" 200 3458 "https://www.sunsetbarbers.ae/" "Mozilla/5.0 (Windows NT 10.0; Win64; x64) AppleWebKit/537.36 (KHTML, like Gecko) Chrome/150.0.0.0 Safari/537.36"
180.190.199.227 - - [21/Jul/2026:15:52:27 +0000] "GET /wp-content/themes/revolver/assets/js/modules/plugins/parallax.min.js?ver=6.9.1 HTTP/2" 200 742 "https://www.sunsetbarbers.ae/" "Mozilla/5.0 (Windows NT 10.0; Win64; x64) AppleWebKit/537.36 (KHTML, like Gecko) Chrome/150.0.0.0 Safari/537.36"
180.190.199.227 - - [21/Jul/2026:15:52:27 +0000] "GET /wp-content/themes/revolver/assets/js/modules/plugins/jquery.countdown.min.js?ver=6.9.1 HTTP/2" 200 4287 "https://www.sunsetbarbers.ae/" "Mozilla/5.0 (Windows NT 10.0; Win64; x64) AppleWebKit/537.36 (KHTML, like Gecko) Chrome/150.0.0.0 Safari/537.36"
180.190.199.227 - - [21/Jul/2026:15:52:27 +0000] "GET /wp-content/themes/revolver/assets/js/modules/plugins/select2.min.js?ver=6.9.1 HTTP/2" 200 18407 "https://www.sunsetbarbers.ae/" "Mozilla/5.0 (Windows NT 10.0; Win64; x64) AppleWebKit/537.36 (KHTML, like Gecko) Chrome/150.0.0.0 Safari/537.36"
180.190.199.227 - - [21/Jul/2026:15:52:27 +0000] "GET /wp-content/cache/speedycache/www.sunsetbarbers.ae/assets/6563fc26e481ddf4-easypiechart.js HTTP/2" 200 1210 "https://www.sunsetbarbers.ae/" "Mozilla/5.0 (Windows NT 10.0; Win64; x64) AppleWebKit/537.36 (KHTML, like Gecko) Chrome/150.0.0.0 Safari/537.36"
180.190.199.227 - - [21/Jul/2026:15:52:27 +0000] "GET /wp-content/themes/revolver/assets/js/modules/plugins/jquery.waypoints.min.js?ver=6.9.1 HTTP/2" 200 2540 "https://www.sunsetbarbers.ae/" "Mozilla/5.0 (Windows NT 10.0; Win64; x64) AppleWebKit/537.36 (KHTML, like Gecko) Chrome/150.0.0.0 Safari/537.36"
180.190.199.227 - - [21/Jul/2026:15:52:27 +0000] "GET /wp-content/themes/revolver/assets/js/modules/plugins/Chart.min.js?ver=6.9.1 HTTP/2" 200 11446 "https://www.sunsetbarbers.ae/" "Mozilla/5.0 (Windows NT 10.0; Win64; x64) AppleWebKit/537.36 (KHTML, like Gecko) Chrome/150.0.0.0 Safari/537.36"
180.190.199.227 - - [21/Jul/2026:15:52:27 +0000] "GET /wp-content/cache/speedycache/www.sunsetbarbers.ae/assets/173ef39426f3bc63-counter.js HTTP/2" 200 804 "https://www.sunsetbarbers.ae/" "Mozilla/5.0 (Windows NT 10.0; Win64; x64) AppleWebKit/537.36 (KHTML, like Gecko) Chrome/150.0.0.0 Safari/537.36"
180.190.199.227 - - [21/Jul/2026:15:52:27 +0000] "GET /wp-content/themes/revolver/assets/js/modules/plugins/fluidvids.min.js?ver=6.9.1 HTTP/2" 200 629 "https://www.sunsetbarbers.ae/" "Mozilla/5.0 (Windows NT 10.0; Win64; x64) AppleWebKit/537.36 (KHTML, like Gecko) Chrome/150.0.0.0 Safari/537.36"
180.190.199.227 - - [21/Jul/2026:15:52:27 +0000] "GET /wp-content/plugins/js_composer/assets/lib/prettyphoto/js/jquery.prettyPhoto.min.js?ver=7.6 HTTP/2" 200 5761 "https://www.sunsetbarbers.ae/" "Mozilla/5.0 (Windows NT 10.0; Win64; x64) AppleWebKit/537.36 (KHTML, like Gecko) Chrome/150.0.0.0 Safari/537.36"
180.190.199.227 - - [21/Jul/2026:15:52:27 +0000] "GET /wp-content/themes/revolver/assets/js/modules/plugins/jquery.nicescroll.min.js?ver=6.9.1 HTTP/2" 200 16158 "https://www.sunsetbarbers.ae/" "Mozilla/5.0 (Windows NT 10.0; Win64; x64) AppleWebKit/537.36 (KHTML, like Gecko) Chrome/150.0.0.0 Safari/537.36"
180.190.199.227 - - [21/Jul/2026:15:52:27 +0000] "GET /wp-content/themes/revolver/assets/js/modules/plugins/ScrollToPlugin.min.js?ver=6.9.1 HTTP/2" 200 1011 "https://www.sunsetbarbers.ae/" "Mozilla/5.0 (Windows NT 10.0; Win64; x64) AppleWebKit/537.36 (KHTML, like Gecko) Chrome/150.0.0.0 Safari/537.36"
180.190.199.227 - - [21/Jul/2026:15:52:27 +0000] "GET /wp/wp-content/uploads/2025/09/sunset-barbers.png HTTP/2" 404 18399 "https://www.sunsetbarbers.ae/" "Mozilla/5.0 (Windows NT 10.0; Win64; x64) AppleWebKit/537.36 (KHTML, like Gecko) Chrome/150.0.0.0 Safari/537.36"
180.190.199.227 - - [21/Jul/2026:15:52:27 +0000] "GET /wp-content/themes/revolver/assets/js/modules/plugins/TweenLite.min.js?ver=6.9.1 HTTP/2" 200 8541 "https://www.sunsetbarbers.ae/" "Mozilla/5.0 (Windows NT 10.0; Win64; x64) AppleWebKit/537.36 (KHTML, like Gecko) Chrome/150.0.0.0 Safari/537.36"
180.190.199.227 - - [21/Jul/2026:15:52:27 +0000] "GET /wp-content/themes/revolver/assets/js/modules/plugins/jquery.mixitup.min.js?ver=6.9.1 HTTP/2" 200 7890 "https://www.sunsetbarbers.ae/" "Mozilla/5.0 (Windows NT 10.0; Win64; x64) AppleWebKit/537.36 (KHTML, like Gecko) Chrome/150.0.0.0 Safari/537.36"
180.190.199.227 - - [21/Jul/2026:15:52:27 +0000] "GET /wp-content/themes/revolver/assets/js/modules/plugins/jquery.waitforimages.js?ver=6.9.1 HTTP/2" 200 1570 "https://www.sunsetbarbers.ae/" "Mozilla/5.0 (Windows NT 10.0; Win64; x64) AppleWebKit/537.36 (KHTML, like Gecko) Chrome/150.0.0.0 Safari/537.36"
180.190.199.227 - - [21/Jul/2026:15:52:27 +0000] "GET /wp-content/themes/revolver/assets/js/modules/plugins/jquery.easing.1.3.js?ver=6.9.1 HTTP/2" 200 1800 "https://www.sunsetbarbers.ae/" "Mozilla/5.0 (Windows NT 10.0; Win64; x64) AppleWebKit/537.36 (KHTML, like Gecko) Chrome/150.0.0.0 Safari/537.36"
180.190.199.227 - - [21/Jul/2026:15:52:27 +0000] "GET /wp-content/cache/speedycache/www.sunsetbarbers.ae/assets/339a6dcfc19c0005-skrollr.js HTTP/2" 200 6351 "https://www.sunsetbarbers.ae/" "Mozilla/5.0 (Windows NT 10.0; Win64; x64) AppleWebKit/537.36 (KHTML, like Gecko) Chrome/150.0.0.0 Safari/537.36"
180.190.199.227 - - [21/Jul/2026:15:52:27 +0000] "GET /wp-content/themes/revolver/assets/js/modules/plugins/slick.min.js?ver=6.9.1 HTTP/2" 200 9697 "https://www.sunsetbarbers.ae/" "Mozilla/5.0 (Windows NT 10.0; Win64; x64) AppleWebKit/537.36 (KHTML, like Gecko) Chrome/150.0.0.0 Safari/537.36"
180.190.199.227 - - [21/Jul/2026:15:52:27 +0000] "GET /wp-content/cache/speedycache/www.sunsetbarbers.ae/assets/e544722a785d621a-bootstrapCarousel.js HTTP/2" 200 2013 "https://www.sunsetbarbers.ae/" "Mozilla/5.0 (Windows NT 10.0; Win64; x64) AppleWebKit/537.36 (KHTML, like Gecko) Chrome/150.0.0.0 Safari/537.36"
180.190.199.227 - - [21/Jul/2026:15:52:27 +0000] "GET /wp-content/themes/revolver/assets/js/modules/plugins/jquery.touchSwipe.min.js?ver=6.9.1 HTTP/2" 200 3853 "https://www.sunsetbarbers.ae/" "Mozilla/5.0 (Windows NT 10.0; Win64; x64) AppleWebKit/537.36 (KHTML, like Gecko) Chrome/150.0.0.0 Safari/537.36"
180.190.199.227 - - [21/Jul/2026:15:52:27 +0000] "GET /wp-content/themes/revolver/assets/js/modules/plugins/jquery.multiscroll.min.js?ver=6.9.1 HTTP/2" 200 3402 "https://www.sunsetbarbers.ae/" "Mozilla/5.0 (Windows NT 10.0; Win64; x64) AppleWebKit/537.36 (KHTML, like Gecko) Chrome/150.0.0.0 Safari/537.36"
180.190.199.227 - - [21/Jul/2026:15:52:27 +0000] "GET /wp-content/cache/speedycache/www.sunsetbarbers.ae/assets/98b10cfa8000c5e9-typed.js HTTP/2" 200 1538 "https://www.sunsetbarbers.ae/" "Mozilla/5.0 (Windows NT 10.0; Win64; x64) AppleWebKit/537.36 (KHTML, like Gecko) Chrome/150.0.0.0 Safari/537.36"
180.190.199.227 - - [21/Jul/2026:15:52:27 +0000] "GET /wp-content/plugins/js_composer/assets/lib/bower/isotope/dist/isotope.pkgd.min.js?ver=7.6 HTTP/2" 200 9727 "https://www.sunsetbarbers.ae/" "Mozilla/5.0 (Windows NT 10.0; Win64; x64) AppleWebKit/537.36 (KHTML, like Gecko) Chrome/150.0.0.0 Safari/537.36"
180.190.199.227 - - [21/Jul/2026:15:52:27 +0000] "GET /wp-content/themes/revolver/assets/js/modules.min.js?ver=6.9.1 HTTP/2" 200 21530 "https://www.sunsetbarbers.ae/" "Mozilla/5.0 (Windows NT 10.0; Win64; x64) AppleWebKit/537.36 (KHTML, like Gecko) Chrome/150.0.0.0 Safari/537.36"
180.190.199.227 - - [21/Jul/2026:15:52:27 +0000] "GET /wp-content/themes/revolver/assets/js/blog.min.js?ver=6.9.1 HTTP/2" 200 1463 "https://www.sunsetbarbers.ae/" "Mozilla/5.0 (Windows NT 10.0; Win64; x64) AppleWebKit/537.36 (KHTML, like Gecko) Chrome/150.0.0.0 Safari/537.36"
180.190.199.227 - - [21/Jul/2026:15:52:28 +0000] "GET /wp-content/plugins/js_composer/assets/js/dist/js_composer_front.min.js?ver=7.6 HTTP/2" 200 5490 "https://www.sunsetbarbers.ae/" "Mozilla/5.0 (Windows NT 10.0; Win64; x64) AppleWebKit/537.36 (KHTML, like Gecko) Chrome/150.0.0.0 Safari/537.36"
180.190.199.227 - - [21/Jul/2026:15:52:28 +0000] "GET /wp-content/cache/speedycache/www.sunsetbarbers.ae/assets/ee19705f114b6a38-like.js HTTP/2" 200 470 "https://www.sunsetbarbers.ae/" "Mozilla/5.0 (Windows NT 10.0; Win64; x64) AppleWebKit/537.36 (KHTML, like Gecko) Chrome/150.0.0.0 Safari/537.36"
180.190.199.227 - - [21/Jul/2026:15:52:28 +0000] "GET /wp-content/cache/speedycache/www.sunsetbarbers.ae/assets/1f66fee84da29857-app.js HTTP/2" 200 5124 "https://www.sunsetbarbers.ae/" "Mozilla/5.0 (Windows NT 10.0; Win64; x64) AppleWebKit/537.36 (KHTML, like Gecko) Chrome/150.0.0.0 Safari/537.36"
180.190.199.227 - - [21/Jul/2026:15:52:28 +0000] "GET /wp-content/plugins/revslider/sr6/assets/js/rbtools.min.js?ver=6.7.11 HTTP/2" 200 59937 "https://www.sunsetbarbers.ae/" "Mozilla/5.0 (Windows NT 10.0; Win64; x64) AppleWebKit/537.36 (KHTML, like Gecko) Chrome/150.0.0.0 Safari/537.36"
180.190.199.227 - - [21/Jul/2026:15:52:28 +0000] "GET /wp-content/plugins/revslider/sr6/assets/js/rs6.min.js?ver=6.7.11 HTTP/2" 200 104510 "https://www.sunsetbarbers.ae/" "Mozilla/5.0 (Windows NT 10.0; Win64; x64) AppleWebKit/537.36 (KHTML, like Gecko) Chrome/150.0.0.0 Safari/537.36"
180.190.199.227 - - [21/Jul/2026:15:52:28 +0000] "GET /wp-content/cache/speedycache/www.sunsetbarbers.ae/assets/af5f2224f9be1662-googlesitekit-events-provider-contact-form-7-40476021fb6e59177033.js HTTP/2" 200 1630 "https://www.sunsetbarbers.ae/" "Mozilla/5.0 (Windows NT 10.0; Win64; x64) AppleWebKit/537.36 (KHTML, like Gecko) Chrome/150.0.0.0 Safari/537.36"
180.190.199.227 - - [21/Jul/2026:15:52:28 +0000] "GET /wp-content/themes/revolver/assets/css/font-awesome/webfonts/fa-solid-900.woff2 HTTP/2" 200 156400 "https://www.sunsetbarbers.ae/wp-content/themes/revolver/assets/css/font-awesome/css/fontawesome-all.min.css?ver=6.9.1" "Mozilla/5.0 (Windows NT 10.0; Win64; x64) AppleWebKit/537.36 (KHTML, like Gecko) Chrome/150.0.0.0 Safari/537.36"
180.190.199.227 - - [21/Jul/2026:15:52:28 +0000] "GET /wp-content/plugins/revslider/sr6/assets/fonts/revicons/revicons.woff?5510888 HTTP/2" 200 7536 "https://www.sunsetbarbers.ae/wp-content/plugins/revslider/sr6/assets/css/rs6.css?ver=6.7.11" "Mozilla/5.0 (Windows NT 10.0; Win64; x64) AppleWebKit/537.36 (KHTML, like Gecko) Chrome/150.0.0.0 Safari/537.36"
180.190.199.227 - - [21/Jul/2026:15:52:28 +0000] "GET /wp-includes/js/wp-emoji-release.min.js?ver=6.9.1 HTTP/2" 200 4949 "https://www.sunsetbarbers.ae/" "Mozilla/5.0 (Windows NT 10.0; Win64; x64) AppleWebKit/537.36 (KHTML, like Gecko) Chrome/150.0.0.0 Safari/537.36"
57.141.0.13 - - [21/Jul/2026:15:52:38 +0000] "GET /products/29455709 HTTP/2" 301 0 "-" "Mozilla/5.0 (Macintosh; Intel Mac OS X 10_15_7) AppleWebKit/537.36 (KHTML, like Gecko) Chrome/145.0.0.0 Safari/537.36 (compatible; meta-externalagent/1.1 (+https://developers.facebook.com/docs/sharing/webmasters/crawler))"
198.38.94.67 - - [21/Jul/2026:15:53:54 +0000] "POST /wp-cron.php?doing_wp_cron=1784649234.2988369464874267578125 HTTP/1.1" 200 0 "-" "WordPress/6.9.1; https://www.sunsetbarbers.ae"
57.141.0.70 - - [21/Jul/2026:15:53:54 +0000] "GET /products/27962810 HTTP/2" 301 0 "-" "Mozilla/5.0 (Windows NT 10.0; Win64; x64) AppleWebKit/537.36 (KHTML, like Gecko) Chrome/145.0.0.0 Safari/537.36 (compatible; meta-externalagent/1.1 (+https://developers.facebook.com/docs/sharing/webmasters/crawler))"
74.7.242.42 - - [21/Jul/2026:15:53:55 +0000] "GET /sitemap_index.xml HTTP/2" 200 262 "-" "Mozilla/5.0 AppleWebKit/537.36 (KHTML, like Gecko; compatible; GPTBot/1.4; +https://openai.com/gptbot)"
57.141.0.35 - - [21/Jul/2026:15:53:56 +0000] "GET /SiteMap.aspx HTTP/2" 301 0 "-" "Mozilla/5.0 (Windows NT 10.0; Win64; x64) AppleWebKit/537.36 (KHTML, like Gecko) Chrome/145.0.0.0 Safari/537.36 (compatible; meta-externalagent/1.1 (+https://developers.facebook.com/docs/sharing/webmasters/crawler))"
74.7.242.42 - - [21/Jul/2026:15:53:58 +0000] "GET /page-sitemap.xml HTTP/2" 200 810 "https://www.sunsetbarbers.ae/sitemap_index.xml" "Mozilla/5.0 AppleWebKit/537.36 (KHTML, like Gecko; compatible; GPTBot/1.4; +https://openai.com/gptbot)"
74.7.242.42 - - [21/Jul/2026:15:54:01 +0000] "GET /wp-content/uploads/2025/11/Edward_G._Robinson_by_Elmer_Fryer-1.jpg HTTP/2" 200 104734 "https://www.sunsetbarbers.ae/page-sitemap.xml" "Mozilla/5.0 AppleWebKit/537.36 (KHTML, like Gecko; compatible; GPTBot/1.4; +https://openai.com/gptbot)"
198.38.94.67 - - [21/Jul/2026:15:54:40 +0000] "POST /wp-cron.php?doing_wp_cron=1784649280.2405459880828857421875 HTTP/1.1" 200 0 "-" "WordPress/6.9.1; https://www.sunsetbarbers.ae"
57.141.0.22 - - [21/Jul/2026:15:54:40 +0000] "GET /products/31150376 HTTP/2" 301 0 "-" "Mozilla/5.0 (Windows NT 10.0; Win64; x64) AppleWebKit/537.36 (KHTML, like Gecko) Chrome/145.0.0.0 Safari/537.36 (compatible; meta-externalagent/1.1 (+https://developers.facebook.com/docs/sharing/webmasters/crawler))"
198.38.94.67 - - [21/Jul/2026:15:54:48 +0000] "POST /wp-cron.php?doing_wp_cron=1784649288.5326631069183349609375 HTTP/1.1" 200 0 "-" "WordPress/6.9.1; https://www.sunsetbarbers.ae"
57.141.0.36 - - [21/Jul/2026:15:54:48 +0000] "GET /products/9111243 HTTP/2" 301 0 "-" "Mozilla/5.0 (Macintosh; Intel Mac OS X 10_15_7) AppleWebKit/537.36 (KHTML, like Gecko) Chrome/145.0.0.0 Safari/537.36 (compatible; meta-externalagent/1.1 (+https://developers.facebook.com/docs/sharing/webmasters/crawler))"
57.141.0.45 - - [21/Jul/2026:15:54:55 +0000] "GET /products/27376721 HTTP/2" 301 0 "-" "Mozilla/5.0 (Macintosh; Intel Mac OS X 10_15_7) AppleWebKit/537.36 (KHTML, like Gecko) Chrome/145.0.0.0 Safari/537.36 (compatible; meta-externalagent/1.1 (+https://developers.facebook.com/docs/sharing/webmasters/crawler))"
57.141.0.15 - - [21/Jul/2026:15:55:00 +0000] "GET /products/29910409 HTTP/2" 301 0 "-" "Mozilla/5.0 (X11; Linux x86_64) AppleWebKit/537.36 (KHTML, like Gecko) Chrome/145.0.0.0 Safari/537.36 (compatible; meta-externalagent/1.1 (+https://developers.facebook.com/docs/sharing/webmasters/crawler))"
57.141.0.15 - - [21/Jul/2026:15:55:10 +0000] "GET /products/21229065 HTTP/2" 301 0 "-" "Mozilla/5.0 (Macintosh; Intel Mac OS X 10_15_7) AppleWebKit/537.36 (KHTML, like Gecko) Chrome/145.0.0.0 Safari/537.36 (compatible; meta-externalagent/1.1 (+https://developers.facebook.com/docs/sharing/webmasters/crawler))"
198.38.94.67 - - [21/Jul/2026:15:55:23 +0000] "POST /wp-cron.php?doing_wp_cron=1784649323.1443269252777099609375 HTTP/1.1" 200 0 "-" "WordPress/6.9.1; https://www.sunsetbarbers.ae"
57.141.0.71 - - [21/Jul/2026:15:55:23 +0000] "GET /sitemap909.xml HTTP/2" 301 0 "-" "Mozilla/5.0 (Windows NT 10.0; Win64; x64) AppleWebKit/537.36 (KHTML, like Gecko) Chrome/145.0.0.0 Safari/537.36 (compatible; meta-externalagent/1.1 (+https://developers.facebook.com/docs/sharing/webmasters/crawler))"
57.141.0.10 - - [21/Jul/2026:15:55:36 +0000] "GET /products/23838443 HTTP/2" 301 0 "-" "Mozilla/5.0 (Windows NT 10.0; Win64; x64) AppleWebKit/537.36 (KHTML, like Gecko) Chrome/145.0.0.0 Safari/537.36 (compatible; meta-externalagent/1.1 (+https://developers.facebook.com/docs/sharing/webmasters/crawler))"
198.38.94.67 - - [21/Jul/2026:15:56:20 +0000] "POST /wp-cron.php?doing_wp_cron=1784649380.0410220623016357421875 HTTP/1.1" 200 0 "-" "WordPress/6.9.1; https://www.sunsetbarbers.ae"
57.141.0.20 - - [21/Jul/2026:15:56:19 +0000] "GET /products/25980965 HTTP/2" 301 0 "-" "Mozilla/5.0 (Windows NT 10.0; Win64; x64) AppleWebKit/537.36 (KHTML, like Gecko) Chrome/145.0.0.0 Safari/537.36 (compatible; meta-externalagent/1.1 (+https://developers.facebook.com/docs/sharing/webmasters/crawler))"
57.141.0.62 - - [21/Jul/2026:15:56:39 +0000] "GET /products/2511398 HTTP/2" 301 0 "-" "Mozilla/5.0 (Windows NT 10.0; Win64; x64) AppleWebKit/537.36 (KHTML, like Gecko) Chrome/145.0.0.0 Safari/537.36 (compatible; meta-externalagent/1.1 (+https://developers.facebook.com/docs/sharing/webmasters/crawler))"
198.38.94.67 - - [21/Jul/2026:15:57:39 +0000] "POST /wp-cron.php?doing_wp_cron=1784649459.7517631053924560546875 HTTP/1.1" 200 0 "-" "WordPress/6.9.1; https://www.sunsetbarbers.ae"
57.141.0.4 - - [21/Jul/2026:15:57:39 +0000] "GET /products/17580276 HTTP/2" 301 0 "-" "Mozilla/5.0 (Windows NT 10.0; Win64; x64) AppleWebKit/537.36 (KHTML, like Gecko) Chrome/145.0.0.0 Safari/537.36 (compatible; meta-externalagent/1.1 (+https://developers.facebook.com/docs/sharing/webmasters/crawler))"
57.141.0.25 - - [21/Jul/2026:15:57:57 +0000] "GET /products/25897243 HTTP/2" 301 0 "-" "Mozilla/5.0 (Windows NT 10.0; Win64; x64) AppleWebKit/537.36 (KHTML, like Gecko) Chrome/145.0.0.0 Safari/537.36 (compatible; meta-externalagent/1.1 (+https://developers.facebook.com/docs/sharing/webmasters/crawler))"
198.38.94.67 - - [21/Jul/2026:15:58:26 +0000] "POST /wp-cron.php?doing_wp_cron=1784649506.8780150413513183593750 HTTP/1.1" 200 0 "-" "WordPress/6.9.1; https://www.sunsetbarbers.ae"
57.141.0.25 - - [21/Jul/2026:15:58:26 +0000] "GET /products/24526010 HTTP/2" 301 0 "-" "Mozilla/5.0 (Windows NT 10.0; Win64; x64) AppleWebKit/537.36 (KHTML, like Gecko) Chrome/145.0.0.0 Safari/537.36 (compatible; meta-externalagent/1.1 (+https://developers.facebook.com/docs/sharing/webmasters/crawler))"
57.141.0.52 - - [21/Jul/2026:15:58:47 +0000] "GET /products/1599510 HTTP/2" 301 0 "-" "Mozilla/5.0 (Windows NT 10.0; Win64; x64) AppleWebKit/537.36 (KHTML, like Gecko) Chrome/145.0.0.0 Safari/537.36 Edg/145.0.0.0 (compatible; meta-externalagent/1.1 (+https://developers.facebook.com/docs/sharing/webmasters/crawler))"
57.141.0.32 - - [21/Jul/2026:15:58:55 +0000] "GET /products/26881676 HTTP/2" 301 0 "-" "Mozilla/5.0 (Windows NT 10.0; Win64; x64) AppleWebKit/537.36 (KHTML, like Gecko) Chrome/145.0.0.0 Safari/537.36 (compatible; meta-externalagent/1.1 (+https://developers.facebook.com/docs/sharing/webmasters/crawler))"
198.38.94.67 - - [21/Jul/2026:15:59:25 +0000] "POST /wp-cron.php?doing_wp_cron=1784649565.3043520450592041015625 HTTP/1.1" 200 0 "-" "WordPress/6.9.1; https://www.sunsetbarbers.ae"
5.39.1.248 - - [21/Jul/2026:15:59:25 +0000] "GET /shop/mariengroschen/indienne41881269034.html HTTP/2" 404 18399 "-" "Mozilla/5.0 (compatible; AhrefsBot/7.0; +http://ahrefs.com/robot/)"
57.141.0.59 - - [21/Jul/2026:15:59:44 +0000] "GET /products/12668654 HTTP/2" 301 0 "-" "Mozilla/5.0 (Windows NT 10.0; Win64; x64) AppleWebKit/537.36 (KHTML, like Gecko) Chrome/145.0.0.0 Safari/537.36 Edg/145.0.0.0 (compatible; meta-externalagent/1.1 (+https://developers.facebook.com/docs/sharing/webmasters/crawler))"
57.141.0.13 - - [21/Jul/2026:16:00:04 +0000] "GET /products/6180587 HTTP/2" 301 0 "-" "Mozilla/5.0 (Windows NT 10.0; Win64; x64) AppleWebKit/537.36 (KHTML, like Gecko) Chrome/145.0.0.0 Safari/537.36 (compatible; meta-externalagent/1.1 (+https://developers.facebook.com/docs/sharing/webmasters/crawler))"
198.38.94.67 - - [21/Jul/2026:16:00:27 +0000] "POST /wp-cron.php?doing_wp_cron=1784649627.3556840419769287109375 HTTP/1.1" 200 0 "-" "WordPress/6.9.1; https://www.sunsetbarbers.ae"
57.141.0.70 - - [21/Jul/2026:16:00:27 +0000] "GET /products/22742032 HTTP/2" 301 0 "-" "Mozilla/5.0 (Macintosh; Intel Mac OS X 10_15_7) AppleWebKit/537.36 (KHTML, like Gecko) Chrome/145.0.0.0 Safari/537.36 (compatible; meta-externalagent/1.1 (+https://developers.facebook.com/docs/sharing/webmasters/crawler))"
57.141.0.67 - - [21/Jul/2026:16:00:58 +0000] "GET /products/15797832 HTTP/2" 301 0 "-" "Mozilla/5.0 (Windows NT 10.0; Win64; x64) AppleWebKit/537.36 (KHTML, like Gecko) Chrome/145.0.0.0 Safari/537.36 (compatible; meta-externalagent/1.1 (+https://developers.facebook.com/docs/sharing/webmasters/crawler))"
57.141.0.40 - - [21/Jul/2026:16:00:59 +0000] "GET /products/18247287 HTTP/2" 301 0 "-" "Mozilla/5.0 (Macintosh; Intel Mac OS X 10_15_7) AppleWebKit/537.36 (KHTML, like Gecko) Chrome/145.0.0.0 Safari/537.36 (compatible; meta-externalagent/1.1 (+https://developers.facebook.com/docs/sharing/webmasters/crawler))"
198.38.94.67 - - [21/Jul/2026:16:01:34 +0000] "POST /wp-cron.php?doing_wp_cron=1784649694.8868858814239501953125 HTTP/1.1" 200 0 "-" "WordPress/6.9.1; https://www.sunsetbarbers.ae"
57.141.0.60 - - [21/Jul/2026:16:01:34 +0000] "GET /products/19347621 HTTP/2" 301 0 "-" "Mozilla/5.0 (Windows NT 10.0; Win64; x64) AppleWebKit/537.36 (KHTML, like Gecko) Chrome/145.0.0.0 Safari/537.36 (compatible; meta-externalagent/1.1 (+https://developers.facebook.com/docs/sharing/webmasters/crawler))"
57.141.0.71 - - [21/Jul/2026:16:01:36 +0000] "GET /products/31198698 HTTP/2" 301 0 "-" "Mozilla/5.0 (Macintosh; Intel Mac OS X 10_15_7) AppleWebKit/537.36 (KHTML, like Gecko) Chrome/145.0.0.0 Safari/537.36 (compatible; meta-externalagent/1.1 (+https://developers.facebook.com/docs/sharing/webmasters/crawler))"
57.141.0.11 - - [21/Jul/2026:16:02:01 +0000] "GET /products/5579365 HTTP/2" 301 0 "-" "Mozilla/5.0 (Windows NT 10.0; Win64; x64) AppleWebKit/537.36 (KHTML, like Gecko) Chrome/145.0.0.0 Safari/537.36 Edg/145.0.0.0 (compatible; meta-externalagent/1.1 (+https://developers.facebook.com/docs/sharing/webmasters/crawler))"
198.38.94.67 - - [21/Jul/2026:16:03:39 +0000] "POST /wp-cron.php?doing_wp_cron=1784649819.3123750686645507812500 HTTP/1.1" 200 0 "-" "WordPress/6.9.1; https://www.sunsetbarbers.ae"
57.141.0.58 - - [21/Jul/2026:16:03:39 +0000] "GET /products/12759932 HTTP/2" 301 0 "-" "Mozilla/5.0 (Windows NT 10.0; Win64; x64) AppleWebKit/537.36 (KHTML, like Gecko) Chrome/145.0.0.0 Safari/537.36 (compatible; meta-externalagent/1.1 (+https://developers.facebook.com/docs/sharing/webmasters/crawler))"
198.38.94.67 - - [21/Jul/2026:16:04:40 +0000] "POST /wp-cron.php?doing_wp_cron=1784649880.2683799266815185546875 HTTP/1.1" 200 0 "-" "WordPress/6.9.1; https://www.sunsetbarbers.ae"
57.141.0.52 - - [21/Jul/2026:16:04:40 +0000] "GET /products/8641510 HTTP/2" 301 0 "-" "Mozilla/5.0 (Windows NT 10.0; Win64; x64) AppleWebKit/537.36 (KHTML, like Gecko) Chrome/145.0.0.0 Safari/537.36 (compatible; meta-externalagent/1.1 (+https://developers.facebook.com/docs/sharing/webmasters/crawler))"
57.141.0.71 - - [21/Jul/2026:16:04:41 +0000] "GET /products/16224709 HTTP/2" 301 0 "-" "Mozilla/5.0 (Macintosh; Intel Mac OS X 10_15_7) AppleWebKit/537.36 (KHTML, like Gecko) Chrome/145.0.0.0 Safari/537.36 (compatible; meta-externalagent/1.1 (+https://developers.facebook.com/docs/sharing/webmasters/crawler))"
57.141.0.61 - - [21/Jul/2026:16:04:50 +0000] "GET /products/29786187 HTTP/2" 301 0 "-" "Mozilla/5.0 (Windows NT 10.0; Win64; x64) AppleWebKit/537.36 (KHTML, like Gecko) Chrome/145.0.0.0 Safari/537.36 (compatible; meta-externalagent/1.1 (+https://developers.facebook.com/docs/sharing/webmasters/crawler))"
198.38.94.67 - - [21/Jul/2026:16:05:09 +0000] "POST /wp-cron.php?doing_wp_cron=1784649909.5877919197082519531250 HTTP/1.1" 200 0 "-" "WordPress/6.9.1; https://www.sunsetbarbers.ae"
57.141.0.25 - - [21/Jul/2026:16:05:09 +0000] "GET /products/24847509 HTTP/2" 301 0 "-" "Mozilla/5.0 (Windows NT 10.0; Win64; x64) AppleWebKit/537.36 (KHTML, like Gecko) Chrome/145.0.0.0 Safari/537.36 (compatible; meta-externalagent/1.1 (+https://developers.facebook.com/docs/sharing/webmasters/crawler))"
57.141.0.23 - - [21/Jul/2026:16:05:09 +0000] "GET /products/21248754 HTTP/2" 301 0 "-" "Mozilla/5.0 (Windows NT 10.0; Win64; x64) AppleWebKit/537.36 (KHTML, like Gecko) Chrome/145.0.0.0 Safari/537.36 (compatible; meta-externalagent/1.1 (+https://developers.facebook.com/docs/sharing/webmasters/crawler))"
198.38.94.67 - - [21/Jul/2026:16:05:10 +0000] "POST /wp-cron.php?doing_wp_cron=1784649910.6765930652618408203125 HTTP/1.1" 200 0 "-" "WordPress/6.9.1; https://www.sunsetbarbers.ae"
57.141.0.39 - - [21/Jul/2026:16:05:10 +0000] "GET /products/15044609 HTTP/2" 301 0 "-" "Mozilla/5.0 (Windows NT 10.0; Win64; x64) AppleWebKit/537.36 (KHTML, like Gecko) Chrome/145.0.0.0 Safari/537.36 (compatible; meta-externalagent/1.1 (+https://developers.facebook.com/docs/sharing/webmasters/crawler))"
198.38.94.67 - - [21/Jul/2026:16:05:10 +0000] "GET / HTTP/1.1" 200 22744 "-" "Mozilla/5.0 (Windows NT 10.0; Win64; x64) AppleWebKit/537.36 (KHTML, like Gecko) Chrome/114.0.0.0 Safari/537.36"
198.38.94.67 - - [21/Jul/2026:16:05:10 +0000] "GET / HTTP/1.1" 200 22743 "-" "Mozilla/5.0 (iPhone; CPU iPhone OS 16_5 like Mac OS X) AppleWebKit/605.1.15 (KHTML, like Gecko) CriOS/114.0.5735.99 Mobile/15E148 Safari/604.1"
198.38.94.67 - - [21/Jul/2026:16:05:10 +0000] "GET /gallery/ HTTP/1.1" 200 19554 "-" "Mozilla/5.0 (Windows NT 10.0; Win64; x64) AppleWebKit/537.36 (KHTML, like Gecko) Chrome/114.0.0.0 Safari/537.36"
198.38.94.67 - - [21/Jul/2026:16:05:10 +0000] "GET /gallery/ HTTP/1.1" 200 19556 "-" "Mozilla/5.0 (iPhone; CPU iPhone OS 16_5 like Mac OS X) AppleWebKit/605.1.15 (KHTML, like Gecko) CriOS/114.0.5735.99 Mobile/15E148 Safari/604.1"
198.38.94.67 - - [21/Jul/2026:16:05:10 +0000] "GET /contact/ HTTP/1.1" 200 19727 "-" "Mozilla/5.0 (Windows NT 10.0; Win64; x64) AppleWebKit/537.36 (KHTML, like Gecko) Chrome/114.0.0.0 Safari/537.36"
198.38.94.67 - - [21/Jul/2026:16:05:10 +0000] "GET /contact/ HTTP/1.1" 200 19729 "-" "Mozilla/5.0 (iPhone; CPU iPhone OS 16_5 like Mac OS X) AppleWebKit/605.1.15 (KHTML, like Gecko) CriOS/114.0.5735.99 Mobile/15E148 Safari/604.1"
198.38.94.67 - - [21/Jul/2026:16:05:10 +0000] "GET /services/ HTTP/1.1" 200 19800 "-" "Mozilla/5.0 (Windows NT 10.0; Win64; x64) AppleWebKit/537.36 (KHTML, like Gecko) Chrome/114.0.0.0 Safari/537.36"
198.38.94.67 - - [21/Jul/2026:16:05:10 +0000] "GET /services/ HTTP/1.1" 200 19802 "-" "Mozilla/5.0 (iPhone; CPU iPhone OS 16_5 like Mac OS X) AppleWebKit/605.1.15 (KHTML, like Gecko) CriOS/114.0.5735.99 Mobile/15E148 Safari/604.1"
198.38.94.67 - - [21/Jul/2026:16:05:10 +0000] "GET /mocktail-menu/ HTTP/1.1" 200 19898 "-" "Mozilla/5.0 (Windows NT 10.0; Win64; x64) AppleWebKit/537.36 (KHTML, like Gecko) Chrome/114.0.0.0 Safari/537.36"
198.38.94.67 - - [21/Jul/2026:16:05:10 +0000] "GET /mocktail-menu/ HTTP/1.1" 200 19896 "-" "Mozilla/5.0 (iPhone; CPU iPhone OS 16_5 like Mac OS X) AppleWebKit/605.1.15 (KHTML, like Gecko) CriOS/114.0.5735.99 Mobile/15E148 Safari/604.1"
198.38.94.67 - - [21/Jul/2026:16:05:10 +0000] "GET / HTTP/1.1" 200 22744 "-" "Mozilla/5.0 (Windows NT 10.0; Win64; x64) AppleWebKit/537.36 (KHTML, like Gecko) Chrome/114.0.0.0 Safari/537.36"
198.38.94.67 - - [21/Jul/2026:16:05:10 +0000] "GET / HTTP/1.1" 200 22743 "-" "Mozilla/5.0 (iPhone; CPU iPhone OS 16_5 like Mac OS X) AppleWebKit/605.1.15 (KHTML, like Gecko) CriOS/114.0.5735.99 Mobile/15E148 Safari/604.1"
198.38.94.67 - - [21/Jul/2026:16:05:10 +0000] "GET /?p=3180 HTTP/1.1" 404 20730 "-" "Mozilla/5.0 (Windows NT 10.0; Win64; x64) AppleWebKit/537.36 (KHTML, like Gecko) Chrome/114.0.0.0 Safari/537.36"
198.38.94.67 - - [21/Jul/2026:16:05:11 +0000] "GET /?p=3180 HTTP/1.1" 404 20727 "-" "Mozilla/5.0 (iPhone; CPU iPhone OS 16_5 like Mac OS X) AppleWebKit/605.1.15 (KHTML, like Gecko) CriOS/114.0.5735.99 Mobile/15E148 Safari/604.1"
198.38.94.67 - - [21/Jul/2026:16:05:11 +0000] "GET /?p=3184 HTTP/1.1" 404 20730 "-" "Mozilla/5.0 (Windows NT 10.0; Win64; x64) AppleWebKit/537.36 (KHTML, like Gecko) Chrome/114.0.0.0 Safari/537.36"
198.38.94.67 - - [21/Jul/2026:16:05:11 +0000] "GET /?p=3184 HTTP/1.1" 404 20727 "-" "Mozilla/5.0 (iPhone; CPU iPhone OS 16_5 like Mac OS X) AppleWebKit/605.1.15 (KHTML, like Gecko) CriOS/114.0.5735.99 Mobile/15E148 Safari/604.1"
198.38.94.67 - - [21/Jul/2026:16:05:11 +0000] "GET /?p=3176 HTTP/1.1" 404 20730 "-" "Mozilla/5.0 (Windows NT 10.0; Win64; x64) AppleWebKit/537.36 (KHTML, like Gecko) Chrome/114.0.0.0 Safari/537.36"
198.38.94.67 - - [21/Jul/2026:16:05:11 +0000] "GET /?p=3176 HTTP/1.1" 404 20727 "-" "Mozilla/5.0 (iPhone; CPU iPhone OS 16_5 like Mac OS X) AppleWebKit/605.1.15 (KHTML, like Gecko) CriOS/114.0.5735.99 Mobile/15E148 Safari/604.1"
198.38.94.67 - - [21/Jul/2026:16:05:12 +0000] "GET /?p=3178 HTTP/1.1" 404 20730 "-" "Mozilla/5.0 (Windows NT 10.0; Win64; x64) AppleWebKit/537.36 (KHTML, like Gecko) Chrome/114.0.0.0 Safari/537.36"
198.38.94.67 - - [21/Jul/2026:16:05:12 +0000] "GET /?p=3178 HTTP/1.1" 404 20727 "-" "Mozilla/5.0 (iPhone; CPU iPhone OS 16_5 like Mac OS X) AppleWebKit/605.1.15 (KHTML, like Gecko) CriOS/114.0.5735.99 Mobile/15E148 Safari/604.1"
198.38.94.67 - - [21/Jul/2026:16:05:24 +0000] "POST /wp-cron.php?doing_wp_cron=1784649924.5221619606018066406250 HTTP/1.1" 200 0 "-" "WordPress/6.9.1; https://www.sunsetbarbers.ae"
57.141.0.38 - - [21/Jul/2026:16:05:24 +0000] "GET /products/26500565 HTTP/2" 301 0 "-" "Mozilla/5.0 (Windows NT 10.0; Win64; x64) AppleWebKit/537.36 (KHTML, like Gecko) Chrome/145.0.0.0 Safari/537.36 (compatible; meta-externalagent/1.1 (+https://developers.facebook.com/docs/sharing/webmasters/crawler))"
57.141.0.40 - - [21/Jul/2026:16:05:24 +0000] "GET /products/21263454 HTTP/2" 301 0 "-" "Mozilla/5.0 (Windows NT 10.0; Win64; x64) AppleWebKit/537.36 (KHTML, like Gecko) Chrome/145.0.0.0 Safari/537.36 (compatible; meta-externalagent/1.1 (+https://developers.facebook.com/docs/sharing/webmasters/crawler))"
57.141.0.37 - - [21/Jul/2026:16:05:28 +0000] "GET /products/11592198 HTTP/2" 301 0 "-" "Mozilla/5.0 (Windows NT 10.0; Win64; x64) AppleWebKit/537.36 (KHTML, like Gecko) Chrome/145.0.0.0 Safari/537.36 (compatible; meta-externalagent/1.1 (+https://developers.facebook.com/docs/sharing/webmasters/crawler))"
57.141.0.30 - - [21/Jul/2026:16:05:45 +0000] "GET /products/23666576 HTTP/2" 301 0 "-" "Mozilla/5.0 (Macintosh; Intel Mac OS X 10_15_7) AppleWebKit/537.36 (KHTML, like Gecko) Chrome/145.0.0.0 Safari/537.36 (compatible; meta-externalagent/1.1 (+https://developers.facebook.com/docs/sharing/webmasters/crawler))"
57.141.0.71 - - [21/Jul/2026:16:05:57 +0000] "GET /products/16847132 HTTP/2" 301 0 "-" "Mozilla/5.0 (Windows NT 10.0; Win64; x64) AppleWebKit/537.36 (KHTML, like Gecko) Chrome/145.0.0.0 Safari/537.36 (compatible; meta-externalagent/1.1 (+https://developers.facebook.com/docs/sharing/webmasters/crawler))"
57.141.0.61 - - [21/Jul/2026:16:06:06 +0000] "GET /products/26282876 HTTP/2" 301 0 "-" "Mozilla/5.0 (Macintosh; Intel Mac OS X 10_15_7) AppleWebKit/537.36 (KHTML, like Gecko) Chrome/145.0.0.0 Safari/537.36 (compatible; meta-externalagent/1.1 (+https://developers.facebook.com/docs/sharing/webmasters/crawler))"
57.141.0.28 - - [21/Jul/2026:16:06:07 +0000] "GET /products/22616765 HTTP/2" 301 0 "-" "Mozilla/5.0 (Windows NT 10.0; Win64; x64) AppleWebKit/537.36 (KHTML, like Gecko) Chrome/145.0.0.0 Safari/537.36 (compatible; meta-externalagent/1.1 (+https://developers.facebook.com/docs/sharing/webmasters/crawler))"
198.38.94.67 - - [21/Jul/2026:16:06:16 +0000] "POST /wp-cron.php?doing_wp_cron=1784649976.4099810123443603515625 HTTP/1.1" 200 0 "-" "WordPress/6.9.1; https://www.sunsetbarbers.ae"
57.141.0.46 - - [21/Jul/2026:16:06:16 +0000] "GET /products/16161487 HTTP/2" 301 0 "-" "Mozilla/5.0 (Windows NT 10.0; Win64; x64) AppleWebKit/537.36 (KHTML, like Gecko) Chrome/145.0.0.0 Safari/537.36 (compatible; meta-externalagent/1.1 (+https://developers.facebook.com/docs/sharing/webmasters/crawler))"
198.38.94.67 - - [21/Jul/2026:16:06:16 +0000] "GET /?p=3156 HTTP/1.1" 404 20730 "-" "Mozilla/5.0 (Windows NT 10.0; Win64; x64) AppleWebKit/537.36 (KHTML, like Gecko) Chrome/114.0.0.0 Safari/537.36"
198.38.94.67 - - [21/Jul/2026:16:06:17 +0000] "GET /?p=3156 HTTP/1.1" 404 20727 "-" "Mozilla/5.0 (iPhone; CPU iPhone OS 16_5 like Mac OS X) AppleWebKit/605.1.15 (KHTML, like Gecko) CriOS/114.0.5735.99 Mobile/15E148 Safari/604.1"
198.38.94.67 - - [21/Jul/2026:16:06:17 +0000] "GET /?p=3159 HTTP/1.1" 404 20730 "-" "Mozilla/5.0 (Windows NT 10.0; Win64; x64) AppleWebKit/537.36 (KHTML, like Gecko) Chrome/114.0.0.0 Safari/537.36"
198.38.94.67 - - [21/Jul/2026:16:06:17 +0000] "GET /?p=3159 HTTP/1.1" 404 20727 "-" "Mozilla/5.0 (iPhone; CPU iPhone OS 16_5 like Mac OS X) AppleWebKit/605.1.15 (KHTML, like Gecko) CriOS/114.0.5735.99 Mobile/15E148 Safari/604.1"
198.38.94.67 - - [21/Jul/2026:16:06:17 +0000] "GET /?p=3162 HTTP/1.1" 404 20730 "-" "Mozilla/5.0 (Windows NT 10.0; Win64; x64) AppleWebKit/537.36 (KHTML, like Gecko) Chrome/114.0.0.0 Safari/537.36"
198.38.94.67 - - [21/Jul/2026:16:06:17 +0000] "GET /?p=3162 HTTP/1.1" 404 20727 "-" "Mozilla/5.0 (iPhone; CPU iPhone OS 16_5 like Mac OS X) AppleWebKit/605.1.15 (KHTML, like Gecko) CriOS/114.0.5735.99 Mobile/15E148 Safari/604.1"
198.38.94.67 - - [21/Jul/2026:16:06:17 +0000] "GET /?p=3154 HTTP/1.1" 404 20730 "-" "Mozilla/5.0 (Windows NT 10.0; Win64; x64) AppleWebKit/537.36 (KHTML, like Gecko) Chrome/114.0.0.0 Safari/537.36"
198.38.94.67 - - [21/Jul/2026:16:06:18 +0000] "GET /?p=3154 HTTP/1.1" 404 20727 "-" "Mozilla/5.0 (iPhone; CPU iPhone OS 16_5 like Mac OS X) AppleWebKit/605.1.15 (KHTML, like Gecko) CriOS/114.0.5735.99 Mobile/15E148 Safari/604.1"
198.38.94.67 - - [21/Jul/2026:16:06:18 +0000] "GET /?p=3152 HTTP/1.1" 404 20730 "-" "Mozilla/5.0 (Windows NT 10.0; Win64; x64) AppleWebKit/537.36 (KHTML, like Gecko) Chrome/114.0.0.0 Safari/537.36"
198.38.94.67 - - [21/Jul/2026:16:06:18 +0000] "GET /?p=3152 HTTP/1.1" 404 20727 "-" "Mozilla/5.0 (iPhone; CPU iPhone OS 16_5 like Mac OS X) AppleWebKit/605.1.15 (KHTML, like Gecko) CriOS/114.0.5735.99 Mobile/15E148 Safari/604.1"
198.38.94.67 - - [21/Jul/2026:16:06:18 +0000] "GET /?p=3149 HTTP/1.1" 404 20730 "-" "Mozilla/5.0 (Windows NT 10.0; Win64; x64) AppleWebKit/537.36 (KHTML, like Gecko) Chrome/114.0.0.0 Safari/537.36"
198.38.94.67 - - [21/Jul/2026:16:06:18 +0000] "GET /?p=3149 HTTP/1.1" 404 20727 "-" "Mozilla/5.0 (iPhone; CPU iPhone OS 16_5 like Mac OS X) AppleWebKit/605.1.15 (KHTML, like Gecko) CriOS/114.0.5735.99 Mobile/15E148 Safari/604.1"
198.38.94.67 - - [21/Jul/2026:16:06:18 +0000] "GET /?p=3147 HTTP/1.1" 404 20730 "-" "Mozilla/5.0 (Windows NT 10.0; Win64; x64) AppleWebKit/537.36 (KHTML, like Gecko) Chrome/114.0.0.0 Safari/537.36"
198.38.94.67 - - [21/Jul/2026:16:06:19 +0000] "GET /?p=3147 HTTP/1.1" 404 20721 "-" "Mozilla/5.0 (iPhone; CPU iPhone OS 16_5 like Mac OS X) AppleWebKit/605.1.15 (KHTML, like Gecko) CriOS/114.0.5735.99 Mobile/15E148 Safari/604.1"
198.38.94.67 - - [21/Jul/2026:16:06:19 +0000] "GET /?p=3144 HTTP/1.1" 404 20730 "-" "Mozilla/5.0 (Windows NT 10.0; Win64; x64) AppleWebKit/537.36 (KHTML, like Gecko) Chrome/114.0.0.0 Safari/537.36"
198.38.94.67 - - [21/Jul/2026:16:06:19 +0000] "GET /?p=3144 HTTP/1.1" 404 20727 "-" "Mozilla/5.0 (iPhone; CPU iPhone OS 16_5 like Mac OS X) AppleWebKit/605.1.15 (KHTML, like Gecko) CriOS/114.0.5735.99 Mobile/15E148 Safari/604.1"
198.38.94.67 - - [21/Jul/2026:16:06:19 +0000] "GET /?p=3182 HTTP/1.1" 404 20730 "-" "Mozilla/5.0 (Windows NT 10.0; Win64; x64) AppleWebKit/537.36 (KHTML, like Gecko) Chrome/114.0.0.0 Safari/537.36"
198.38.94.67 - - [21/Jul/2026:16:06:20 +0000] "GET /?p=3182 HTTP/1.1" 404 20727 "-" "Mozilla/5.0 (iPhone; CPU iPhone OS 16_5 like Mac OS X) AppleWebKit/605.1.15 (KHTML, like Gecko) CriOS/114.0.5735.99 Mobile/15E148 Safari/604.1"
198.38.94.67 - - [21/Jul/2026:16:06:20 +0000] "GET /?p=3285 HTTP/1.1" 404 20730 "-" "Mozilla/5.0 (Windows NT 10.0; Win64; x64) AppleWebKit/537.36 (KHTML, like Gecko) Chrome/114.0.0.0 Safari/537.36"
198.38.94.67 - - [21/Jul/2026:16:06:20 +0000] "GET /?p=3285 HTTP/1.1" 404 20727 "-" "Mozilla/5.0 (iPhone; CPU iPhone OS 16_5 like Mac OS X) AppleWebKit/605.1.15 (KHTML, like Gecko) CriOS/114.0.5735.99 Mobile/15E148 Safari/604.1"
198.38.94.67 - - [21/Jul/2026:16:06:29 +0000] "POST /wp-cron.php?doing_wp_cron=1784649989.1956799030303955078125 HTTP/1.1" 200 0 "-" "WordPress/6.9.1; https://www.sunsetbarbers.ae"
57.141.0.8 - - [21/Jul/2026:16:06:28 +0000] "GET /products/16429643 HTTP/2" 301 0 "-" "Mozilla/5.0 (Windows NT 10.0; Win64; x64) AppleWebKit/537.36 (KHTML, like Gecko) Chrome/145.0.0.0 Safari/537.36 (compatible; meta-externalagent/1.1 (+https://developers.facebook.com/docs/sharing/webmasters/crawler))"
57.141.0.69 - - [21/Jul/2026:16:06:33 +0000] "GET /products/26192509 HTTP/2" 301 0 "-" "Mozilla/5.0 (Windows NT 10.0; Win64; x64) AppleWebKit/537.36 (KHTML, like Gecko) Chrome/145.0.0.0 Safari/537.36 (compatible; meta-externalagent/1.1 (+https://developers.facebook.com/docs/sharing/webmasters/crawler))"
57.141.0.14 - - [21/Jul/2026:16:06:39 +0000] "GET /products/29422210 HTTP/2" 301 0 "-" "Mozilla/5.0 (Windows NT 10.0; Win64; x64) AppleWebKit/537.36 (KHTML, like Gecko) Chrome/145.0.0.0 Safari/537.36 (compatible; meta-externalagent/1.1 (+https://developers.facebook.com/docs/sharing/webmasters/crawler))"
198.38.94.67 - - [21/Jul/2026:16:06:54 +0000] "POST /wp-cron.php?doing_wp_cron=1784650014.8229670524597167968750 HTTP/1.1" 200 0 "-" "WordPress/6.9.1; https://www.sunsetbarbers.ae"
57.141.0.45 - - [21/Jul/2026:16:06:54 +0000] "GET /products/25424121 HTTP/2" 301 0 "-" "Mozilla/5.0 (Windows NT 10.0; Win64; x64) AppleWebKit/537.36 (KHTML, like Gecko) Chrome/145.0.0.0 Safari/537.36 (compatible; meta-externalagent/1.1 (+https://developers.facebook.com/docs/sharing/webmasters/crawler))"
57.141.0.14 - - [21/Jul/2026:16:07:08 +0000] "GET /products/15059521 HTTP/2" 301 0 "-" "Mozilla/5.0 (Macintosh; Intel Mac OS X 10_15_7) AppleWebKit/537.36 (KHTML, like Gecko) Chrome/145.0.0.0 Safari/537.36 (compatible; meta-externalagent/1.1 (+https://developers.facebook.com/docs/sharing/webmasters/crawler))"
57.141.0.46 - - [21/Jul/2026:16:07:16 +0000] "GET /products/20058832 HTTP/2" 301 0 "-" "Mozilla/5.0 (X11; Linux x86_64) AppleWebKit/537.36 (KHTML, like Gecko) Chrome/145.0.0.0 Safari/537.36 (compatible; meta-externalagent/1.1 (+https://developers.facebook.com/docs/sharing/webmasters/crawler))"
198.38.94.67 - - [21/Jul/2026:16:07:59 +0000] "POST /wp-cron.php?doing_wp_cron=1784650079.2869060039520263671875 HTTP/1.1" 200 0 "-" "WordPress/6.9.1; https://www.sunsetbarbers.ae"
57.141.0.60 - - [21/Jul/2026:16:07:59 +0000] "GET /products/2918798 HTTP/2" 301 0 "-" "Mozilla/5.0 (Windows NT 10.0; Win64; x64) AppleWebKit/537.36 (KHTML, like Gecko) Chrome/145.0.0.0 Safari/537.36 (compatible; meta-externalagent/1.1 (+https://developers.facebook.com/docs/sharing/webmasters/crawler))"
198.38.94.67 - - [21/Jul/2026:16:07:59 +0000] "GET /?p=3283 HTTP/1.1" 404 20730 "-" "Mozilla/5.0 (Windows NT 10.0; Win64; x64) AppleWebKit/537.36 (KHTML, like Gecko) Chrome/114.0.0.0 Safari/537.36"
198.38.94.67 - - [21/Jul/2026:16:07:59 +0000] "GET /?p=3283 HTTP/1.1" 404 20727 "-" "Mozilla/5.0 (iPhone; CPU iPhone OS 16_5 like Mac OS X) AppleWebKit/605.1.15 (KHTML, like Gecko) CriOS/114.0.5735.99 Mobile/15E148 Safari/604.1"
198.38.94.67 - - [21/Jul/2026:16:08:00 +0000] "GET /?p=3281 HTTP/1.1" 404 20730 "-" "Mozilla/5.0 (Windows NT 10.0; Win64; x64) AppleWebKit/537.36 (KHTML, like Gecko) Chrome/114.0.0.0 Safari/537.36"
198.38.94.67 - - [21/Jul/2026:16:08:00 +0000] "GET /?p=3281 HTTP/1.1" 404 20727 "-" "Mozilla/5.0 (iPhone; CPU iPhone OS 16_5 like Mac OS X) AppleWebKit/605.1.15 (KHTML, like Gecko) CriOS/114.0.5735.99 Mobile/15E148 Safari/604.1"
198.38.94.67 - - [21/Jul/2026:16:08:00 +0000] "GET /?p=3278 HTTP/1.1" 404 20730 "-" "Mozilla/5.0 (Windows NT 10.0; Win64; x64) AppleWebKit/537.36 (KHTML, like Gecko) Chrome/114.0.0.0 Safari/537.36"
198.38.94.67 - - [21/Jul/2026:16:08:00 +0000] "GET /?p=3278 HTTP/1.1" 404 20727 "-" "Mozilla/5.0 (iPhone; CPU iPhone OS 16_5 like Mac OS X) AppleWebKit/605.1.15 (KHTML, like Gecko) CriOS/114.0.5735.99 Mobile/15E148 Safari/604.1"
198.38.94.67 - - [21/Jul/2026:16:08:01 +0000] "GET /?p=3207 HTTP/1.1" 404 20730 "-" "Mozilla/5.0 (Windows NT 10.0; Win64; x64) AppleWebKit/537.36 (KHTML, like Gecko) Chrome/114.0.0.0 Safari/537.36"
198.38.94.67 - - [21/Jul/2026:16:08:01 +0000] "GET /?p=3207 HTTP/1.1" 404 20727 "-" "Mozilla/5.0 (iPhone; CPU iPhone OS 16_5 like Mac OS X) AppleWebKit/605.1.15 (KHTML, like Gecko) CriOS/114.0.5735.99 Mobile/15E148 Safari/604.1"
198.38.94.67 - - [21/Jul/2026:16:08:01 +0000] "GET /?p=3206 HTTP/1.1" 404 20730 "-" "Mozilla/5.0 (Windows NT 10.0; Win64; x64) AppleWebKit/537.36 (KHTML, like Gecko) Chrome/114.0.0.0 Safari/537.36"
198.38.94.67 - - [21/Jul/2026:16:08:01 +0000] "GET /?p=3206 HTTP/1.1" 404 20727 "-" "Mozilla/5.0 (iPhone; CPU iPhone OS 16_5 like Mac OS X) AppleWebKit/605.1.15 (KHTML, like Gecko) CriOS/114.0.5735.99 Mobile/15E148 Safari/604.1"
198.38.94.67 - - [21/Jul/2026:16:08:02 +0000] "GET /?p=3204 HTTP/1.1" 404 20723 "-" "Mozilla/5.0 (Windows NT 10.0; Win64; x64) AppleWebKit/537.36 (KHTML, like Gecko) Chrome/114.0.0.0 Safari/537.36"
198.38.94.67 - - [21/Jul/2026:16:08:02 +0000] "GET /?p=3204 HTTP/1.1" 404 20727 "-" "Mozilla/5.0 (iPhone; CPU iPhone OS 16_5 like Mac OS X) AppleWebKit/605.1.15 (KHTML, like Gecko) CriOS/114.0.5735.99 Mobile/15E148 Safari/604.1"
198.38.94.67 - - [21/Jul/2026:16:08:02 +0000] "GET /?p=3203 HTTP/1.1" 404 20730 "-" "Mozilla/5.0 (Windows NT 10.0; Win64; x64) AppleWebKit/537.36 (KHTML, like Gecko) Chrome/114.0.0.0 Safari/537.36"
198.38.94.67 - - [21/Jul/2026:16:08:03 +0000] "GET /?p=3203 HTTP/1.1" 404 20727 "-" "Mozilla/5.0 (iPhone; CPU iPhone OS 16_5 like Mac OS X) AppleWebKit/605.1.15 (KHTML, like Gecko) CriOS/114.0.5735.99 Mobile/15E148 Safari/604.1"
198.38.94.67 - - [21/Jul/2026:16:08:03 +0000] "GET /?p=3202 HTTP/1.1" 404 20730 "-" "Mozilla/5.0 (Windows NT 10.0; Win64; x64) AppleWebKit/537.36 (KHTML, like Gecko) Chrome/114.0.0.0 Safari/537.36"
198.38.94.67 - - [21/Jul/2026:16:08:03 +0000] "GET /?p=3202 HTTP/1.1" 404 20727 "-" "Mozilla/5.0 (iPhone; CPU iPhone OS 16_5 like Mac OS X) AppleWebKit/605.1.15 (KHTML, like Gecko) CriOS/114.0.5735.99 Mobile/15E148 Safari/604.1"
198.38.94.67 - - [21/Jul/2026:16:08:03 +0000] "GET /?p=3200 HTTP/1.1" 404 20730 "-" "Mozilla/5.0 (Windows NT 10.0; Win64; x64) AppleWebKit/537.36 (KHTML, like Gecko) Chrome/114.0.0.0 Safari/537.36"
198.38.94.67 - - [21/Jul/2026:16:08:03 +0000] "GET /?p=3200 HTTP/1.1" 404 20727 "-" "Mozilla/5.0 (iPhone; CPU iPhone OS 16_5 like Mac OS X) AppleWebKit/605.1.15 (KHTML, like Gecko) CriOS/114.0.5735.99 Mobile/15E148 Safari/604.1"
198.38.94.67 - - [21/Jul/2026:16:08:04 +0000] "GET /?p=3199 HTTP/1.1" 404 20730 "-" "Mozilla/5.0 (Windows NT 10.0; Win64; x64) AppleWebKit/537.36 (KHTML, like Gecko) Chrome/114.0.0.0 Safari/537.36"
