57.141.0.67 - - [21/Jul/2026:19:14:28 +0000] "GET /products/21477187 HTTP/2" 301 0 "-" "Mozilla/5.0 (Windows NT 10.0; Win64; x64) AppleWebKit/537.36 (KHTML, like Gecko) Chrome/145.0.0.0 Safari/537.36 (compatible; meta-externalagent/1.1 (+https://developers.facebook.com/docs/sharing/webmasters/crawler))"
57.141.0.16 - - [21/Jul/2026:19:14:28 +0000] "GET /products/20799787 HTTP/2" 301 0 "-" "Mozilla/5.0 (Windows NT 10.0; Win64; x64) AppleWebKit/537.36 (KHTML, like Gecko) Chrome/145.0.0.0 Safari/537.36 (compatible; meta-externalagent/1.1 (+https://developers.facebook.com/docs/sharing/webmasters/crawler))"
57.141.0.67 - - [21/Jul/2026:19:14:38 +0000] "GET /products/29252787 HTTP/2" 301 0 "-" "Mozilla/5.0 (Windows NT 10.0; Win64; x64) AppleWebKit/537.36 (KHTML, like Gecko) Chrome/145.0.0.0 Safari/537.36 (compatible; meta-externalagent/1.1 (+https://developers.facebook.com/docs/sharing/webmasters/crawler))"
198.38.94.67 - - [21/Jul/2026:19:15:33 +0000] "POST /wp-cron.php?doing_wp_cron=1784661333.4329109191894531250000 HTTP/1.1" 200 0 "-" "WordPress/6.9.1; https://www.sunsetbarbers.ae"
57.141.0.13 - - [21/Jul/2026:19:15:33 +0000] "GET /products/23680487 HTTP/2" 301 0 "-" "Mozilla/5.0 (Windows NT 10.0; Win64; x64) AppleWebKit/537.36 (KHTML, like Gecko) Chrome/145.0.0.0 Safari/537.36 (compatible; meta-externalagent/1.1 (+https://developers.facebook.com/docs/sharing/webmasters/crawler))"
57.141.0.50 - - [21/Jul/2026:19:15:38 +0000] "GET /products/21921532 HTTP/2" 301 0 "-" "Mozilla/5.0 (Windows NT 10.0; Win64; x64) AppleWebKit/537.36 (KHTML, like Gecko) Chrome/145.0.0.0 Safari/537.36 (compatible; meta-externalagent/1.1 (+https://developers.facebook.com/docs/sharing/webmasters/crawler))"
57.141.0.32 - - [21/Jul/2026:19:15:46 +0000] "GET /products/29789210 HTTP/2" 301 0 "-" "Mozilla/5.0 (Macintosh; Intel Mac OS X 10_15_7) AppleWebKit/537.36 (KHTML, like Gecko) Chrome/145.0.0.0 Safari/537.36 (compatible; meta-externalagent/1.1 (+https://developers.facebook.com/docs/sharing/webmasters/crawler))"
57.141.0.14 - - [21/Jul/2026:19:16:04 +0000] "GET /products/23215910 HTTP/2" 301 0 "-" "Mozilla/5.0 (Macintosh; Intel Mac OS X 10_15_7) AppleWebKit/537.36 (KHTML, like Gecko) Chrome/145.0.0.0 Safari/537.36 (compatible; meta-externalagent/1.1 (+https://developers.facebook.com/docs/sharing/webmasters/crawler))"
57.141.0.70 - - [21/Jul/2026:19:16:05 +0000] "GET /products/21276687 HTTP/2" 301 0 "-" "Mozilla/5.0 (Windows NT 10.0; Win64; x64) AppleWebKit/537.36 (KHTML, like Gecko) Chrome/145.0.0.0 Safari/537.36 (compatible; meta-externalagent/1.1 (+https://developers.facebook.com/docs/sharing/webmasters/crawler))"
57.141.0.62 - - [21/Jul/2026:19:16:07 +0000] "GET /products/9298443 HTTP/2" 301 0 "-" "Mozilla/5.0 (Windows NT 10.0; Win64; x64) AppleWebKit/537.36 (KHTML, like Gecko) Chrome/145.0.0.0 Safari/537.36 (compatible; meta-externalagent/1.1 (+https://developers.facebook.com/docs/sharing/webmasters/crawler))"
57.141.0.16 - - [21/Jul/2026:19:16:10 +0000] "GET /products/18432021 HTTP/2" 301 0 "-" "Mozilla/5.0 (Windows NT 10.0; Win64; x64) AppleWebKit/537.36 (KHTML, like Gecko) Chrome/145.0.0.0 Safari/537.36 (compatible; meta-externalagent/1.1 (+https://developers.facebook.com/docs/sharing/webmasters/crawler))"
198.38.94.67 - - [21/Jul/2026:19:16:31 +0000] "POST /wp-cron.php?doing_wp_cron=1784661391.6764810085296630859375 HTTP/1.1" 200 0 "-" "WordPress/6.9.1; https://www.sunsetbarbers.ae"
57.141.0.24 - - [21/Jul/2026:19:16:31 +0000] "GET /products/25988587 HTTP/2" 301 0 "-" "Mozilla/5.0 (X11; Linux x86_64) AppleWebKit/537.36 (KHTML, like Gecko) Chrome/145.0.0.0 Safari/537.36 (compatible; meta-externalagent/1.1 (+https://developers.facebook.com/docs/sharing/webmasters/crawler))"
57.141.0.45 - - [21/Jul/2026:19:16:32 +0000] "GET /products/3414510 HTTP/2" 301 0 "-" "Mozilla/5.0 (Windows NT 10.0; Win64; x64) AppleWebKit/537.36 (KHTML, like Gecko) Chrome/145.0.0.0 Safari/537.36 (compatible; meta-externalagent/1.1 (+https://developers.facebook.com/docs/sharing/webmasters/crawler))"
57.141.0.37 - - [21/Jul/2026:19:16:54 +0000] "GET /products/23680121 HTTP/2" 301 0 "-" "Mozilla/5.0 (Windows NT 10.0; Win64; x64) AppleWebKit/537.36 (KHTML, like Gecko) Chrome/145.0.0.0 Safari/537.36 (compatible; meta-externalagent/1.1 (+https://developers.facebook.com/docs/sharing/webmasters/crawler))"
57.141.0.35 - - [21/Jul/2026:19:17:04 +0000] "GET /products/30730510 HTTP/2" 301 0 "-" "Mozilla/5.0 (Macintosh; Intel Mac OS X 10_15_7) AppleWebKit/537.36 (KHTML, like Gecko) Chrome/145.0.0.0 Safari/537.36 (compatible; meta-externalagent/1.1 (+https://developers.facebook.com/docs/sharing/webmasters/crawler))"
57.141.0.23 - - [21/Jul/2026:19:17:10 +0000] "GET /products/28293076 HTTP/2" 301 0 "-" "Mozilla/5.0 (Windows NT 10.0; Win64; x64) AppleWebKit/537.36 (KHTML, like Gecko) Chrome/145.0.0.0 Safari/537.36 Edg/145.0.0.0 (compatible; meta-externalagent/1.1 (+https://developers.facebook.com/docs/sharing/webmasters/crawler))"
57.141.0.11 - - [21/Jul/2026:19:17:10 +0000] "GET /products/31295087 HTTP/2" 301 0 "-" "Mozilla/5.0 (Windows NT 10.0; Win64; x64) AppleWebKit/537.36 (KHTML, like Gecko) Chrome/145.0.0.0 Safari/537.36 Edg/145.0.0.0 (compatible; meta-externalagent/1.1 (+https://developers.facebook.com/docs/sharing/webmasters/crawler))"
198.38.94.67 - - [21/Jul/2026:19:17:22 +0000] "POST /wp-cron.php?doing_wp_cron=1784661442.4439370632171630859375 HTTP/1.1" 200 0 "-" "WordPress/6.9.1; https://www.sunsetbarbers.ae"
57.141.0.38 - - [21/Jul/2026:19:17:22 +0000] "GET /products/16965410 HTTP/2" 301 0 "-" "Mozilla/5.0 (Windows NT 10.0; Win64; x64) AppleWebKit/537.36 (KHTML, like Gecko) Chrome/145.0.0.0 Safari/537.36 (compatible; meta-externalagent/1.1 (+https://developers.facebook.com/docs/sharing/webmasters/crawler))"
57.141.0.13 - - [21/Jul/2026:19:17:26 +0000] "GET /products/21353210 HTTP/2" 301 0 "-" "Mozilla/5.0 (Windows NT 10.0; Win64; x64) AppleWebKit/537.36 (KHTML, like Gecko) Chrome/145.0.0.0 Safari/537.36 (compatible; meta-externalagent/1.1 (+https://developers.facebook.com/docs/sharing/webmasters/crawler))"
57.141.0.23 - - [21/Jul/2026:19:17:28 +0000] "GET /products/17612609 HTTP/2" 301 0 "-" "Mozilla/5.0 (Windows NT 10.0; Win64; x64) AppleWebKit/537.36 (KHTML, like Gecko) Chrome/145.0.0.0 Safari/537.36 (compatible; meta-externalagent/1.1 (+https://developers.facebook.com/docs/sharing/webmasters/crawler))"
92.222.104.196 - - [21/Jul/2026:19:17:31 +0000] "GET /shop/jiujutsus/triaxiality9218255382.html HTTP/2" 404 18399 "-" "Mozilla/5.0 (compatible; AhrefsBot/7.0; +http://ahrefs.com/robot/)"
57.141.0.26 - - [21/Jul/2026:19:17:50 +0000] "GET /products/23103032 HTTP/2" 301 0 "-" "Mozilla/5.0 (X11; Linux x86_64) AppleWebKit/537.36 (KHTML, like Gecko) Chrome/145.0.0.0 Safari/537.36 (compatible; meta-externalagent/1.1 (+https://developers.facebook.com/docs/sharing/webmasters/crawler))"
57.141.0.20 - - [21/Jul/2026:19:18:02 +0000] "GET /products/14823609 HTTP/2" 301 0 "-" "Mozilla/5.0 (Macintosh; Intel Mac OS X 10_15_7) AppleWebKit/537.36 (KHTML, like Gecko) Chrome/145.0.0.0 Safari/537.36 (compatible; meta-externalagent/1.1 (+https://developers.facebook.com/docs/sharing/webmasters/crawler))"
198.38.94.67 - - [21/Jul/2026:19:18:24 +0000] "POST /wp-cron.php?doing_wp_cron=1784661504.6962809562683105468750 HTTP/1.1" 200 0 "-" "WordPress/6.9.1; https://www.sunsetbarbers.ae"
57.141.0.14 - - [21/Jul/2026:19:18:24 +0000] "GET /products/24350009 HTTP/2" 301 0 "-" "Mozilla/5.0 (Windows NT 10.0; Win64; x64) AppleWebKit/537.36 (KHTML, like Gecko) Chrome/145.0.0.0 Safari/537.36 (compatible; meta-externalagent/1.1 (+https://developers.facebook.com/docs/sharing/webmasters/crawler))"
57.141.0.36 - - [21/Jul/2026:19:18:35 +0000] "GET /products/6172609 HTTP/2" 301 0 "-" "Mozilla/5.0 (Windows NT 10.0; Win64; x64) AppleWebKit/537.36 (KHTML, like Gecko) Chrome/145.0.0.0 Safari/537.36 (compatible; meta-externalagent/1.1 (+https://developers.facebook.com/docs/sharing/webmasters/crawler))"
57.141.0.60 - - [21/Jul/2026:19:18:37 +0000] "GET /products/13456932 HTTP/2" 301 0 "-" "Mozilla/5.0 (Windows NT 10.0; Win64; x64) AppleWebKit/537.36 (KHTML, like Gecko) Chrome/145.0.0.0 Safari/537.36 (compatible; meta-externalagent/1.1 (+https://developers.facebook.com/docs/sharing/webmasters/crawler))"
57.141.0.20 - - [21/Jul/2026:19:19:15 +0000] "GET /products/21414921 HTTP/2" 301 0 "-" "Mozilla/5.0 (Windows NT 10.0; Win64; x64) AppleWebKit/537.36 (KHTML, like Gecko) Chrome/145.0.0.0 Safari/537.36 (compatible; meta-externalagent/1.1 (+https://developers.facebook.com/docs/sharing/webmasters/crawler))"
198.38.94.67 - - [21/Jul/2026:19:19:24 +0000] "POST /wp-cron.php?doing_wp_cron=1784661564.7542710304260253906250 HTTP/1.1" 200 0 "-" "WordPress/6.9.1; https://www.sunsetbarbers.ae"
57.141.0.26 - - [21/Jul/2026:19:19:24 +0000] "GET /products/23859498 HTTP/2" 301 0 "-" "Mozilla/5.0 (Windows NT 10.0; Win64; x64) AppleWebKit/537.36 (KHTML, like Gecko) Chrome/145.0.0.0 Safari/537.36 Edg/145.0.0.0 (compatible; meta-externalagent/1.1 (+https://developers.facebook.com/docs/sharing/webmasters/crawler))"
57.141.0.10 - - [21/Jul/2026:19:19:33 +0000] "GET /products/9675810 HTTP/2" 301 0 "-" "Mozilla/5.0 (Windows NT 10.0; Win64; x64) AppleWebKit/537.36 (KHTML, like Gecko) Chrome/145.0.0.0 Safari/537.36 (compatible; meta-externalagent/1.1 (+https://developers.facebook.com/docs/sharing/webmasters/crawler))"
38.253.224.42 - - [21/Jul/2026:19:19:33 +0000] "GET / HTTP/1.1" 301 0 "-" "Mozilla/5.0 (compatible; Googlebot/2.1; +http://www.google.com/bot.html)"
38.253.224.42 - - [21/Jul/2026:19:19:36 +0000] "GET / HTTP/1.1" 200 22744 "https://www.sunsetbarbers.ae.azfilmstudios.com/" "Mozilla/5.0 (compatible; Googlebot/2.1; +http://www.google.com/bot.html)"
57.141.0.45 - - [21/Jul/2026:19:19:47 +0000] "GET /products/11987621 HTTP/2" 301 0 "-" "Mozilla/5.0 (Windows NT 10.0; Win64; x64) AppleWebKit/537.36 (KHTML, like Gecko) Chrome/145.0.0.0 Safari/537.36 (compatible; meta-externalagent/1.1 (+https://developers.facebook.com/docs/sharing/webmasters/crawler))"
57.141.0.21 - - [21/Jul/2026:19:20:01 +0000] "GET /products/22899254 HTTP/2" 301 0 "-" "Mozilla/5.0 (Macintosh; Intel Mac OS X 10_15_7) AppleWebKit/537.36 (KHTML, like Gecko) Chrome/145.0.0.0 Safari/537.36 (compatible; meta-externalagent/1.1 (+https://developers.facebook.com/docs/sharing/webmasters/crawler))"
198.38.94.67 - - [21/Jul/2026:19:20:21 +0000] "POST /wp-cron.php?doing_wp_cron=1784661621.5149528980255126953125 HTTP/1.1" 200 0 "-" "WordPress/6.9.1; https://www.sunsetbarbers.ae"
57.141.0.38 - - [21/Jul/2026:19:20:21 +0000] "GET /products/12117854 HTTP/2" 301 0 "-" "Mozilla/5.0 (X11; Linux x86_64) AppleWebKit/537.36 (KHTML, like Gecko) Chrome/145.0.0.0 Safari/537.36 (compatible; meta-externalagent/1.1 (+https://developers.facebook.com/docs/sharing/webmasters/crawler))"
57.141.0.13 - - [21/Jul/2026:19:20:22 +0000] "GET /products/24914576 HTTP/2" 301 0 "-" "Mozilla/5.0 (Macintosh; Intel Mac OS X 10_15_7) AppleWebKit/537.36 (KHTML, like Gecko) Chrome/145.0.0.0 Safari/537.36 (compatible; meta-externalagent/1.1 (+https://developers.facebook.com/docs/sharing/webmasters/crawler))"
57.141.0.22 - - [21/Jul/2026:19:20:24 +0000] "GET /products/9573798 HTTP/2" 301 0 "-" "Mozilla/5.0 (Macintosh; Intel Mac OS X 10_15_7) AppleWebKit/537.36 (KHTML, like Gecko) Chrome/145.0.0.0 Safari/537.36 (compatible; meta-externalagent/1.1 (+https://developers.facebook.com/docs/sharing/webmasters/crawler))"
57.141.0.52 - - [21/Jul/2026:19:20:25 +0000] "GET /products/28285254 HTTP/2" 301 0 "-" "Mozilla/5.0 (Macintosh; Intel Mac OS X 10_15_7) AppleWebKit/537.36 (KHTML, like Gecko) Chrome/145.0.0.0 Safari/537.36 (compatible; meta-externalagent/1.1 (+https://developers.facebook.com/docs/sharing/webmasters/crawler))"
57.141.0.7 - - [21/Jul/2026:19:20:29 +0000] "GET /products/30725465 HTTP/2" 301 0 "-" "Mozilla/5.0 (Macintosh; Intel Mac OS X 10_15_7) AppleWebKit/537.36 (KHTML, like Gecko) Chrome/145.0.0.0 Safari/537.36 (compatible; meta-externalagent/1.1 (+https://developers.facebook.com/docs/sharing/webmasters/crawler))"
57.141.0.35 - - [21/Jul/2026:19:20:44 +0000] "GET /products/25309009 HTTP/2" 301 0 "-" "Mozilla/5.0 (Windows NT 10.0; Win64; x64) AppleWebKit/537.36 (KHTML, like Gecko) Chrome/145.0.0.0 Safari/537.36 (compatible; meta-externalagent/1.1 (+https://developers.facebook.com/docs/sharing/webmasters/crawler))"
57.141.0.26 - - [21/Jul/2026:19:20:48 +0000] "GET /products/19264487 HTTP/2" 301 0 "-" "Mozilla/5.0 (Macintosh; Intel Mac OS X 10_15_7) AppleWebKit/537.36 (KHTML, like Gecko) Chrome/145.0.0.0 Safari/537.36 (compatible; meta-externalagent/1.1 (+https://developers.facebook.com/docs/sharing/webmasters/crawler))"
57.141.0.5 - - [21/Jul/2026:19:20:57 +0000] "GET /products/11846332 HTTP/2" 301 0 "-" "Mozilla/5.0 (Windows NT 10.0; Win64; x64) AppleWebKit/537.36 (KHTML, like Gecko) Chrome/145.0.0.0 Safari/537.36 (compatible; meta-externalagent/1.1 (+https://developers.facebook.com/docs/sharing/webmasters/crawler))"
57.141.0.62 - - [21/Jul/2026:19:20:57 +0000] "GET /products/1414943 HTTP/2" 301 0 "-" "Mozilla/5.0 (X11; Linux x86_64) AppleWebKit/537.36 (KHTML, like Gecko) Chrome/145.0.0.0 Safari/537.36 (compatible; meta-externalagent/1.1 (+https://developers.facebook.com/docs/sharing/webmasters/crawler))"
57.141.0.25 - - [21/Jul/2026:19:21:03 +0000] "GET /products/12276798 HTTP/2" 301 0 "-" "Mozilla/5.0 (Windows NT 10.0; Win64; x64) AppleWebKit/537.36 (KHTML, like Gecko) Chrome/145.0.0.0 Safari/537.36 (compatible; meta-externalagent/1.1 (+https://developers.facebook.com/docs/sharing/webmasters/crawler))"
57.141.0.10 - - [21/Jul/2026:19:21:03 +0000] "GET /products/13592309 HTTP/2" 301 0 "-" "Mozilla/5.0 (Macintosh; Intel Mac OS X 10_15_7) AppleWebKit/537.36 (KHTML, like Gecko) Chrome/145.0.0.0 Safari/537.36 (compatible; meta-externalagent/1.1 (+https://developers.facebook.com/docs/sharing/webmasters/crawler))"
57.141.0.71 - - [21/Jul/2026:19:21:08 +0000] "GET /products/9414187 HTTP/2" 301 0 "-" "Mozilla/5.0 (Windows NT 10.0; Win64; x64) AppleWebKit/537.36 (KHTML, like Gecko) Chrome/145.0.0.0 Safari/537.36 (compatible; meta-externalagent/1.1 (+https://developers.facebook.com/docs/sharing/webmasters/crawler))"
57.141.0.30 - - [21/Jul/2026:19:21:10 +0000] "GET /products/8359709 HTTP/2" 301 0 "-" "Mozilla/5.0 (Windows NT 10.0; Win64; x64) AppleWebKit/537.36 (KHTML, like Gecko) Chrome/145.0.0.0 Safari/537.36 (compatible; meta-externalagent/1.1 (+https://developers.facebook.com/docs/sharing/webmasters/crawler))"
57.141.0.70 - - [21/Jul/2026:19:21:15 +0000] "GET /products/28499887 HTTP/2" 301 0 "-" "Mozilla/5.0 (Windows NT 10.0; Win64; x64) AppleWebKit/537.36 (KHTML, like Gecko) Chrome/145.0.0.0 Safari/537.36 (compatible; meta-externalagent/1.1 (+https://developers.facebook.com/docs/sharing/webmasters/crawler))"
57.141.0.53 - - [21/Jul/2026:19:21:16 +0000] "GET /products/26732332 HTTP/2" 301 0 "-" "Mozilla/5.0 (Windows NT 10.0; Win64; x64) AppleWebKit/537.36 (KHTML, like Gecko) Chrome/145.0.0.0 Safari/537.36 (compatible; meta-externalagent/1.1 (+https://developers.facebook.com/docs/sharing/webmasters/crawler))"
198.38.94.67 - - [21/Jul/2026:19:21:32 +0000] "POST /wp-cron.php?doing_wp_cron=1784661692.0670440196990966796875 HTTP/1.1" 200 0 "-" "WordPress/6.9.1; https://www.sunsetbarbers.ae"
57.141.0.11 - - [21/Jul/2026:19:21:31 +0000] "GET /products/5036965 HTTP/2" 301 0 "-" "Mozilla/5.0 (Windows NT 10.0; Win64; x64) AppleWebKit/537.36 (KHTML, like Gecko) Chrome/145.0.0.0 Safari/537.36 (compatible; meta-externalagent/1.1 (+https://developers.facebook.com/docs/sharing/webmasters/crawler))"
57.141.0.7 - - [21/Jul/2026:19:21:37 +0000] "GET /products/24565376 HTTP/2" 301 0 "-" "Mozilla/5.0 (Windows NT 10.0; Win64; x64) AppleWebKit/537.36 (KHTML, like Gecko) Chrome/145.0.0.0 Safari/537.36 (compatible; meta-externalagent/1.1 (+https://developers.facebook.com/docs/sharing/webmasters/crawler))"
57.141.0.10 - - [21/Jul/2026:19:21:42 +0000] "GET /products/28874698 HTTP/2" 301 0 "-" "Mozilla/5.0 (Macintosh; Intel Mac OS X 10_15_7) AppleWebKit/537.36 (KHTML, like Gecko) Chrome/145.0.0.0 Safari/537.36 (compatible; meta-externalagent/1.1 (+https://developers.facebook.com/docs/sharing/webmasters/crawler))"
54.37.118.82 - - [21/Jul/2026:19:21:47 +0000] "GET /shop/interfibrillary/buboed7794968306.html HTTP/2" 404 18399 "-" "Mozilla/5.0 (compatible; AhrefsBot/7.0; +http://ahrefs.com/robot/)"
57.141.0.11 - - [21/Jul/2026:19:21:53 +0000] "GET /products/1944087 HTTP/2" 301 0 "-" "Mozilla/5.0 (Windows NT 10.0; Win64; x64) AppleWebKit/537.36 (KHTML, like Gecko) Chrome/145.0.0.0 Safari/537.36 (compatible; meta-externalagent/1.1 (+https://developers.facebook.com/docs/sharing/webmasters/crawler))"
57.141.0.69 - - [21/Jul/2026:19:21:54 +0000] "GET /products/31050176 HTTP/2" 301 0 "-" "Mozilla/5.0 (X11; Linux x86_64) AppleWebKit/537.36 (KHTML, like Gecko) Chrome/145.0.0.0 Safari/537.36 (compatible; meta-externalagent/1.1 (+https://developers.facebook.com/docs/sharing/webmasters/crawler))"
57.141.0.36 - - [21/Jul/2026:19:21:58 +0000] "GET /products/16256365 HTTP/2" 301 0 "-" "Mozilla/5.0 (X11; Linux x86_64) AppleWebKit/537.36 (KHTML, like Gecko) Chrome/145.0.0.0 Safari/537.36 (compatible; meta-externalagent/1.1 (+https://developers.facebook.com/docs/sharing/webmasters/crawler))"
57.141.0.69 - - [21/Jul/2026:19:22:17 +0000] "GET /products/2413887 HTTP/2" 301 0 "-" "Mozilla/5.0 (Windows NT 10.0; Win64; x64) AppleWebKit/537.36 (KHTML, like Gecko) Chrome/145.0.0.0 Safari/537.36 (compatible; meta-externalagent/1.1 (+https://developers.facebook.com/docs/sharing/webmasters/crawler))"
198.38.94.67 - - [21/Jul/2026:19:22:19 +0000] "POST /wp-cron.php?doing_wp_cron=1784661739.0686659812927246093750 HTTP/1.1" 200 0 "-" "WordPress/6.9.1; https://www.sunsetbarbers.ae"
57.141.0.45 - - [21/Jul/2026:19:22:18 +0000] "GET /products/26525787 HTTP/2" 301 0 "-" "Mozilla/5.0 (Windows NT 10.0; Win64; x64) AppleWebKit/537.36 (KHTML, like Gecko) Chrome/145.0.0.0 Safari/537.36 Edg/145.0.0.0 (compatible; meta-externalagent/1.1 (+https://developers.facebook.com/docs/sharing/webmasters/crawler))"
57.141.0.61 - - [21/Jul/2026:19:22:26 +0000] "GET /products/31298032 HTTP/2" 301 0 "-" "Mozilla/5.0 (Macintosh; Intel Mac OS X 10_15_7) AppleWebKit/537.36 (KHTML, like Gecko) Chrome/145.0.0.0 Safari/537.36 (compatible; meta-externalagent/1.1 (+https://developers.facebook.com/docs/sharing/webmasters/crawler))"
57.141.0.15 - - [21/Jul/2026:19:22:29 +0000] "GET /products/28612887 HTTP/2" 301 0 "-" "Mozilla/5.0 (Windows NT 10.0; Win64; x64) AppleWebKit/537.36 (KHTML, like Gecko) Chrome/145.0.0.0 Safari/537.36 (compatible; meta-externalagent/1.1 (+https://developers.facebook.com/docs/sharing/webmasters/crawler))"
57.141.0.4 - - [21/Jul/2026:19:22:56 +0000] "GET /sitemap178.xml HTTP/2" 301 0 "-" "Mozilla/5.0 (Windows NT 10.0; Win64; x64) AppleWebKit/537.36 (KHTML, like Gecko) Chrome/145.0.0.0 Safari/537.36 (compatible; meta-externalagent/1.1 (+https://developers.facebook.com/docs/sharing/webmasters/crawler))"
57.141.0.24 - - [21/Jul/2026:19:23:18 +0000] "GET /products/29018098 HTTP/2" 301 0 "-" "Mozilla/5.0 (Windows NT 10.0; Win64; x64) AppleWebKit/537.36 (KHTML, like Gecko) Chrome/145.0.0.0 Safari/537.36 Edg/145.0.0.0 (compatible; meta-externalagent/1.1 (+https://developers.facebook.com/docs/sharing/webmasters/crawler))"
198.38.94.67 - - [21/Jul/2026:19:23:21 +0000] "POST /wp-cron.php?doing_wp_cron=1784661801.6304230690002441406250 HTTP/1.1" 200 0 "-" "WordPress/6.9.1; https://www.sunsetbarbers.ae"
57.141.0.27 - - [21/Jul/2026:19:23:21 +0000] "GET /products/27999710 HTTP/2" 301 0 "-" "Mozilla/5.0 (Windows NT 10.0; Win64; x64) AppleWebKit/537.36 (KHTML, like Gecko) Chrome/145.0.0.0 Safari/537.36 (compatible; meta-externalagent/1.1 (+https://developers.facebook.com/docs/sharing/webmasters/crawler))"
57.141.0.22 - - [21/Jul/2026:19:23:24 +0000] "GET /products/18033843 HTTP/2" 301 0 "-" "Mozilla/5.0 (Windows NT 10.0; Win64; x64) AppleWebKit/537.36 (KHTML, like Gecko) Chrome/145.0.0.0 Safari/537.36 (compatible; meta-externalagent/1.1 (+https://developers.facebook.com/docs/sharing/webmasters/crawler))"
57.141.0.28 - - [21/Jul/2026:19:23:27 +0000] "GET /products/5080687 HTTP/2" 301 0 "-" "Mozilla/5.0 (Windows NT 10.0; Win64; x64) AppleWebKit/537.36 (KHTML, like Gecko) Chrome/145.0.0.0 Safari/537.36 (compatible; meta-externalagent/1.1 (+https://developers.facebook.com/docs/sharing/webmasters/crawler))"
57.141.0.23 - - [21/Jul/2026:19:23:35 +0000] "GET /products/26716376 HTTP/2" 301 0 "-" "Mozilla/5.0 (Windows NT 10.0; Win64; x64) AppleWebKit/537.36 (KHTML, like Gecko) Chrome/145.0.0.0 Safari/537.36 (compatible; meta-externalagent/1.1 (+https://developers.facebook.com/docs/sharing/webmasters/crawler))"
57.141.0.31 - - [21/Jul/2026:19:23:36 +0000] "GET /products/13450409 HTTP/2" 301 0 "-" "Mozilla/5.0 (Macintosh; Intel Mac OS X 10_15_7) AppleWebKit/537.36 (KHTML, like Gecko) Chrome/145.0.0.0 Safari/537.36 (compatible; meta-externalagent/1.1 (+https://developers.facebook.com/docs/sharing/webmasters/crawler))"
57.141.0.8 - - [21/Jul/2026:19:23:53 +0000] "GET /products/24251009 HTTP/2" 301 0 "-" "Mozilla/5.0 (Windows NT 10.0; Win64; x64) AppleWebKit/537.36 (KHTML, like Gecko) Chrome/145.0.0.0 Safari/537.36 (compatible; meta-externalagent/1.1 (+https://developers.facebook.com/docs/sharing/webmasters/crawler))"
57.141.0.16 - - [21/Jul/2026:19:24:03 +0000] "GET /products/22190154 HTTP/2" 301 0 "-" "Mozilla/5.0 (Macintosh; Intel Mac OS X 10_15_7) AppleWebKit/537.36 (KHTML, like Gecko) Chrome/145.0.0.0 Safari/537.36 (compatible; meta-externalagent/1.1 (+https://developers.facebook.com/docs/sharing/webmasters/crawler))"
57.141.0.42 - - [21/Jul/2026:19:24:13 +0000] "GET /products/11384932 HTTP/2" 301 0 "-" "Mozilla/5.0 (Macintosh; Intel Mac OS X 10_15_7) AppleWebKit/537.36 (KHTML, like Gecko) Chrome/145.0.0.0 Safari/537.36 (compatible; meta-externalagent/1.1 (+https://developers.facebook.com/docs/sharing/webmasters/crawler))"
57.141.0.58 - - [21/Jul/2026:19:24:18 +0000] "GET /products/22840410 HTTP/2" 301 0 "-" "Mozilla/5.0 (X11; Linux x86_64) AppleWebKit/537.36 (KHTML, like Gecko) Chrome/145.0.0.0 Safari/537.36 (compatible; meta-externalagent/1.1 (+https://developers.facebook.com/docs/sharing/webmasters/crawler))"
198.38.94.67 - - [21/Jul/2026:19:24:28 +0000] "POST /wp-cron.php?doing_wp_cron=1784661868.5551819801330566406250 HTTP/1.1" 200 0 "-" "WordPress/6.9.1; https://www.sunsetbarbers.ae"
94.23.188.215 - - [21/Jul/2026:19:24:28 +0000] "GET /shop/toxicotraumatic/ventage91207231540.html HTTP/2" 404 18399 "-" "Mozilla/5.0 (compatible; AhrefsBot/7.0; +http://ahrefs.com/robot/)"
57.141.0.21 - - [21/Jul/2026:19:24:41 +0000] "GET /products/10958776 HTTP/2" 301 0 "-" "Mozilla/5.0 (Macintosh; Intel Mac OS X 10_15_7) AppleWebKit/537.36 (KHTML, like Gecko) Chrome/145.0.0.0 Safari/537.36 (compatible; meta-externalagent/1.1 (+https://developers.facebook.com/docs/sharing/webmasters/crawler))"
57.141.0.47 - - [21/Jul/2026:19:25:02 +0000] "GET /products/18805809 HTTP/2" 301 0 "-" "Mozilla/5.0 (Windows NT 10.0; Win64; x64) AppleWebKit/537.36 (KHTML, like Gecko) Chrome/145.0.0.0 Safari/537.36 (compatible; meta-externalagent/1.1 (+https://developers.facebook.com/docs/sharing/webmasters/crawler))"
57.141.0.70 - - [21/Jul/2026:19:25:03 +0000] "GET /products/8367665 HTTP/2" 301 0 "-" "Mozilla/5.0 (Windows NT 10.0; Win64; x64) AppleWebKit/537.36 (KHTML, like Gecko) Chrome/145.0.0.0 Safari/537.36 (compatible; meta-externalagent/1.1 (+https://developers.facebook.com/docs/sharing/webmasters/crawler))"
57.141.0.67 - - [21/Jul/2026:19:25:09 +0000] "GET /products/25199876 HTTP/2" 301 0 "-" "Mozilla/5.0 (Windows NT 10.0; Win64; x64) AppleWebKit/537.36 (KHTML, like Gecko) Chrome/145.0.0.0 Safari/537.36 (compatible; meta-externalagent/1.1 (+https://developers.facebook.com/docs/sharing/webmasters/crawler))"
57.141.0.48 - - [21/Jul/2026:19:25:17 +0000] "GET /products/21646132 HTTP/2" 301 0 "-" "Mozilla/5.0 (Macintosh; Intel Mac OS X 10_15_7) AppleWebKit/537.36 (KHTML, like Gecko) Chrome/145.0.0.0 Safari/537.36 (compatible; meta-externalagent/1.1 (+https://developers.facebook.com/docs/sharing/webmasters/crawler))"
198.38.94.67 - - [21/Jul/2026:19:25:19 +0000] "POST /wp-cron.php?doing_wp_cron=1784661919.1752910614013671875000 HTTP/1.1" 200 0 "-" "WordPress/6.9.1; https://www.sunsetbarbers.ae"
57.141.0.67 - - [21/Jul/2026:19:25:18 +0000] "GET /products/26934898 HTTP/2" 301 0 "-" "Mozilla/5.0 (Windows NT 10.0; Win64; x64) AppleWebKit/537.36 (KHTML, like Gecko) Chrome/145.0.0.0 Safari/537.36 (compatible; meta-externalagent/1.1 (+https://developers.facebook.com/docs/sharing/webmasters/crawler))"
57.141.0.36 - - [21/Jul/2026:19:25:23 +0000] "GET /products/23611421 HTTP/2" 301 0 "-" "Mozilla/5.0 (Windows NT 10.0; Win64; x64) AppleWebKit/537.36 (KHTML, like Gecko) Chrome/145.0.0.0 Safari/537.36 (compatible; meta-externalagent/1.1 (+https://developers.facebook.com/docs/sharing/webmasters/crawler))"
57.141.0.5 - - [21/Jul/2026:19:25:25 +0000] "GET /products/3970909 HTTP/2" 301 0 "-" "Mozilla/5.0 (Windows NT 10.0; Win64; x64) AppleWebKit/537.36 (KHTML, like Gecko) Chrome/145.0.0.0 Safari/537.36 (compatible; meta-externalagent/1.1 (+https://developers.facebook.com/docs/sharing/webmasters/crawler))"
51.75.236.133 - - [21/Jul/2026:19:25:26 +0000] "GET /shop/hackles/stert92182212665.html HTTP/2" 404 18399 "-" "Mozilla/5.0 (compatible; AhrefsBot/7.0; +http://ahrefs.com/robot/)"
57.141.0.39 - - [21/Jul/2026:19:25:30 +0000] "GET /products/28326532 HTTP/2" 301 0 "-" "Mozilla/5.0 (Macintosh; Intel Mac OS X 10_15_7) AppleWebKit/537.36 (KHTML, like Gecko) Chrome/145.0.0.0 Safari/537.36 (compatible; meta-externalagent/1.1 (+https://developers.facebook.com/docs/sharing/webmasters/crawler))"
57.141.0.69 - - [21/Jul/2026:19:25:47 +0000] "GET /products/25609176 HTTP/2" 301 0 "-" "Mozilla/5.0 (Macintosh; Intel Mac OS X 10_15_7) AppleWebKit/537.36 (KHTML, like Gecko) Chrome/145.0.0.0 Safari/537.36 (compatible; meta-externalagent/1.1 (+https://developers.facebook.com/docs/sharing/webmasters/crawler))"
57.141.0.45 - - [21/Jul/2026:19:25:49 +0000] "GET /products/24733498 HTTP/2" 301 0 "-" "Mozilla/5.0 (Windows NT 10.0; Win64; x64) AppleWebKit/537.36 (KHTML, like Gecko) Chrome/145.0.0.0 Safari/537.36 (compatible; meta-externalagent/1.1 (+https://developers.facebook.com/docs/sharing/webmasters/crawler))"
57.141.0.13 - - [21/Jul/2026:19:25:50 +0000] "GET /products/8445143 HTTP/2" 301 0 "-" "Mozilla/5.0 (Windows NT 10.0; Win64; x64) AppleWebKit/537.36 (KHTML, like Gecko) Chrome/145.0.0.0 Safari/537.36 (compatible; meta-externalagent/1.1 (+https://developers.facebook.com/docs/sharing/webmasters/crawler))"
57.141.0.62 - - [21/Jul/2026:19:25:55 +0000] "GET /products/28481665 HTTP/2" 301 0 "-" "Mozilla/5.0 (Windows NT 10.0; Win64; x64) AppleWebKit/537.36 (KHTML, like Gecko) Chrome/145.0.0.0 Safari/537.36 (compatible; meta-externalagent/1.1 (+https://developers.facebook.com/docs/sharing/webmasters/crawler))"
57.141.0.32 - - [21/Jul/2026:19:25:57 +0000] "GET /products/15339521 HTTP/2" 301 0 "-" "Mozilla/5.0 (Windows NT 10.0; Win64; x64) AppleWebKit/537.36 (KHTML, like Gecko) Chrome/145.0.0.0 Safari/537.36 (compatible; meta-externalagent/1.1 (+https://developers.facebook.com/docs/sharing/webmasters/crawler))"
51.75.236.148 - - [21/Jul/2026:19:26:01 +0000] "GET /shop/spondiaceae/repulseless88249121009.html HTTP/2" 404 18399 "-" "Mozilla/5.0 (compatible; AhrefsBot/7.0; +http://ahrefs.com/robot/)"
57.141.0.17 - - [21/Jul/2026:19:26:09 +0000] "GET /products/29128854 HTTP/2" 301 0 "-" "Mozilla/5.0 (Windows NT 10.0; Win64; x64) AppleWebKit/537.36 (KHTML, like Gecko) Chrome/145.0.0.0 Safari/537.36 (compatible; meta-externalagent/1.1 (+https://developers.facebook.com/docs/sharing/webmasters/crawler))"
54.37.118.86 - - [21/Jul/2026:19:26:16 +0000] "GET /shop/tittler/dappled41881276313.html HTTP/2" 404 18399 "-" "Mozilla/5.0 (compatible; AhrefsBot/7.0; +http://ahrefs.com/robot/)"
198.38.94.67 - - [21/Jul/2026:19:26:20 +0000] "POST /wp-cron.php?doing_wp_cron=1784661980.7645030021667480468750 HTTP/1.1" 200 0 "-" "WordPress/6.9.1; https://www.sunsetbarbers.ae"
57.141.0.47 - - [21/Jul/2026:19:26:20 +0000] "GET /products/17929310 HTTP/2" 301 0 "-" "Mozilla/5.0 (Windows NT 10.0; Win64; x64) AppleWebKit/537.36 (KHTML, like Gecko) Chrome/145.0.0.0 Safari/537.36 (compatible; meta-externalagent/1.1 (+https://developers.facebook.com/docs/sharing/webmasters/crawler))"
94.23.188.192 - - [21/Jul/2026:19:26:29 +0000] "GET /shop/unseething/cervicicardiac30176216907.html HTTP/2" 404 18399 "-" "Mozilla/5.0 (compatible; AhrefsBot/7.0; +http://ahrefs.com/robot/)"
57.141.0.6 - - [21/Jul/2026:19:26:31 +0000] "GET /products/24602710 HTTP/2" 301 0 "-" "Mozilla/5.0 (Windows NT 10.0; Win64; x64) AppleWebKit/537.36 (KHTML, like Gecko) Chrome/145.0.0.0 Safari/537.36 (compatible; meta-externalagent/1.1 (+https://developers.facebook.com/docs/sharing/webmasters/crawler))"
94.23.188.223 - - [21/Jul/2026:19:26:42 +0000] "GET /shop/psammophile/unsearchingly301761669.html HTTP/2" 404 18399 "-" "Mozilla/5.0 (compatible; AhrefsBot/7.0; +http://ahrefs.com/robot/)"
57.141.0.62 - - [21/Jul/2026:19:26:44 +0000] "GET /products/28403454 HTTP/2" 301 0 "-" "Mozilla/5.0 (Windows NT 10.0; Win64; x64) AppleWebKit/537.36 (KHTML, like Gecko) Chrome/145.0.0.0 Safari/537.36 (compatible; meta-externalagent/1.1 (+https://developers.facebook.com/docs/sharing/webmasters/crawler))"
37.59.204.148 - - [21/Jul/2026:19:26:51 +0000] "GET /shop/toxiferous/remunerativeness9218242157.html HTTP/2" 404 18399 "-" "Mozilla/5.0 (compatible; AhrefsBot/7.0; +http://ahrefs.com/robot/)"
57.141.0.26 - - [21/Jul/2026:19:26:54 +0000] "GET /products/12937754 HTTP/2" 301 0 "-" "Mozilla/5.0 (Windows NT 10.0; Win64; x64) AppleWebKit/537.36 (KHTML, like Gecko) Chrome/145.0.0.0 Safari/537.36 (compatible; meta-externalagent/1.1 (+https://developers.facebook.com/docs/sharing/webmasters/crawler))"
92.222.108.117 - - [21/Jul/2026:19:27:00 +0000] "GET /shop/audibleness/carpetbags91207203137.html HTTP/2" 404 18399 "-" "Mozilla/5.0 (compatible; AhrefsBot/7.0; +http://ahrefs.com/robot/)"
94.23.188.219 - - [21/Jul/2026:19:27:10 +0000] "GET /shop/intertessellation/atwist3017636823.html HTTP/2" 404 18399 "-" "Mozilla/5.0 (compatible; AhrefsBot/7.0; +http://ahrefs.com/robot/)"
57.141.0.28 - - [21/Jul/2026:19:27:16 +0000] "GET /products/14434609 HTTP/2" 301 0 "-" "Mozilla/5.0 (Windows NT 10.0; Win64; x64) AppleWebKit/537.36 (KHTML, like Gecko) Chrome/145.0.0.0 Safari/537.36 (compatible; meta-externalagent/1.1 (+https://developers.facebook.com/docs/sharing/webmasters/crawler))"
57.141.0.18 - - [21/Jul/2026:19:27:19 +0000] "GET /products/23306609 HTTP/2" 301 0 "-" "Mozilla/5.0 (Windows NT 10.0; Win64; x64) AppleWebKit/537.36 (KHTML, like Gecko) Chrome/145.0.0.0 Safari/537.36 (compatible; meta-externalagent/1.1 (+https://developers.facebook.com/docs/sharing/webmasters/crawler))"
170.106.180.139 - - [21/Jul/2026:19:27:20 +0000] "GET / HTTP/1.1" 200 22743 "http://sunsetbarbers.ae" "Mozilla/5.0 (iPhone; CPU iPhone OS 13_2_3 like Mac OS X) AppleWebKit/605.1.15 (KHTML, like Gecko) Version/13.0.3 Mobile/15E148 Safari/604.1"
176.31.139.30 - - [21/Jul/2026:19:27:23 +0000] "GET /shop/quaketail/unsyntactically17628133856.html HTTP/2" 404 18399 "-" "Mozilla/5.0 (compatible; AhrefsBot/7.0; +http://ahrefs.com/robot/)"
57.141.0.21 - - [21/Jul/2026:19:27:27 +0000] "GET /products/17908087 HTTP/2" 301 0 "-" "Mozilla/5.0 (Macintosh; Intel Mac OS X 10_15_7) AppleWebKit/537.36 (KHTML, like Gecko) Chrome/145.0.0.0 Safari/537.36 (compatible; meta-externalagent/1.1 (+https://developers.facebook.com/docs/sharing/webmasters/crawler))"
54.37.118.90 - - [21/Jul/2026:19:27:34 +0000] "GET /shop/overconfident/microphallus8304874474.html HTTP/2" 404 18399 "-" "Mozilla/5.0 (compatible; AhrefsBot/7.0; +http://ahrefs.com/robot/)"
57.141.0.31 - - [21/Jul/2026:19:27:43 +0000] "GET /products/18765487 HTTP/2" 301 0 "-" "Mozilla/5.0 (X11; Linux x86_64) AppleWebKit/537.36 (KHTML, like Gecko) Chrome/145.0.0.0 Safari/537.36 (compatible; meta-externalagent/1.1 (+https://developers.facebook.com/docs/sharing/webmasters/crawler))"
92.222.108.116 - - [21/Jul/2026:19:27:47 +0000] "GET /shop/mellifluently/chlorocresol3017699854.html HTTP/2" 404 18399 "-" "Mozilla/5.0 (compatible; AhrefsBot/7.0; +http://ahrefs.com/robot/)"
57.141.0.46 - - [21/Jul/2026:19:27:53 +0000] "GET /products/18458487 HTTP/2" 301 0 "-" "Mozilla/5.0 (Macintosh; Intel Mac OS X 10_15_7) AppleWebKit/537.36 (KHTML, like Gecko) Chrome/145.0.0.0 Safari/537.36 (compatible; meta-externalagent/1.1 (+https://developers.facebook.com/docs/sharing/webmasters/crawler))"
5.39.1.242 - - [21/Jul/2026:19:28:00 +0000] "GET /shop/pedestaled/outlandishlike91207153861.html HTTP/2" 404 18399 "-" "Mozilla/5.0 (compatible; AhrefsBot/7.0; +http://ahrefs.com/robot/)"
57.141.0.35 - - [21/Jul/2026:19:28:01 +0000] "GET /products/8820521 HTTP/2" 301 0 "-" "Mozilla/5.0 (Windows NT 10.0; Win64; x64) AppleWebKit/537.36 (KHTML, like Gecko) Chrome/145.0.0.0 Safari/537.36 (compatible; meta-externalagent/1.1 (+https://developers.facebook.com/docs/sharing/webmasters/crawler))"
191.235.102.147 - - [21/Jul/2026:19:28:11 +0000] "GET /wp-content/plugins/hellopress/wp_filemanager.php HTTP/1.1" 404 5749 "-" "-"
191.235.102.147 - - [21/Jul/2026:19:28:12 +0000] "GET /this_is_a_new_hello_world.php HTTP/1.1" 404 5749 "-" "-"
191.235.102.147 - - [21/Jul/2026:19:28:13 +0000] "GET /x.php HTTP/1.1" 404 5749 "-" "-"
191.235.102.147 - - [21/Jul/2026:19:28:13 +0000] "GET /mgrr.php HTTP/1.1" 404 5749 "-" "-"
37.59.204.148 - - [21/Jul/2026:19:28:13 +0000] "GET /shop/matriculant/polyhedral41881266508.html HTTP/2" 404 18399 "-" "Mozilla/5.0 (compatible; AhrefsBot/7.0; +http://ahrefs.com/robot/)"
191.235.102.147 - - [21/Jul/2026:19:28:14 +0000] "GET /stdin.php HTTP/1.1" 404 5749 "-" "-"
191.235.102.147 - - [21/Jul/2026:19:28:14 +0000] "GET /BDKR28.php HTTP/1.1" 404 5749 "-" "-"
191.235.102.147 - - [21/Jul/2026:19:28:15 +0000] "GET /001.php HTTP/1.1" 404 5749 "-" "-"
191.235.102.147 - - [21/Jul/2026:19:28:16 +0000] "GET /dZ3wP5.php HTTP/1.1" 404 5749 "-" "-"
191.235.102.147 - - [21/Jul/2026:19:28:16 +0000] "GET /yup.php HTTP/1.1" 404 5749 "-" "-"
191.235.102.147 - - [21/Jul/2026:19:28:17 +0000] "GET /X.php HTTP/1.1" 404 5749 "-" "-"
191.235.102.147 - - [21/Jul/2026:19:28:17 +0000] "GET /1polka.php HTTP/1.1" 404 5749 "-" "-"
191.235.102.147 - - [21/Jul/2026:19:28:18 +0000] "GET /gec.php HTTP/1.1" 404 5749 "-" "-"
191.235.102.147 - - [21/Jul/2026:19:28:19 +0000] "GET /sky.php HTTP/1.1" 404 5749 "-" "-"
191.235.102.147 - - [21/Jul/2026:19:28:19 +0000] "GET /fffm.php HTTP/1.1" 404 5749 "-" "-"
191.235.102.147 - - [21/Jul/2026:19:28:20 +0000] "GET /sixxis.php HTTP/1.1" 404 5749 "-" "-"
191.235.102.147 - - [21/Jul/2026:19:28:20 +0000] "GET /yj09.php HTTP/1.1" 404 5749 "-" "-"
191.235.102.147 - - [21/Jul/2026:19:28:21 +0000] "GET /f900.php HTTP/1.1" 404 5749 "-" "-"
191.235.102.147 - - [21/Jul/2026:19:28:22 +0000] "GET /ups.php HTTP/1.1" 404 5749 "-" "-"
191.235.102.147 - - [21/Jul/2026:19:28:22 +0000] "GET /k.php HTTP/1.1" 404 5749 "-" "-"
191.235.102.147 - - [21/Jul/2026:19:28:23 +0000] "GET /k2.php HTTP/1.1" 404 5749 "-" "-"
191.235.102.147 - - [21/Jul/2026:19:28:23 +0000] "GET /w.php HTTP/1.1" 404 5749 "-" "-"
191.235.102.147 - - [21/Jul/2026:19:28:24 +0000] "GET /fpwch.php HTTP/1.1" 404 5749 "-" "-"
191.235.102.147 - - [21/Jul/2026:19:28:25 +0000] "GET /w2025.php HTTP/1.1" 404 5749 "-" "-"
191.235.102.147 - - [21/Jul/2026:19:28:25 +0000] "GET /FWAZ.php HTTP/1.1" 404 5749 "-" "-"
191.235.102.147 - - [21/Jul/2026:19:28:26 +0000] "GET /qterm.php?p= HTTP/1.1" 404 5749 "-" "-"
198.38.94.67 - - [21/Jul/2026:19:28:26 +0000] "POST /wp-cron.php?doing_wp_cron=1784662106.6771221160888671875000 HTTP/1.1" 200 0 "-" "WordPress/6.9.1; https://www.sunsetbarbers.ae"
57.141.0.15 - - [21/Jul/2026:19:28:26 +0000] "GET /products/24641610 HTTP/2" 301 0 "-" "Mozilla/5.0 (Windows NT 10.0; Win64; x64) AppleWebKit/537.36 (KHTML, like Gecko) Chrome/145.0.0.0 Safari/537.36 (compatible; meta-externalagent/1.1 (+https://developers.facebook.com/docs/sharing/webmasters/crawler))"
191.235.102.147 - - [21/Jul/2026:19:28:27 +0000] "GET /blurbs.php HTTP/1.1" 404 5749 "-" "-"
37.59.204.151 - - [21/Jul/2026:19:28:27 +0000] "GET /shop/trigamous/shockstall882494714.html HTTP/2" 404 18399 "-" "Mozilla/5.0 (compatible; AhrefsBot/7.0; +http://ahrefs.com/robot/)"
57.141.0.32 - - [21/Jul/2026:19:28:27 +0000] "GET /products/29866821 HTTP/2" 301 0 "-" "Mozilla/5.0 (Windows NT 10.0; Win64; x64) AppleWebKit/537.36 (KHTML, like Gecko) Chrome/145.0.0.0 Safari/537.36 (compatible; meta-externalagent/1.1 (+https://developers.facebook.com/docs/sharing/webmasters/crawler))"
191.235.102.147 - - [21/Jul/2026:19:28:27 +0000] "GET /v543.php HTTP/1.1" 404 5749 "-" "-"
191.235.102.147 - - [21/Jul/2026:19:28:28 +0000] "GET /w3lls.php HTTP/1.1" 404 5749 "-" "-"
57.141.0.36 - - [21/Jul/2026:19:28:28 +0000] "GET /products/29298432 HTTP/2" 301 0 "-" "Mozilla/5.0 (Windows NT 10.0; Win64; x64) AppleWebKit/537.36 (KHTML, like Gecko) Chrome/145.0.0.0 Safari/537.36 (compatible; meta-externalagent/1.1 (+https://developers.facebook.com/docs/sharing/webmasters/crawler))"
191.235.102.147 - - [21/Jul/2026:19:28:28 +0000] "GET /wp-ws68.php?p= HTTP/1.1" 404 5749 "-" "-"
191.235.102.147 - - [21/Jul/2026:19:28:29 +0000] "GET /xyn.php HTTP/1.1" 404 5749 "-" "-"
191.235.102.147 - - [21/Jul/2026:19:28:30 +0000] "GET /green3.php?p= HTTP/1.1" 404 5749 "-" "-"
191.235.102.147 - - [21/Jul/2026:19:28:30 +0000] "GET /ccc.php?p= HTTP/1.1" 404 5749 "-" "-"
191.235.102.147 - - [21/Jul/2026:19:28:31 +0000] "GET /get.php HTTP/1.1" 404 5749 "-" "-"
191.235.102.147 - - [21/Jul/2026:19:28:31 +0000] "GET /images.php HTTP/1.1" 404 5749 "-" "-"
191.235.102.147 - - [21/Jul/2026:19:28:32 +0000] "GET /alls.php HTTP/1.1" 404 5749 "-" "-"
191.235.102.147 - - [21/Jul/2026:19:28:32 +0000] "GET /coffexium.php HTTP/1.1" 404 5749 "-" "-"
57.141.0.26 - - [21/Jul/2026:19:28:33 +0000] "GET /products/25773387 HTTP/2" 301 0 "-" "Mozilla/5.0 (Windows NT 10.0; Win64; x64) AppleWebKit/537.36 (KHTML, like Gecko) Chrome/145.0.0.0 Safari/537.36 (compatible; meta-externalagent/1.1 (+https://developers.facebook.com/docs/sharing/webmasters/crawler))"
191.235.102.147 - - [21/Jul/2026:19:28:33 +0000] "GET /red.php HTTP/1.1" 404 5749 "-" "-"
57.141.0.6 - - [21/Jul/2026:19:28:33 +0000] "GET /products/10000710 HTTP/2" 301 0 "-" "Mozilla/5.0 (X11; Linux x86_64) AppleWebKit/537.36 (KHTML, like Gecko) Chrome/145.0.0.0 Safari/537.36 (compatible; meta-externalagent/1.1 (+https://developers.facebook.com/docs/sharing/webmasters/crawler))"
191.235.102.147 - - [21/Jul/2026:19:28:34 +0000] "GET /wp-includes/sodium_compat/ HTTP/1.1" 404 5749 "-" "-"
191.235.102.147 - - [21/Jul/2026:19:28:34 +0000] "GET /wp-admin/css/colors/coffee/wp-adochan.php HTTP/1.1" 404 5749 "-" "-"
191.235.102.147 - - [21/Jul/2026:19:28:35 +0000] "GET /wp-includes/Text/ HTTP/1.1" 404 5749 "-" "-"
191.235.102.147 - - [21/Jul/2026:19:28:35 +0000] "GET /wp-content/uploads/ HTTP/1.1" 404 5749 "-" "-"
191.235.102.147 - - [21/Jul/2026:19:28:36 +0000] "GET /wp-content/index.php HTTP/1.1" 404 5749 "-" "-"
191.235.102.147 - - [21/Jul/2026:19:28:37 +0000] "GET /admin.php HTTP/1.1" 404 5749 "-" "-"
191.235.102.147 - - [21/Jul/2026:19:28:37 +0000] "GET /177.php HTTP/1.1" 404 5749 "-" "-"
191.235.102.147 - - [21/Jul/2026:19:28:38 +0000] "GET /199.php HTTP/1.1" 404 5749 "-" "-"
37.59.204.136 - - [21/Jul/2026:19:28:38 +0000] "GET /shop/periencephalitis/contriteness1720124864.html HTTP/2" 404 18399 "-" "Mozilla/5.0 (compatible; AhrefsBot/7.0; +http://ahrefs.com/robot/)"
191.235.102.147 - - [21/Jul/2026:19:28:38 +0000] "GET /file52.php HTTP/1.1" 404 5749 "-" "-"
191.235.102.147 - - [21/Jul/2026:19:28:39 +0000] "GET /geck.php HTTP/1.1" 404 5749 "-" "-"
191.235.102.147 - - [21/Jul/2026:19:28:40 +0000] "GET /biufile.php HTTP/1.1" 404 5749 "-" "-"
191.235.102.147 - - [21/Jul/2026:19:28:40 +0000] "GET /mosty.php HTTP/1.1" 404 5749 "-" "-"
191.235.102.147 - - [21/Jul/2026:19:28:41 +0000] "GET /dejavu.php HTTP/1.1" 404 5749 "-" "-"
191.235.102.147 - - [21/Jul/2026:19:28:41 +0000] "GET /aaf.php HTTP/1.1" 404 5749 "-" "-"
57.141.0.62 - - [21/Jul/2026:19:28:42 +0000] "GET /products/28816332 HTTP/2" 301 0 "-" "Mozilla/5.0 (Macintosh; Intel Mac OS X 10_15_7) AppleWebKit/537.36 (KHTML, like Gecko) Chrome/145.0.0.0 Safari/537.36 (compatible; meta-externalagent/1.1 (+https://developers.facebook.com/docs/sharing/webmasters/crawler))"
191.235.102.147 - - [21/Jul/2026:19:28:42 +0000] "GET /ha.php HTTP/1.1" 404 5749 "-" "-"
191.235.102.147 - - [21/Jul/2026:19:28:43 +0000] "GET /hur.php HTTP/1.1" 404 5749 "-" "-"
191.235.102.147 - - [21/Jul/2026:19:28:43 +0000] "GET /h02ugyh.php HTTP/1.1" 404 5749 "-" "-"
191.235.102.147 - - [21/Jul/2026:19:28:44 +0000] "GET /155.php HTTP/1.1" 404 5749 "-" "-"
191.235.102.147 - - [21/Jul/2026:19:28:44 +0000] "GET /pp.php HTTP/1.1" 404 5749 "-" "-"
57.141.0.34 - - [21/Jul/2026:19:28:45 +0000] "GET /products/29508809 HTTP/2" 301 0 "-" "Mozilla/5.0 (Windows NT 10.0; Win64; x64) AppleWebKit/537.36 (KHTML, like Gecko) Chrome/144.0.0.0 Safari/537.36 Edg/144.0.0.0 (compatible; meta-externalagent/1.1 (+https://developers.facebook.com/docs/sharing/webmasters/crawler))"
191.235.102.147 - - [21/Jul/2026:19:28:45 +0000] "GET /ops.php HTTP/1.1" 404 5749 "-" "-"
191.235.102.147 - - [21/Jul/2026:19:28:46 +0000] "GET /ingfo.php HTTP/1.1" 404 5749 "-" "-"
191.235.102.147 - - [21/Jul/2026:19:28:46 +0000] "GET /error_log.php HTTP/1.1" 404 5749 "-" "-"
191.235.102.147 - - [21/Jul/2026:19:28:47 +0000] "GET /test10.php HTTP/1.1" 404 5749 "-" "-"
92.222.108.96 - - [21/Jul/2026:19:28:47 +0000] "GET /shop/scavengers/withholdment79746155242.html HTTP/2" 404 18399 "-" "Mozilla/5.0 (compatible; AhrefsBot/7.0; +http://ahrefs.com/robot/)"
191.235.102.147 - - [21/Jul/2026:19:28:47 +0000] "GET /koala.php HTTP/1.1" 404 5749 "-" "-"
191.235.102.147 - - [21/Jul/2026:19:28:48 +0000] "GET /mac.php HTTP/1.1" 404 5749 "-" "-"
191.235.102.147 - - [21/Jul/2026:19:28:49 +0000] "GET /wefile.php HTTP/1.1" 404 5749 "-" "-"
191.235.102.147 - - [21/Jul/2026:19:28:49 +0000] "GET /wp-includes/blocks/post-comments-form/ HTTP/1.1" 404 5749 "-" "-"
191.235.102.147 - - [21/Jul/2026:19:28:50 +0000] "GET /wp-admin/js/ HTTP/1.1" 404 5749 "-" "-"
191.235.102.147 - - [21/Jul/2026:19:28:51 +0000] "GET /makeasmtp.php?p= HTTP/1.1" 404 5749 "-" "-"
191.235.102.147 - - [21/Jul/2026:19:28:51 +0000] "GET /2P.php HTTP/1.1" 404 5749 "-" "-"
191.235.102.147 - - [21/Jul/2026:19:28:52 +0000] "GET /.well-known/about.php HTTP/1.1" 404 5749 "-" "-"
191.235.102.147 - - [21/Jul/2026:19:28:52 +0000] "GET /wp-includes/ID3/about.php HTTP/1.1" 404 5749 "-" "-"
191.235.102.147 - - [21/Jul/2026:19:28:53 +0000] "GET /system_log.php HTTP/1.1" 404 5749 "-" "-"
57.141.0.58 - - [21/Jul/2026:19:28:53 +0000] "GET /products/25456454 HTTP/2" 301 0 "-" "Mozilla/5.0 (Macintosh; Intel Mac OS X 10_15_7) AppleWebKit/537.36 (KHTML, like Gecko) Chrome/145.0.0.0 Safari/537.36 (compatible; meta-externalagent/1.1 (+https://developers.facebook.com/docs/sharing/webmasters/crawler))"
191.235.102.147 - - [21/Jul/2026:19:28:54 +0000] "GET /wp-admin/css/ HTTP/1.1" 404 5749 "-" "-"
191.235.102.147 - - [21/Jul/2026:19:28:54 +0000] "GET /wp-admin/css/colors/modern/ HTTP/1.1" 404 5749 "-" "-"
191.235.102.147 - - [21/Jul/2026:19:28:55 +0000] "GET /crgio.php HTTP/1.1" 404 5749 "-" "-"
191.235.102.147 - - [21/Jul/2026:19:28:55 +0000] "GET /pucci.php HTTP/1.1" 404 5749 "-" "-"
191.235.102.147 - - [21/Jul/2026:19:28:56 +0000] "GET /wp-includes/blocks/details/ HTTP/1.1" 404 5749 "-" "-"
37.59.204.136 - - [21/Jul/2026:19:28:56 +0000] "GET /shop/ultrahazardous/exegetic30176278685.html HTTP/2" 404 18399 "-" "Mozilla/5.0 (compatible; AhrefsBot/7.0; +http://ahrefs.com/robot/)"
191.235.102.147 - - [21/Jul/2026:19:28:57 +0000] "GET /wp-includes/blocks/audio/ HTTP/1.1" 404 5749 "-" "-"
191.235.102.147 - - [21/Jul/2026:19:28:57 +0000] "GET /wp-temp.php HTTP/1.1" 404 5749 "-" "-"
191.235.102.147 - - [21/Jul/2026:19:28:58 +0000] "GET /wp-admin/js/index.php HTTP/1.1" 404 5749 "-" "-"
191.235.102.147 - - [21/Jul/2026:19:28:58 +0000] "GET /puc.php HTTP/1.1" 404 5749 "-" "-"
57.141.0.11 - - [21/Jul/2026:19:28:58 +0000] "GET /products/22624887 HTTP/2" 301 0 "-" "Mozilla/5.0 (Macintosh; Intel Mac OS X 10_15_7) AppleWebKit/537.36 (KHTML, like Gecko) Chrome/145.0.0.0 Safari/537.36 (compatible; meta-externalagent/1.1 (+https://developers.facebook.com/docs/sharing/webmasters/crawler))"
191.235.102.147 - - [21/Jul/2026:19:28:59 +0000] "GET /dx.php HTTP/1.1" 404 5749 "-" "-"
191.235.102.147 - - [21/Jul/2026:19:29:00 +0000] "GET /wp-includes/Requests/ HTTP/1.1" 404 5749 "-" "-"
191.235.102.147 - - [21/Jul/2026:19:29:00 +0000] "GET /bthil.php HTTP/1.1" 404 5749 "-" "-"
191.235.102.147 - - [21/Jul/2026:19:29:01 +0000] "GET /7.php HTTP/1.1" 404 5749 "-" "-"
191.235.102.147 - - [21/Jul/2026:19:29:01 +0000] "GET /8.php HTTP/1.1" 404 5749 "-" "-"
191.235.102.147 - - [21/Jul/2026:19:29:02 +0000] "GET /1.php HTTP/1.1" 404 5749 "-" "-"
191.235.102.147 - - [21/Jul/2026:19:29:03 +0000] "GET /100.php HTTP/1.1" 404 5749 "-" "-"
191.235.102.147 - - [21/Jul/2026:19:29:03 +0000] "GET /about.php HTTP/1.1" 404 5749 "-" "-"
191.235.102.147 - - [21/Jul/2026:19:29:04 +0000] "GET /admin.php HTTP/1.1" 404 5749 "-" "-"
191.235.102.147 - - [21/Jul/2026:19:29:04 +0000] "GET /edit.php HTTP/1.1" 404 5749 "-" "-"
51.75.236.142 - - [21/Jul/2026:19:29:05 +0000] "GET /shop/barrowman/drawee30176168903.html HTTP/2" 404 18399 "-" "Mozilla/5.0 (compatible; AhrefsBot/7.0; +http://ahrefs.com/robot/)"
191.235.102.147 - - [21/Jul/2026:19:29:05 +0000] "GET /wp-content/admin.php HTTP/1.1" 404 5749 "-" "-"
191.235.102.147 - - [21/Jul/2026:19:29:06 +0000] "GET /ss.php HTTP/1.1" 404 5749 "-" "-"
191.235.102.147 - - [21/Jul/2026:19:29:06 +0000] "GET /inputs.php HTTP/1.1" 404 5749 "-" "-"
191.235.102.147 - - [21/Jul/2026:19:29:07 +0000] "GET /av.php HTTP/1.1" 404 5749 "-" "-"
191.235.102.147 - - [21/Jul/2026:19:29:07 +0000] "GET /classwithtostring.php?p= HTTP/1.1" 404 5749 "-" "-"
191.235.102.147 - - [21/Jul/2026:19:29:08 +0000] "GET /wp-content/themes/index.php HTTP/1.1" 404 5749 "-" "-"
191.235.102.147 - - [21/Jul/2026:19:29:09 +0000] "GET /wp-blog.php HTTP/1.1" 404 5749 "-" "-"
191.235.102.147 - - [21/Jul/2026:19:29:09 +0000] "GET /wp-includes/js/jquery/ HTTP/1.1" 404 5749 "-" "-"
191.235.102.147 - - [21/Jul/2026:19:29:10 +0000] "GET /wp-content/admin.php HTTP/1.1" 404 5749 "-" "-"
191.235.102.147 - - [21/Jul/2026:19:29:11 +0000] "GET /adminfuns.php HTTP/1.1" 404 5749 "-" "-"
191.235.102.147 - - [21/Jul/2026:19:29:11 +0000] "GET /goods.php HTTP/1.1" 404 5749 "-" "-"
191.235.102.147 - - [21/Jul/2026:19:29:12 +0000] "GET /ms-edit.php HTTP/1.1" 404 5749 "-" "-"
191.235.102.147 - - [21/Jul/2026:19:29:12 +0000] "GET /222.php HTTP/1.1" 404 5749 "-" "-"
57.141.0.58 - - [21/Jul/2026:19:29:12 +0000] "GET /products/7370598 HTTP/2" 301 0 "-" "Mozilla/5.0 (X11; Linux x86_64) AppleWebKit/537.36 (KHTML, like Gecko) Chrome/145.0.0.0 Safari/537.36 (compatible; meta-externalagent/1.1 (+https://developers.facebook.com/docs/sharing/webmasters/crawler))"
191.235.102.147 - - [21/Jul/2026:19:29:13 +0000] "GET /cgi-bin/index.php HTTP/1.1" 404 5749 "-" "-"
191.235.102.147 - - [21/Jul/2026:19:29:14 +0000] "GET /wp-includes/css/dist/ HTTP/1.1" 404 5749 "-" "-"
191.235.102.147 - - [21/Jul/2026:19:29:14 +0000] "GET /BDKR28WP.php HTTP/1.1" 404 5749 "-" "-"
57.141.0.60 - - [21/Jul/2026:19:29:14 +0000] "GET /products/29353621 HTTP/2" 301 0 "-" "Mozilla/5.0 (X11; Linux x86_64) AppleWebKit/537.36 (KHTML, like Gecko) Chrome/145.0.0.0 Safari/537.36 (compatible; meta-externalagent/1.1 (+https://developers.facebook.com/docs/sharing/webmasters/crawler))"
92.222.104.192 - - [21/Jul/2026:19:29:15 +0000] "GET /shop/korakan/diethylstilbestrol88249334524.html HTTP/2" 404 18399 "-" "Mozilla/5.0 (compatible; AhrefsBot/7.0; +http://ahrefs.com/robot/)"
191.235.102.147 - - [21/Jul/2026:19:29:15 +0000] "GET /wp-includes/l10n/ HTTP/1.1" 404 5749 "-" "-"
57.141.0.21 - - [21/Jul/2026:19:29:15 +0000] "GET /products/2811598 HTTP/2" 301 0 "-" "Mozilla/5.0 (Macintosh; Intel Mac OS X 10_15_7) AppleWebKit/537.36 (KHTML, like Gecko) Chrome/145.0.0.0 Safari/537.36 (compatible; meta-externalagent/1.1 (+https://developers.facebook.com/docs/sharing/webmasters/crawler))"
191.235.102.147 - - [21/Jul/2026:19:29:16 +0000] "GET /wp-content/uploads/ HTTP/1.1" 404 5749 "-" "-"
191.235.102.147 - - [21/Jul/2026:19:29:16 +0000] "GET /wp.php HTTP/1.1" 404 5749 "-" "-"
191.235.102.147 - - [21/Jul/2026:19:29:17 +0000] "GET /abcd.php HTTP/1.1" 404 5749 "-" "-"
191.235.102.147 - - [21/Jul/2026:19:29:17 +0000] "GET /a1.php HTTP/1.1" 404 5749 "-" "-"
191.235.102.147 - - [21/Jul/2026:19:29:18 +0000] "GET /wp-includes/Text/Diff/Engine/about.php HTTP/1.1" 404 5749 "-" "-"
191.235.102.147 - - [21/Jul/2026:19:29:19 +0000] "GET /cgi-bin/admin.php HTTP/1.1" 404 5749 "-" "-"
191.235.102.147 - - [21/Jul/2026:19:29:19 +0000] "GET /gettest.php HTTP/1.1" 404 5749 "-" "-"
191.235.102.147 - - [21/Jul/2026:19:29:20 +0000] "GET /wp-content/ HTTP/1.1" 404 5749 "-" "-"
191.235.102.147 - - [21/Jul/2026:19:29:20 +0000] "GET /simple.php HTTP/1.1" 404 5749 "-" "-"
191.235.102.147 - - [21/Jul/2026:19:29:21 +0000] "GET /xxx.php HTTP/1.1" 404 5749 "-" "-"
191.235.102.147 - - [21/Jul/2026:19:29:22 +0000] "GET /hypo.php HTTP/1.1" 404 5749 "-" "-"
191.235.102.147 - - [21/Jul/2026:19:29:22 +0000] "GET /wp-admin/css/colors/blue/ HTTP/1.1" 404 5749 "-" "-"
191.235.102.147 - - [21/Jul/2026:19:29:23 +0000] "GET /chosen.php HTTP/1.1" 404 5749 "-" "-"
198.38.94.67 - - [21/Jul/2026:19:29:23 +0000] "POST /wp-cron.php?doing_wp_cron=1784662163.6530818939208984375000 HTTP/1.1" 200 0 "-" "WordPress/6.9.1; https://www.sunsetbarbers.ae"
