45.90.123.233 - - [21/Jul/2026:17:54:24 +0000] "GET /wp-json/wp/v2/users?per_page=100&_fields=slug HTTP/2" 401 89 "-" "Mozilla/5.0 (Windows NT 10.0; Win64; x64) AppleWebKit/537.36 (KHTML, like Gecko) Chrome/133.0.0.0 Safari/537.36"
41.186.86.12 - - [21/Jul/2026:17:54:27 +0000] "GET /index.php?rest_route=/wp/v2/users&per_page=50 HTTP/2" 401 89 "-" "Mozilla/5.0 (Windows NT 10.0; Win64; x64) AppleWebKit/537.36 (KHTML, like Gecko) Chrome/133.0.0.0 Safari/537.36"
165.227.132.137 - - [21/Jul/2026:17:54:28 +0000] "POST /graphql HTTP/2" 403 6324 "-" "Mozilla/5.0 (Windows NT 10.0; Win64; x64) AppleWebKit/537.36 (KHTML, like Gecko) Chrome/133.0.0.0 Safari/537.36"
198.38.94.67 - - [21/Jul/2026:17:54:38 +0000] "POST /?wordfence_syncAttackData=1784656478.5814 HTTP/1.1" 200 0 "-" "WordPress/6.9.1; https://www.sunsetbarbers.ae"
205.196.217.58 - - [21/Jul/2026:17:54:38 +0000] "POST /api/graphql HTTP/2" 404 18448 "-" "Mozilla/5.0 (Windows NT 10.0; Win64; x64) AppleWebKit/537.36 (KHTML, like Gecko) Chrome/133.0.0.0 Safari/537.36"
57.141.0.34 - - [21/Jul/2026:17:54:58 +0000] "GET /products/19808987 HTTP/2" 301 0 "-" "Mozilla/5.0 (X11; Linux x86_64) AppleWebKit/537.36 (KHTML, like Gecko) Chrome/145.0.0.0 Safari/537.36 (compatible; meta-externalagent/1.1 (+https://developers.facebook.com/docs/sharing/webmasters/crawler))"
57.141.0.38 - - [21/Jul/2026:17:54:59 +0000] "GET /products/21226654 HTTP/2" 301 0 "-" "Mozilla/5.0 (Windows NT 10.0; Win64; x64) AppleWebKit/537.36 (KHTML, like Gecko) Chrome/145.0.0.0 Safari/537.36 (compatible; meta-externalagent/1.1 (+https://developers.facebook.com/docs/sharing/webmasters/crawler))"
198.38.94.67 - - [21/Jul/2026:17:55:55 +0000] "POST /wp-cron.php?doing_wp_cron=1784656555.1532061100006103515625 HTTP/1.1" 200 0 "-" "WordPress/6.9.1; https://www.sunsetbarbers.ae"
57.141.0.3 - - [21/Jul/2026:17:55:54 +0000] "GET /products/29111454 HTTP/2" 301 0 "-" "Mozilla/5.0 (Windows NT 10.0; Win64; x64) AppleWebKit/537.36 (KHTML, like Gecko) Chrome/145.0.0.0 Safari/537.36 (compatible; meta-externalagent/1.1 (+https://developers.facebook.com/docs/sharing/webmasters/crawler))"
198.38.94.67 - - [21/Jul/2026:17:56:48 +0000] "POST /wp-cron.php?doing_wp_cron=1784656607.9445319175720214843750 HTTP/1.1" 200 0 "-" "WordPress/6.9.1; https://www.sunsetbarbers.ae"
57.141.0.54 - - [21/Jul/2026:17:56:47 +0000] "GET /products/27503454 HTTP/2" 301 0 "-" "Mozilla/5.0 (Windows NT 10.0; Win64; x64) AppleWebKit/537.36 (KHTML, like Gecko) Chrome/145.0.0.0 Safari/537.36 (compatible; meta-externalagent/1.1 (+https://developers.facebook.com/docs/sharing/webmasters/crawler))"
57.141.0.37 - - [21/Jul/2026:17:57:18 +0000] "GET /products/23787210 HTTP/2" 301 0 "-" "Mozilla/5.0 (X11; Linux x86_64) AppleWebKit/537.36 (KHTML, like Gecko) Chrome/145.0.0.0 Safari/537.36 (compatible; meta-externalagent/1.1 (+https://developers.facebook.com/docs/sharing/webmasters/crawler))"
198.38.94.67 - - [21/Jul/2026:17:57:20 +0000] "POST /wp-cron.php?doing_wp_cron=1784656640.4842000007629394531250 HTTP/1.1" 200 0 "-" "WordPress/6.9.1; https://www.sunsetbarbers.ae"
57.141.0.26 - - [21/Jul/2026:17:57:20 +0000] "GET /products/3159187 HTTP/2" 301 0 "-" "Mozilla/5.0 (Windows NT 10.0; Win64; x64) AppleWebKit/537.36 (KHTML, like Gecko) Chrome/145.0.0.0 Safari/537.36 (compatible; meta-externalagent/1.1 (+https://developers.facebook.com/docs/sharing/webmasters/crawler))"
57.141.0.40 - - [21/Jul/2026:17:58:16 +0000] "GET /products/31069710 HTTP/2" 301 0 "-" "Mozilla/5.0 (Windows NT 10.0; Win64; x64) AppleWebKit/537.36 (KHTML, like Gecko) Chrome/145.0.0.0 Safari/537.36 (compatible; meta-externalagent/1.1 (+https://developers.facebook.com/docs/sharing/webmasters/crawler))"
198.38.94.67 - - [21/Jul/2026:17:59:01 +0000] "POST /wp-cron.php?doing_wp_cron=1784656741.6550478935241699218750 HTTP/1.1" 200 0 "-" "WordPress/6.9.1; https://www.sunsetbarbers.ae"
57.141.0.23 - - [21/Jul/2026:17:59:01 +0000] "GET /products/18273043 HTTP/2" 301 0 "-" "Mozilla/5.0 (Windows NT 10.0; Win64; x64) AppleWebKit/537.36 (KHTML, like Gecko) Chrome/145.0.0.0 Safari/537.36 (compatible; meta-externalagent/1.1 (+https://developers.facebook.com/docs/sharing/webmasters/crawler))"
198.38.94.67 - - [21/Jul/2026:18:00:20 +0000] "POST /wp-cron.php?doing_wp_cron=1784656820.3871560096740722656250 HTTP/1.1" 200 0 "-" "WordPress/6.9.1; https://www.sunsetbarbers.ae"
57.141.0.27 - - [21/Jul/2026:18:00:20 +0000] "GET /products/13278410 HTTP/2" 301 0 "-" "Mozilla/5.0 (Windows NT 10.0; Win64; x64) AppleWebKit/537.36 (KHTML, like Gecko) Chrome/145.0.0.0 Safari/537.36 (compatible; meta-externalagent/1.1 (+https://developers.facebook.com/docs/sharing/webmasters/crawler))"
198.38.94.67 - - [21/Jul/2026:18:00:31 +0000] "POST /wp-cron.php?doing_wp_cron=1784656831.7588539123535156250000 HTTP/1.1" 200 0 "-" "WordPress/6.9.1; https://www.sunsetbarbers.ae"
57.141.0.62 - - [21/Jul/2026:18:00:31 +0000] "GET /products/19480532 HTTP/2" 301 0 "-" "Mozilla/5.0 (Windows NT 10.0; Win64; x64) AppleWebKit/537.36 (KHTML, like Gecko) Chrome/145.0.0.0 Safari/537.36 (compatible; meta-externalagent/1.1 (+https://developers.facebook.com/docs/sharing/webmasters/crawler))"
57.141.0.30 - - [21/Jul/2026:18:00:47 +0000] "GET /products/21178009 HTTP/2" 301 0 "-" "Mozilla/5.0 (X11; Linux x86_64) AppleWebKit/537.36 (KHTML, like Gecko) Chrome/145.0.0.0 Safari/537.36 (compatible; meta-externalagent/1.1 (+https://developers.facebook.com/docs/sharing/webmasters/crawler))"
198.38.94.67 - - [21/Jul/2026:18:03:05 +0000] "POST /wp-cron.php?doing_wp_cron=1784656985.4922409057617187500000 HTTP/1.1" 200 0 "-" "WordPress/6.9.1; https://www.sunsetbarbers.ae"
57.141.0.49 - - [21/Jul/2026:18:03:05 +0000] "GET /products/24175998 HTTP/2" 301 0 "-" "Mozilla/5.0 (X11; Linux x86_64) AppleWebKit/537.36 (KHTML, like Gecko) Chrome/145.0.0.0 Safari/537.36 (compatible; meta-externalagent/1.1 (+https://developers.facebook.com/docs/sharing/webmasters/crawler))"
198.38.94.67 - - [21/Jul/2026:18:03:24 +0000] "POST /wp-cron.php?doing_wp_cron=1784657004.8178579807281494140625 HTTP/1.1" 200 0 "-" "WordPress/6.9.1; https://www.sunsetbarbers.ae"
57.141.0.58 - - [21/Jul/2026:18:03:24 +0000] "GET /products/28530443 HTTP/2" 301 0 "-" "Mozilla/5.0 (Windows NT 10.0; Win64; x64) AppleWebKit/537.36 (KHTML, like Gecko) Chrome/145.0.0.0 Safari/537.36 (compatible; meta-externalagent/1.1 (+https://developers.facebook.com/docs/sharing/webmasters/crawler))"
57.141.0.46 - - [21/Jul/2026:18:03:32 +0000] "GET /products/14136932 HTTP/2" 301 0 "-" "Mozilla/5.0 (X11; Linux x86_64) AppleWebKit/537.36 (KHTML, like Gecko) Chrome/145.0.0.0 Safari/537.36 (compatible; meta-externalagent/1.1 (+https://developers.facebook.com/docs/sharing/webmasters/crawler))"
57.141.0.46 - - [21/Jul/2026:18:03:50 +0000] "GET /products/2098232 HTTP/2" 301 0 "-" "Mozilla/5.0 (Windows NT 10.0; Win64; x64) AppleWebKit/537.36 (KHTML, like Gecko) Chrome/145.0.0.0 Safari/537.36 (compatible; meta-externalagent/1.1 (+https://developers.facebook.com/docs/sharing/webmasters/crawler))"
43.157.98.187 - - [21/Jul/2026:18:04:20 +0000] "GET / HTTP/1.1" 200 22743 "http://sunsetbarbers.ae/" "Mozilla/5.0 (iPhone; CPU iPhone OS 13_2_3 like Mac OS X) AppleWebKit/605.1.15 (KHTML, like Gecko) Version/13.0.3 Mobile/15E148 Safari/604.1"
57.141.0.53 - - [21/Jul/2026:18:04:38 +0000] "GET /products/16466776 HTTP/2" 301 0 "-" "Mozilla/5.0 (Macintosh; Intel Mac OS X 10_15_7) AppleWebKit/537.36 (KHTML, like Gecko) Chrome/145.0.0.0 Safari/537.36 (compatible; meta-externalagent/1.1 (+https://developers.facebook.com/docs/sharing/webmasters/crawler))"
198.38.94.67 - - [21/Jul/2026:18:05:04 +0000] "POST /wp-cron.php?doing_wp_cron=1784657104.5250279903411865234375 HTTP/1.1" 200 0 "-" "WordPress/6.9.1; https://www.sunsetbarbers.ae"
57.141.0.69 - - [21/Jul/2026:18:05:04 +0000] "GET /products/20978798 HTTP/2" 301 0 "-" "Mozilla/5.0 (Macintosh; Intel Mac OS X 10_15_7) AppleWebKit/537.36 (KHTML, like Gecko) Chrome/145.0.0.0 Safari/537.36 (compatible; meta-externalagent/1.1 (+https://developers.facebook.com/docs/sharing/webmasters/crawler))"
198.38.94.67 - - [21/Jul/2026:18:05:12 +0000] "POST /wp-cron.php?doing_wp_cron=1784657112.6355140209197998046875 HTTP/1.1" 200 0 "-" "WordPress/6.9.1; https://www.sunsetbarbers.ae"
57.141.0.16 - - [21/Jul/2026:18:05:12 +0000] "GET /products/29126121 HTTP/2" 301 0 "-" "Mozilla/5.0 (Windows NT 10.0; Win64; x64) AppleWebKit/537.36 (KHTML, like Gecko) Chrome/145.0.0.0 Safari/537.36 (compatible; meta-externalagent/1.1 (+https://developers.facebook.com/docs/sharing/webmasters/crawler))"
198.38.94.67 - - [21/Jul/2026:18:05:13 +0000] "GET / HTTP/1.1" 200 22744 "-" "Mozilla/5.0 (Windows NT 10.0; Win64; x64) AppleWebKit/537.36 (KHTML, like Gecko) Chrome/114.0.0.0 Safari/537.36"
198.38.94.67 - - [21/Jul/2026:18:05:13 +0000] "GET / HTTP/1.1" 200 22743 "-" "Mozilla/5.0 (iPhone; CPU iPhone OS 16_5 like Mac OS X) AppleWebKit/605.1.15 (KHTML, like Gecko) CriOS/114.0.5735.99 Mobile/15E148 Safari/604.1"
198.38.94.67 - - [21/Jul/2026:18:05:13 +0000] "GET /gallery/ HTTP/1.1" 200 19554 "-" "Mozilla/5.0 (Windows NT 10.0; Win64; x64) AppleWebKit/537.36 (KHTML, like Gecko) Chrome/114.0.0.0 Safari/537.36"
198.38.94.67 - - [21/Jul/2026:18:05:13 +0000] "GET /gallery/ HTTP/1.1" 200 19556 "-" "Mozilla/5.0 (iPhone; CPU iPhone OS 16_5 like Mac OS X) AppleWebKit/605.1.15 (KHTML, like Gecko) CriOS/114.0.5735.99 Mobile/15E148 Safari/604.1"
198.38.94.67 - - [21/Jul/2026:18:05:13 +0000] "GET /contact/ HTTP/1.1" 200 19727 "-" "Mozilla/5.0 (Windows NT 10.0; Win64; x64) AppleWebKit/537.36 (KHTML, like Gecko) Chrome/114.0.0.0 Safari/537.36"
198.38.94.67 - - [21/Jul/2026:18:05:13 +0000] "GET /contact/ HTTP/1.1" 200 19729 "-" "Mozilla/5.0 (iPhone; CPU iPhone OS 16_5 like Mac OS X) AppleWebKit/605.1.15 (KHTML, like Gecko) CriOS/114.0.5735.99 Mobile/15E148 Safari/604.1"
198.38.94.67 - - [21/Jul/2026:18:05:13 +0000] "GET /services/ HTTP/1.1" 200 19800 "-" "Mozilla/5.0 (Windows NT 10.0; Win64; x64) AppleWebKit/537.36 (KHTML, like Gecko) Chrome/114.0.0.0 Safari/537.36"
198.38.94.67 - - [21/Jul/2026:18:05:13 +0000] "GET /services/ HTTP/1.1" 200 19802 "-" "Mozilla/5.0 (iPhone; CPU iPhone OS 16_5 like Mac OS X) AppleWebKit/605.1.15 (KHTML, like Gecko) CriOS/114.0.5735.99 Mobile/15E148 Safari/604.1"
198.38.94.67 - - [21/Jul/2026:18:05:13 +0000] "GET /mocktail-menu/ HTTP/1.1" 200 19898 "-" "Mozilla/5.0 (Windows NT 10.0; Win64; x64) AppleWebKit/537.36 (KHTML, like Gecko) Chrome/114.0.0.0 Safari/537.36"
198.38.94.67 - - [21/Jul/2026:18:05:13 +0000] "GET /mocktail-menu/ HTTP/1.1" 200 19896 "-" "Mozilla/5.0 (iPhone; CPU iPhone OS 16_5 like Mac OS X) AppleWebKit/605.1.15 (KHTML, like Gecko) CriOS/114.0.5735.99 Mobile/15E148 Safari/604.1"
198.38.94.67 - - [21/Jul/2026:18:05:13 +0000] "GET / HTTP/1.1" 200 22744 "-" "Mozilla/5.0 (Windows NT 10.0; Win64; x64) AppleWebKit/537.36 (KHTML, like Gecko) Chrome/114.0.0.0 Safari/537.36"
198.38.94.67 - - [21/Jul/2026:18:05:13 +0000] "GET / HTTP/1.1" 200 22743 "-" "Mozilla/5.0 (iPhone; CPU iPhone OS 16_5 like Mac OS X) AppleWebKit/605.1.15 (KHTML, like Gecko) CriOS/114.0.5735.99 Mobile/15E148 Safari/604.1"
198.38.94.67 - - [21/Jul/2026:18:05:13 +0000] "GET /?p=3180 HTTP/1.1" 404 20730 "-" "Mozilla/5.0 (Windows NT 10.0; Win64; x64) AppleWebKit/537.36 (KHTML, like Gecko) Chrome/114.0.0.0 Safari/537.36"
198.38.94.67 - - [21/Jul/2026:18:05:13 +0000] "GET /?p=3180 HTTP/1.1" 404 20727 "-" "Mozilla/5.0 (iPhone; CPU iPhone OS 16_5 like Mac OS X) AppleWebKit/605.1.15 (KHTML, like Gecko) CriOS/114.0.5735.99 Mobile/15E148 Safari/604.1"
198.38.94.67 - - [21/Jul/2026:18:05:13 +0000] "GET /?p=3184 HTTP/1.1" 404 20730 "-" "Mozilla/5.0 (Windows NT 10.0; Win64; x64) AppleWebKit/537.36 (KHTML, like Gecko) Chrome/114.0.0.0 Safari/537.36"
198.38.94.67 - - [21/Jul/2026:18:05:13 +0000] "GET /?p=3184 HTTP/1.1" 404 20727 "-" "Mozilla/5.0 (iPhone; CPU iPhone OS 16_5 like Mac OS X) AppleWebKit/605.1.15 (KHTML, like Gecko) CriOS/114.0.5735.99 Mobile/15E148 Safari/604.1"
198.38.94.67 - - [21/Jul/2026:18:05:13 +0000] "GET /?p=3176 HTTP/1.1" 404 20730 "-" "Mozilla/5.0 (Windows NT 10.0; Win64; x64) AppleWebKit/537.36 (KHTML, like Gecko) Chrome/114.0.0.0 Safari/537.36"
198.38.94.67 - - [21/Jul/2026:18:05:13 +0000] "GET /?p=3176 HTTP/1.1" 404 20727 "-" "Mozilla/5.0 (iPhone; CPU iPhone OS 16_5 like Mac OS X) AppleWebKit/605.1.15 (KHTML, like Gecko) CriOS/114.0.5735.99 Mobile/15E148 Safari/604.1"
198.38.94.67 - - [21/Jul/2026:18:05:14 +0000] "GET /?p=3178 HTTP/1.1" 404 20730 "-" "Mozilla/5.0 (Windows NT 10.0; Win64; x64) AppleWebKit/537.36 (KHTML, like Gecko) Chrome/114.0.0.0 Safari/537.36"
198.38.94.67 - - [21/Jul/2026:18:05:14 +0000] "GET /?p=3178 HTTP/1.1" 404 20727 "-" "Mozilla/5.0 (iPhone; CPU iPhone OS 16_5 like Mac OS X) AppleWebKit/605.1.15 (KHTML, like Gecko) CriOS/114.0.5735.99 Mobile/15E148 Safari/604.1"
198.38.94.67 - - [21/Jul/2026:18:05:40 +0000] "POST /wp-cron.php?doing_wp_cron=1784657140.1479840278625488281250 HTTP/1.1" 200 0 "-" "WordPress/6.9.1; https://www.sunsetbarbers.ae"
57.141.0.9 - - [21/Jul/2026:18:05:39 +0000] "GET /products/9309832 HTTP/2" 301 0 "-" "Mozilla/5.0 (Windows NT 10.0; Win64; x64) AppleWebKit/537.36 (KHTML, like Gecko) Chrome/145.0.0.0 Safari/537.36 (compatible; meta-externalagent/1.1 (+https://developers.facebook.com/docs/sharing/webmasters/crawler))"
57.141.0.30 - - [21/Jul/2026:18:05:50 +0000] "GET /products/7752065 HTTP/2" 301 0 "-" "Mozilla/5.0 (Windows NT 10.0; Win64; x64) AppleWebKit/537.36 (KHTML, like Gecko) Chrome/145.0.0.0 Safari/537.36 (compatible; meta-externalagent/1.1 (+https://developers.facebook.com/docs/sharing/webmasters/crawler))"
198.38.94.67 - - [21/Jul/2026:18:06:10 +0000] "POST /wp-cron.php?doing_wp_cron=1784657169.9099020957946777343750 HTTP/1.1" 200 0 "-" "WordPress/6.9.1; https://www.sunsetbarbers.ae"
57.141.0.16 - - [21/Jul/2026:18:06:09 +0000] "GET /products/20918665 HTTP/2" 301 0 "-" "Mozilla/5.0 (Macintosh; Intel Mac OS X 10_15_7) AppleWebKit/537.36 (KHTML, like Gecko) Chrome/145.0.0.0 Safari/537.36 (compatible; meta-externalagent/1.1 (+https://developers.facebook.com/docs/sharing/webmasters/crawler))"
198.38.94.67 - - [21/Jul/2026:18:06:19 +0000] "POST /wp-cron.php?doing_wp_cron=1784657179.6063981056213378906250 HTTP/1.1" 200 0 "-" "WordPress/6.9.1; https://www.sunsetbarbers.ae"
57.141.0.21 - - [21/Jul/2026:18:06:19 +0000] "GET /sitemap124.xml HTTP/2" 301 0 "-" "Mozilla/5.0 (Windows NT 10.0; Win64; x64) AppleWebKit/537.36 (KHTML, like Gecko) Chrome/145.0.0.0 Safari/537.36 (compatible; meta-externalagent/1.1 (+https://developers.facebook.com/docs/sharing/webmasters/crawler))"
198.38.94.67 - - [21/Jul/2026:18:06:19 +0000] "GET /?p=3156 HTTP/1.1" 404 20730 "-" "Mozilla/5.0 (Windows NT 10.0; Win64; x64) AppleWebKit/537.36 (KHTML, like Gecko) Chrome/114.0.0.0 Safari/537.36"
198.38.94.67 - - [21/Jul/2026:18:06:20 +0000] "GET /?p=3156 HTTP/1.1" 404 20727 "-" "Mozilla/5.0 (iPhone; CPU iPhone OS 16_5 like Mac OS X) AppleWebKit/605.1.15 (KHTML, like Gecko) CriOS/114.0.5735.99 Mobile/15E148 Safari/604.1"
198.38.94.67 - - [21/Jul/2026:18:06:20 +0000] "GET /?p=3159 HTTP/1.1" 404 20730 "-" "Mozilla/5.0 (Windows NT 10.0; Win64; x64) AppleWebKit/537.36 (KHTML, like Gecko) Chrome/114.0.0.0 Safari/537.36"
198.38.94.67 - - [21/Jul/2026:18:06:20 +0000] "GET /?p=3159 HTTP/1.1" 404 20727 "-" "Mozilla/5.0 (iPhone; CPU iPhone OS 16_5 like Mac OS X) AppleWebKit/605.1.15 (KHTML, like Gecko) CriOS/114.0.5735.99 Mobile/15E148 Safari/604.1"
198.38.94.67 - - [21/Jul/2026:18:06:20 +0000] "GET /?p=3162 HTTP/1.1" 404 20730 "-" "Mozilla/5.0 (Windows NT 10.0; Win64; x64) AppleWebKit/537.36 (KHTML, like Gecko) Chrome/114.0.0.0 Safari/537.36"
198.38.94.67 - - [21/Jul/2026:18:06:21 +0000] "GET /?p=3162 HTTP/1.1" 404 20727 "-" "Mozilla/5.0 (iPhone; CPU iPhone OS 16_5 like Mac OS X) AppleWebKit/605.1.15 (KHTML, like Gecko) CriOS/114.0.5735.99 Mobile/15E148 Safari/604.1"
198.38.94.67 - - [21/Jul/2026:18:06:21 +0000] "GET /?p=3154 HTTP/1.1" 404 20730 "-" "Mozilla/5.0 (Windows NT 10.0; Win64; x64) AppleWebKit/537.36 (KHTML, like Gecko) Chrome/114.0.0.0 Safari/537.36"
198.38.94.67 - - [21/Jul/2026:18:06:21 +0000] "GET /?p=3154 HTTP/1.1" 404 20727 "-" "Mozilla/5.0 (iPhone; CPU iPhone OS 16_5 like Mac OS X) AppleWebKit/605.1.15 (KHTML, like Gecko) CriOS/114.0.5735.99 Mobile/15E148 Safari/604.1"
198.38.94.67 - - [21/Jul/2026:18:06:21 +0000] "GET /?p=3152 HTTP/1.1" 404 20730 "-" "Mozilla/5.0 (Windows NT 10.0; Win64; x64) AppleWebKit/537.36 (KHTML, like Gecko) Chrome/114.0.0.0 Safari/537.36"
198.38.94.67 - - [21/Jul/2026:18:06:21 +0000] "GET /?p=3152 HTTP/1.1" 404 20727 "-" "Mozilla/5.0 (iPhone; CPU iPhone OS 16_5 like Mac OS X) AppleWebKit/605.1.15 (KHTML, like Gecko) CriOS/114.0.5735.99 Mobile/15E148 Safari/604.1"
198.38.94.67 - - [21/Jul/2026:18:06:22 +0000] "GET /?p=3149 HTTP/1.1" 404 20723 "-" "Mozilla/5.0 (Windows NT 10.0; Win64; x64) AppleWebKit/537.36 (KHTML, like Gecko) Chrome/114.0.0.0 Safari/537.36"
198.38.94.67 - - [21/Jul/2026:18:06:22 +0000] "GET /?p=3149 HTTP/1.1" 404 20727 "-" "Mozilla/5.0 (iPhone; CPU iPhone OS 16_5 like Mac OS X) AppleWebKit/605.1.15 (KHTML, like Gecko) CriOS/114.0.5735.99 Mobile/15E148 Safari/604.1"
198.38.94.67 - - [21/Jul/2026:18:06:23 +0000] "GET /?p=3147 HTTP/1.1" 404 20723 "-" "Mozilla/5.0 (Windows NT 10.0; Win64; x64) AppleWebKit/537.36 (KHTML, like Gecko) Chrome/114.0.0.0 Safari/537.36"
198.38.94.67 - - [21/Jul/2026:18:06:23 +0000] "GET /?p=3147 HTTP/1.1" 404 20727 "-" "Mozilla/5.0 (iPhone; CPU iPhone OS 16_5 like Mac OS X) AppleWebKit/605.1.15 (KHTML, like Gecko) CriOS/114.0.5735.99 Mobile/15E148 Safari/604.1"
198.38.94.67 - - [21/Jul/2026:18:06:23 +0000] "GET /?p=3144 HTTP/1.1" 404 20730 "-" "Mozilla/5.0 (Windows NT 10.0; Win64; x64) AppleWebKit/537.36 (KHTML, like Gecko) Chrome/114.0.0.0 Safari/537.36"
198.38.94.67 - - [21/Jul/2026:18:06:24 +0000] "GET /?p=3144 HTTP/1.1" 404 20727 "-" "Mozilla/5.0 (iPhone; CPU iPhone OS 16_5 like Mac OS X) AppleWebKit/605.1.15 (KHTML, like Gecko) CriOS/114.0.5735.99 Mobile/15E148 Safari/604.1"
198.38.94.67 - - [21/Jul/2026:18:06:24 +0000] "GET /?p=3182 HTTP/1.1" 404 20730 "-" "Mozilla/5.0 (Windows NT 10.0; Win64; x64) AppleWebKit/537.36 (KHTML, like Gecko) Chrome/114.0.0.0 Safari/537.36"
198.38.94.67 - - [21/Jul/2026:18:06:24 +0000] "GET /?p=3182 HTTP/1.1" 404 20727 "-" "Mozilla/5.0 (iPhone; CPU iPhone OS 16_5 like Mac OS X) AppleWebKit/605.1.15 (KHTML, like Gecko) CriOS/114.0.5735.99 Mobile/15E148 Safari/604.1"
198.38.94.67 - - [21/Jul/2026:18:06:24 +0000] "GET /?p=3285 HTTP/1.1" 404 20730 "-" "Mozilla/5.0 (Windows NT 10.0; Win64; x64) AppleWebKit/537.36 (KHTML, like Gecko) Chrome/114.0.0.0 Safari/537.36"
198.38.94.67 - - [21/Jul/2026:18:06:24 +0000] "GET /?p=3285 HTTP/1.1" 404 20727 "-" "Mozilla/5.0 (iPhone; CPU iPhone OS 16_5 like Mac OS X) AppleWebKit/605.1.15 (KHTML, like Gecko) CriOS/114.0.5735.99 Mobile/15E148 Safari/604.1"
57.141.0.12 - - [21/Jul/2026:18:06:29 +0000] "GET /products/24689354 HTTP/2" 301 0 "-" "Mozilla/5.0 (Windows NT 10.0; Win64; x64) AppleWebKit/537.36 (KHTML, like Gecko) Chrome/145.0.0.0 Safari/537.36 (compatible; meta-externalagent/1.1 (+https://developers.facebook.com/docs/sharing/webmasters/crawler))"
57.141.0.67 - - [21/Jul/2026:18:06:35 +0000] "GET /products/1957532 HTTP/2" 301 0 "-" "Mozilla/5.0 (Macintosh; Intel Mac OS X 10_15_7) AppleWebKit/537.36 (KHTML, like Gecko) Chrome/145.0.0.0 Safari/537.36 (compatible; meta-externalagent/1.1 (+https://developers.facebook.com/docs/sharing/webmasters/crawler))"
57.141.0.9 - - [21/Jul/2026:18:06:41 +0000] "GET /products/6646410 HTTP/2" 301 0 "-" "Mozilla/5.0 (Windows NT 10.0; Win64; x64) AppleWebKit/537.36 (KHTML, like Gecko) Chrome/145.0.0.0 Safari/537.36 (compatible; meta-externalagent/1.1 (+https://developers.facebook.com/docs/sharing/webmasters/crawler))"
198.38.94.67 - - [21/Jul/2026:18:06:48 +0000] "POST /wp-cron.php?doing_wp_cron=1784657208.3776049613952636718750 HTTP/1.1" 200 0 "-" "WordPress/6.9.1; https://www.sunsetbarbers.ae"
57.141.0.23 - - [21/Jul/2026:18:06:48 +0000] "GET /sitemap873.xml HTTP/2" 301 0 "-" "Mozilla/5.0 (Windows NT 10.0; Win64; x64) AppleWebKit/537.36 (KHTML, like Gecko) Chrome/145.0.0.0 Safari/537.36 (compatible; meta-externalagent/1.1 (+https://developers.facebook.com/docs/sharing/webmasters/crawler))"
198.38.94.67 - - [21/Jul/2026:18:06:54 +0000] "POST /wp-cron.php?doing_wp_cron=1784657214.6820380687713623046875 HTTP/1.1" 200 0 "-" "WordPress/6.9.1; https://www.sunsetbarbers.ae"
57.141.0.62 - - [21/Jul/2026:18:06:54 +0000] "GET /products/9691932 HTTP/2" 301 0 "-" "Mozilla/5.0 (Windows NT 10.0; Win64; x64) AppleWebKit/537.36 (KHTML, like Gecko) Chrome/145.0.0.0 Safari/537.36 (compatible; meta-externalagent/1.1 (+https://developers.facebook.com/docs/sharing/webmasters/crawler))"
57.141.0.36 - - [21/Jul/2026:18:07:03 +0000] "GET /products/3570121 HTTP/2" 301 0 "-" "Mozilla/5.0 (Windows NT 10.0; Win64; x64) AppleWebKit/537.36 (KHTML, like Gecko) Chrome/145.0.0.0 Safari/537.36 (compatible; meta-externalagent/1.1 (+https://developers.facebook.com/docs/sharing/webmasters/crawler))"
57.141.0.54 - - [21/Jul/2026:18:07:08 +0000] "GET /products/31301787 HTTP/2" 301 0 "-" "Mozilla/5.0 (Macintosh; Intel Mac OS X 10_15_7) AppleWebKit/537.36 (KHTML, like Gecko) Chrome/145.0.0.0 Safari/537.36 (compatible; meta-externalagent/1.1 (+https://developers.facebook.com/docs/sharing/webmasters/crawler))"
198.38.94.67 - - [21/Jul/2026:18:07:19 +0000] "POST /wp-cron.php?doing_wp_cron=1784657239.6318590641021728515625 HTTP/1.1" 200 0 "-" "WordPress/6.9.1; https://www.sunsetbarbers.ae"
57.141.0.24 - - [21/Jul/2026:18:07:19 +0000] "GET /products/28935410 HTTP/2" 301 0 "-" "Mozilla/5.0 (Macintosh; Intel Mac OS X 10_15_7) AppleWebKit/537.36 (KHTML, like Gecko) Chrome/145.0.0.0 Safari/537.36 (compatible; meta-externalagent/1.1 (+https://developers.facebook.com/docs/sharing/webmasters/crawler))"
198.38.94.67 - - [21/Jul/2026:18:07:39 +0000] "POST /wp-cron.php?doing_wp_cron=1784657259.1309239864349365234375 HTTP/1.1" 200 0 "-" "WordPress/6.9.1; https://www.sunsetbarbers.ae"
57.141.0.4 - - [21/Jul/2026:18:07:38 +0000] "GET /products/30463887 HTTP/2" 301 0 "-" "Mozilla/5.0 (Windows NT 10.0; Win64; x64) AppleWebKit/537.36 (KHTML, like Gecko) Chrome/145.0.0.0 Safari/537.36 (compatible; meta-externalagent/1.1 (+https://developers.facebook.com/docs/sharing/webmasters/crawler))"
198.38.94.67 - - [21/Jul/2026:18:07:39 +0000] "GET /?p=3283 HTTP/1.1" 404 20730 "-" "Mozilla/5.0 (Windows NT 10.0; Win64; x64) AppleWebKit/537.36 (KHTML, like Gecko) Chrome/114.0.0.0 Safari/537.36"
198.38.94.67 - - [21/Jul/2026:18:07:39 +0000] "GET /?p=3283 HTTP/1.1" 404 20727 "-" "Mozilla/5.0 (iPhone; CPU iPhone OS 16_5 like Mac OS X) AppleWebKit/605.1.15 (KHTML, like Gecko) CriOS/114.0.5735.99 Mobile/15E148 Safari/604.1"
198.38.94.67 - - [21/Jul/2026:18:07:39 +0000] "GET /?p=3281 HTTP/1.1" 404 20730 "-" "Mozilla/5.0 (Windows NT 10.0; Win64; x64) AppleWebKit/537.36 (KHTML, like Gecko) Chrome/114.0.0.0 Safari/537.36"
198.38.94.67 - - [21/Jul/2026:18:07:39 +0000] "GET /?p=3281 HTTP/1.1" 404 20727 "-" "Mozilla/5.0 (iPhone; CPU iPhone OS 16_5 like Mac OS X) AppleWebKit/605.1.15 (KHTML, like Gecko) CriOS/114.0.5735.99 Mobile/15E148 Safari/604.1"
198.38.94.67 - - [21/Jul/2026:18:07:40 +0000] "GET /?p=3278 HTTP/1.1" 404 20730 "-" "Mozilla/5.0 (Windows NT 10.0; Win64; x64) AppleWebKit/537.36 (KHTML, like Gecko) Chrome/114.0.0.0 Safari/537.36"
198.38.94.67 - - [21/Jul/2026:18:07:40 +0000] "GET /?p=3278 HTTP/1.1" 404 20727 "-" "Mozilla/5.0 (iPhone; CPU iPhone OS 16_5 like Mac OS X) AppleWebKit/605.1.15 (KHTML, like Gecko) CriOS/114.0.5735.99 Mobile/15E148 Safari/604.1"
198.38.94.67 - - [21/Jul/2026:18:07:40 +0000] "GET /?p=3207 HTTP/1.1" 404 20730 "-" "Mozilla/5.0 (Windows NT 10.0; Win64; x64) AppleWebKit/537.36 (KHTML, like Gecko) Chrome/114.0.0.0 Safari/537.36"
198.38.94.67 - - [21/Jul/2026:18:07:40 +0000] "GET /?p=3207 HTTP/1.1" 404 20727 "-" "Mozilla/5.0 (iPhone; CPU iPhone OS 16_5 like Mac OS X) AppleWebKit/605.1.15 (KHTML, like Gecko) CriOS/114.0.5735.99 Mobile/15E148 Safari/604.1"
198.38.94.67 - - [21/Jul/2026:18:07:41 +0000] "GET /?p=3206 HTTP/1.1" 404 20730 "-" "Mozilla/5.0 (Windows NT 10.0; Win64; x64) AppleWebKit/537.36 (KHTML, like Gecko) Chrome/114.0.0.0 Safari/537.36"
198.38.94.67 - - [21/Jul/2026:18:07:41 +0000] "GET /?p=3206 HTTP/1.1" 404 20727 "-" "Mozilla/5.0 (iPhone; CPU iPhone OS 16_5 like Mac OS X) AppleWebKit/605.1.15 (KHTML, like Gecko) CriOS/114.0.5735.99 Mobile/15E148 Safari/604.1"
198.38.94.67 - - [21/Jul/2026:18:07:41 +0000] "GET /?p=3204 HTTP/1.1" 404 20730 "-" "Mozilla/5.0 (Windows NT 10.0; Win64; x64) AppleWebKit/537.36 (KHTML, like Gecko) Chrome/114.0.0.0 Safari/537.36"
198.38.94.67 - - [21/Jul/2026:18:07:41 +0000] "GET /?p=3204 HTTP/1.1" 404 20727 "-" "Mozilla/5.0 (iPhone; CPU iPhone OS 16_5 like Mac OS X) AppleWebKit/605.1.15 (KHTML, like Gecko) CriOS/114.0.5735.99 Mobile/15E148 Safari/604.1"
198.38.94.67 - - [21/Jul/2026:18:07:41 +0000] "GET /?p=3203 HTTP/1.1" 404 20730 "-" "Mozilla/5.0 (Windows NT 10.0; Win64; x64) AppleWebKit/537.36 (KHTML, like Gecko) Chrome/114.0.0.0 Safari/537.36"
198.38.94.67 - - [21/Jul/2026:18:07:42 +0000] "GET /?p=3203 HTTP/1.1" 404 20727 "-" "Mozilla/5.0 (iPhone; CPU iPhone OS 16_5 like Mac OS X) AppleWebKit/605.1.15 (KHTML, like Gecko) CriOS/114.0.5735.99 Mobile/15E148 Safari/604.1"
198.38.94.67 - - [21/Jul/2026:18:07:42 +0000] "GET /?p=3202 HTTP/1.1" 404 20730 "-" "Mozilla/5.0 (Windows NT 10.0; Win64; x64) AppleWebKit/537.36 (KHTML, like Gecko) Chrome/114.0.0.0 Safari/537.36"
198.38.94.67 - - [21/Jul/2026:18:07:42 +0000] "GET /?p=3202 HTTP/1.1" 404 20727 "-" "Mozilla/5.0 (iPhone; CPU iPhone OS 16_5 like Mac OS X) AppleWebKit/605.1.15 (KHTML, like Gecko) CriOS/114.0.5735.99 Mobile/15E148 Safari/604.1"
198.38.94.67 - - [21/Jul/2026:18:07:42 +0000] "GET /?p=3200 HTTP/1.1" 404 20730 "-" "Mozilla/5.0 (Windows NT 10.0; Win64; x64) AppleWebKit/537.36 (KHTML, like Gecko) Chrome/114.0.0.0 Safari/537.36"
198.38.94.67 - - [21/Jul/2026:18:07:42 +0000] "GET /?p=3200 HTTP/1.1" 404 20727 "-" "Mozilla/5.0 (iPhone; CPU iPhone OS 16_5 like Mac OS X) AppleWebKit/605.1.15 (KHTML, like Gecko) CriOS/114.0.5735.99 Mobile/15E148 Safari/604.1"
198.38.94.67 - - [21/Jul/2026:18:07:42 +0000] "GET /?p=3199 HTTP/1.1" 404 20730 "-" "Mozilla/5.0 (Windows NT 10.0; Win64; x64) AppleWebKit/537.36 (KHTML, like Gecko) Chrome/114.0.0.0 Safari/537.36"
198.38.94.67 - - [21/Jul/2026:18:07:43 +0000] "GET /?p=3199 HTTP/1.1" 404 20727 "-" "Mozilla/5.0 (iPhone; CPU iPhone OS 16_5 like Mac OS X) AppleWebKit/605.1.15 (KHTML, like Gecko) CriOS/114.0.5735.99 Mobile/15E148 Safari/604.1"
57.141.0.3 - - [21/Jul/2026:18:07:57 +0000] "GET /sitemap608.xml HTTP/2" 301 0 "-" "Mozilla/5.0 (Windows NT 10.0; Win64; x64) AppleWebKit/537.36 (KHTML, like Gecko) Chrome/145.0.0.0 Safari/537.36 (compatible; meta-externalagent/1.1 (+https://developers.facebook.com/docs/sharing/webmasters/crawler))"
57.141.0.22 - - [21/Jul/2026:18:08:08 +0000] "GET /products/16978154 HTTP/2" 301 0 "-" "Mozilla/5.0 (Windows NT 10.0; Win64; x64) AppleWebKit/537.36 (KHTML, like Gecko) Chrome/145.0.0.0 Safari/537.36 (compatible; meta-externalagent/1.1 (+https://developers.facebook.com/docs/sharing/webmasters/crawler))"
57.141.0.38 - - [21/Jul/2026:18:08:15 +0000] "GET /products/22083165 HTTP/2" 301 0 "-" "Mozilla/5.0 (Windows NT 10.0; Win64; x64) AppleWebKit/537.36 (KHTML, like Gecko) Chrome/145.0.0.0 Safari/537.36 Edg/145.0.0.0 (compatible; meta-externalagent/1.1 (+https://developers.facebook.com/docs/sharing/webmasters/crawler))"
198.38.94.67 - - [21/Jul/2026:18:08:19 +0000] "POST /wp-cron.php?doing_wp_cron=1784657299.3048920631408691406250 HTTP/1.1" 200 0 "-" "WordPress/6.9.1; https://www.sunsetbarbers.ae"
57.141.0.17 - - [21/Jul/2026:18:08:19 +0000] "GET /products/23898032 HTTP/2" 301 0 "-" "Mozilla/5.0 (Windows NT 10.0; Win64; x64) AppleWebKit/537.36 (KHTML, like Gecko) Chrome/145.0.0.0 Safari/537.36 (compatible; meta-externalagent/1.1 (+https://developers.facebook.com/docs/sharing/webmasters/crawler))"
57.141.0.27 - - [21/Jul/2026:18:08:26 +0000] "GET /products/2535909 HTTP/2" 301 0 "-" "Mozilla/5.0 (Windows NT 10.0; Win64; x64) AppleWebKit/537.36 (KHTML, like Gecko) Chrome/145.0.0.0 Safari/537.36 (compatible; meta-externalagent/1.1 (+https://developers.facebook.com/docs/sharing/webmasters/crawler))"
57.141.0.48 - - [21/Jul/2026:18:08:37 +0000] "GET /products/29665887 HTTP/2" 301 0 "-" "Mozilla/5.0 (Windows NT 10.0; Win64; x64) AppleWebKit/537.36 (KHTML, like Gecko) Chrome/145.0.0.0 Safari/537.36 Edg/145.0.0.0 (compatible; meta-externalagent/1.1 (+https://developers.facebook.com/docs/sharing/webmasters/crawler))"
57.141.0.42 - - [21/Jul/2026:18:08:41 +0000] "GET /products/29287798 HTTP/2" 301 0 "-" "Mozilla/5.0 (Windows NT 10.0; Win64; x64) AppleWebKit/537.36 (KHTML, like Gecko) Chrome/145.0.0.0 Safari/537.36 (compatible; meta-externalagent/1.1 (+https://developers.facebook.com/docs/sharing/webmasters/crawler))"
198.38.94.67 - - [21/Jul/2026:18:09:10 +0000] "POST /wp-cron.php?doing_wp_cron=1784657350.1100220680236816406250 HTTP/1.1" 200 0 "-" "WordPress/6.9.1; https://www.sunsetbarbers.ae"
57.141.0.10 - - [21/Jul/2026:18:09:09 +0000] "GET /products/25622943 HTTP/2" 301 0 "-" "Mozilla/5.0 (Macintosh; Intel Mac OS X 10_15_7) AppleWebKit/537.36 (KHTML, like Gecko) Chrome/145.0.0.0 Safari/537.36 (compatible; meta-externalagent/1.1 (+https://developers.facebook.com/docs/sharing/webmasters/crawler))"
198.38.94.67 - - [21/Jul/2026:18:09:10 +0000] "GET /?p=3241 HTTP/1.1" 404 20723 "-" "Mozilla/5.0 (Windows NT 10.0; Win64; x64) AppleWebKit/537.36 (KHTML, like Gecko) Chrome/114.0.0.0 Safari/537.36"
198.38.94.67 - - [21/Jul/2026:18:09:10 +0000] "GET /?p=3241 HTTP/1.1" 404 20727 "-" "Mozilla/5.0 (iPhone; CPU iPhone OS 16_5 like Mac OS X) AppleWebKit/605.1.15 (KHTML, like Gecko) CriOS/114.0.5735.99 Mobile/15E148 Safari/604.1"
57.141.0.31 - - [21/Jul/2026:18:09:11 +0000] "GET /products/9532487 HTTP/2" 301 0 "-" "Mozilla/5.0 (Windows NT 10.0; Win64; x64) AppleWebKit/537.36 (KHTML, like Gecko) Chrome/145.0.0.0 Safari/537.36 (compatible; meta-externalagent/1.1 (+https://developers.facebook.com/docs/sharing/webmasters/crawler))"
198.38.94.67 - - [21/Jul/2026:18:09:32 +0000] "POST /wp-cron.php?doing_wp_cron=1784657372.1346909999847412109375 HTTP/1.1" 200 0 "-" "WordPress/6.9.1; https://www.sunsetbarbers.ae"
57.141.0.58 - - [21/Jul/2026:18:09:31 +0000] "GET /products/28839143 HTTP/2" 301 0 "-" "Mozilla/5.0 (Windows NT 10.0; Win64; x64) AppleWebKit/537.36 (KHTML, like Gecko) Chrome/145.0.0.0 Safari/537.36 (compatible; meta-externalagent/1.1 (+https://developers.facebook.com/docs/sharing/webmasters/crawler))"
57.141.0.34 - - [21/Jul/2026:18:10:03 +0000] "GET /products/30668421 HTTP/2" 301 0 "-" "Mozilla/5.0 (Macintosh; Intel Mac OS X 10_15_7) AppleWebKit/537.36 (KHTML, like Gecko) Chrome/145.0.0.0 Safari/537.36 (compatible; meta-externalagent/1.1 (+https://developers.facebook.com/docs/sharing/webmasters/crawler))"
198.38.94.67 - - [21/Jul/2026:18:10:19 +0000] "POST /wp-cron.php?doing_wp_cron=1784657419.5304999351501464843750 HTTP/1.1" 200 0 "-" "WordPress/6.9.1; https://www.sunsetbarbers.ae"
57.141.0.44 - - [21/Jul/2026:18:10:19 +0000] "GET /products/14258632 HTTP/2" 301 0 "-" "Mozilla/5.0 (Windows NT 10.0; Win64; x64) AppleWebKit/537.36 (KHTML, like Gecko) Chrome/145.0.0.0 Safari/537.36 Edg/145.0.0.0 (compatible; meta-externalagent/1.1 (+https://developers.facebook.com/docs/sharing/webmasters/crawler))"
57.141.0.4 - - [21/Jul/2026:18:10:27 +0000] "GET /products/20955498 HTTP/2" 301 0 "-" "Mozilla/5.0 (Windows NT 10.0; Win64; x64) AppleWebKit/537.36 (KHTML, like Gecko) Chrome/145.0.0.0 Safari/537.36 (compatible; meta-externalagent/1.1 (+https://developers.facebook.com/docs/sharing/webmasters/crawler))"
57.141.0.22 - - [21/Jul/2026:18:10:46 +0000] "GET /products/26227832 HTTP/2" 301 0 "-" "Mozilla/5.0 (Macintosh; Intel Mac OS X 10_15_7) AppleWebKit/537.36 (KHTML, like Gecko) Chrome/145.0.0.0 Safari/537.36 (compatible; meta-externalagent/1.1 (+https://developers.facebook.com/docs/sharing/webmasters/crawler))"
57.141.0.40 - - [21/Jul/2026:18:11:05 +0000] "GET /products/29794365 HTTP/2" 301 0 "-" "Mozilla/5.0 (Windows NT 10.0; Win64; x64) AppleWebKit/537.36 (KHTML, like Gecko) Chrome/145.0.0.0 Safari/537.36 (compatible; meta-externalagent/1.1 (+https://developers.facebook.com/docs/sharing/webmasters/crawler))"
198.38.94.67 - - [21/Jul/2026:18:11:30 +0000] "POST /wp-cron.php?doing_wp_cron=1784657490.2791590690612792968750 HTTP/1.1" 200 0 "-" "WordPress/6.9.1; https://www.sunsetbarbers.ae"
57.141.0.30 - - [21/Jul/2026:18:11:30 +0000] "GET /products/20110621 HTTP/2" 301 0 "-" "Mozilla/5.0 (Windows NT 10.0; Win64; x64) AppleWebKit/537.36 (KHTML, like Gecko) Chrome/145.0.0.0 Safari/537.36 (compatible; meta-externalagent/1.1 (+https://developers.facebook.com/docs/sharing/webmasters/crawler))"
57.141.0.9 - - [21/Jul/2026:18:11:35 +0000] "GET /products/14830032 HTTP/2" 301 0 "-" "Mozilla/5.0 (Windows NT 10.0; Win64; x64) AppleWebKit/537.36 (KHTML, like Gecko) Chrome/145.0.0.0 Safari/537.36 (compatible; meta-externalagent/1.1 (+https://developers.facebook.com/docs/sharing/webmasters/crawler))"
57.141.0.30 - - [21/Jul/2026:18:12:01 +0000] "GET /products/20637176 HTTP/2" 301 0 "-" "Mozilla/5.0 (Macintosh; Intel Mac OS X 10_15_7) AppleWebKit/537.36 (KHTML, like Gecko) Chrome/145.0.0.0 Safari/537.36 (compatible; meta-externalagent/1.1 (+https://developers.facebook.com/docs/sharing/webmasters/crawler))"
57.141.0.58 - - [21/Jul/2026:18:12:10 +0000] "GET /products/24387443 HTTP/2" 301 0 "-" "Mozilla/5.0 (Windows NT 10.0; Win64; x64) AppleWebKit/537.36 (KHTML, like Gecko) Chrome/145.0.0.0 Safari/537.36 (compatible; meta-externalagent/1.1 (+https://developers.facebook.com/docs/sharing/webmasters/crawler))"
57.141.0.62 - - [21/Jul/2026:18:12:11 +0000] "GET /products/14198909 HTTP/2" 301 0 "-" "Mozilla/5.0 (Windows NT 10.0; Win64; x64) AppleWebKit/537.36 (KHTML, like Gecko) Chrome/145.0.0.0 Safari/537.36 (compatible; meta-externalagent/1.1 (+https://developers.facebook.com/docs/sharing/webmasters/crawler))"
198.38.94.67 - - [21/Jul/2026:18:12:22 +0000] "POST /wp-cron.php?doing_wp_cron=1784657542.3109428882598876953125 HTTP/1.1" 200 0 "-" "WordPress/6.9.1; https://www.sunsetbarbers.ae"
57.141.0.12 - - [21/Jul/2026:18:12:22 +0000] "GET /products/8564498 HTTP/2" 301 0 "-" "Mozilla/5.0 (Macintosh; Intel Mac OS X 10_15_7) AppleWebKit/537.36 (KHTML, like Gecko) Chrome/145.0.0.0 Safari/537.36 (compatible; meta-externalagent/1.1 (+https://developers.facebook.com/docs/sharing/webmasters/crawler))"
57.141.0.11 - - [21/Jul/2026:18:12:24 +0000] "GET /sitemap734.xml HTTP/2" 301 0 "-" "Mozilla/5.0 (Windows NT 10.0; Win64; x64) AppleWebKit/537.36 (KHTML, like Gecko) Chrome/145.0.0.0 Safari/537.36 (compatible; meta-externalagent/1.1 (+https://developers.facebook.com/docs/sharing/webmasters/crawler))"
57.141.0.48 - - [21/Jul/2026:18:12:27 +0000] "GET /products/2167032 HTTP/2" 301 0 "-" "Mozilla/5.0 (Macintosh; Intel Mac OS X 10_15_7) AppleWebKit/537.36 (KHTML, like Gecko) Chrome/145.0.0.0 Safari/537.36 (compatible; meta-externalagent/1.1 (+https://developers.facebook.com/docs/sharing/webmasters/crawler))"
57.141.0.4 - - [21/Jul/2026:18:12:39 +0000] "GET /products/17640687 HTTP/2" 301 0 "-" "Mozilla/5.0 (Windows NT 10.0; Win64; x64) AppleWebKit/537.36 (KHTML, like Gecko) Chrome/145.0.0.0 Safari/537.36 (compatible; meta-externalagent/1.1 (+https://developers.facebook.com/docs/sharing/webmasters/crawler))"
57.141.0.47 - - [21/Jul/2026:18:13:15 +0000] "GET /products/7018209 HTTP/2" 301 0 "-" "Mozilla/5.0 (Windows NT 10.0; Win64; x64) AppleWebKit/537.36 (KHTML, like Gecko) Chrome/145.0.0.0 Safari/537.36 (compatible; meta-externalagent/1.1 (+https://developers.facebook.com/docs/sharing/webmasters/crawler))"
57.141.0.36 - - [21/Jul/2026:18:13:15 +0000] "GET /products/30835732 HTTP/2" 301 0 "-" "Mozilla/5.0 (Macintosh; Intel Mac OS X 10_15_7) AppleWebKit/537.36 (KHTML, like Gecko) Chrome/145.0.0.0 Safari/537.36 (compatible; meta-externalagent/1.1 (+https://developers.facebook.com/docs/sharing/webmasters/crawler))"
57.141.0.39 - - [21/Jul/2026:18:13:16 +0000] "GET /products/24768109 HTTP/2" 301 0 "-" "Mozilla/5.0 (Windows NT 10.0; Win64; x64) AppleWebKit/537.36 (KHTML, like Gecko) Chrome/145.0.0.0 Safari/537.36 Edg/145.0.0.0 (compatible; meta-externalagent/1.1 (+https://developers.facebook.com/docs/sharing/webmasters/crawler))"
198.38.94.67 - - [21/Jul/2026:18:13:50 +0000] "POST /wp-cron.php?doing_wp_cron=1784657630.5988581180572509765625 HTTP/1.1" 200 0 "-" "WordPress/6.9.1; https://www.sunsetbarbers.ae"
57.141.0.37 - - [21/Jul/2026:18:13:50 +0000] "GET /products/14123521 HTTP/2" 301 0 "-" "Mozilla/5.0 (Macintosh; Intel Mac OS X 10_15_7) AppleWebKit/537.36 (KHTML, like Gecko) Chrome/145.0.0.0 Safari/537.36 (compatible; meta-externalagent/1.1 (+https://developers.facebook.com/docs/sharing/webmasters/crawler))"
57.141.0.11 - - [21/Jul/2026:18:14:13 +0000] "GET /products/15745532 HTTP/2" 301 0 "-" "Mozilla/5.0 (Windows NT 10.0; Win64; x64) AppleWebKit/537.36 (KHTML, like Gecko) Chrome/145.0.0.0 Safari/537.36 (compatible; meta-externalagent/1.1 (+https://developers.facebook.com/docs/sharing/webmasters/crawler))"
198.38.94.67 - - [21/Jul/2026:18:14:21 +0000] "POST /wp-cron.php?doing_wp_cron=1784657661.0300009250640869140625 HTTP/1.1" 200 0 "-" "WordPress/6.9.1; https://www.sunsetbarbers.ae"
57.141.0.6 - - [21/Jul/2026:18:14:20 +0000] "GET /products/21724932 HTTP/2" 301 0 "-" "Mozilla/5.0 (Macintosh; Intel Mac OS X 10_15_7) AppleWebKit/537.36 (KHTML, like Gecko) Chrome/145.0.0.0 Safari/537.36 (compatible; meta-externalagent/1.1 (+https://developers.facebook.com/docs/sharing/webmasters/crawler))"
57.141.0.54 - - [21/Jul/2026:18:14:23 +0000] "GET /products/5291376 HTTP/2" 301 0 "-" "Mozilla/5.0 (Macintosh; Intel Mac OS X 10_15_7) AppleWebKit/537.36 (KHTML, like Gecko) Chrome/145.0.0.0 Safari/537.36 (compatible; meta-externalagent/1.1 (+https://developers.facebook.com/docs/sharing/webmasters/crawler))"
57.141.0.49 - - [21/Jul/2026:18:14:40 +0000] "GET /products/24547054 HTTP/2" 301 0 "-" "Mozilla/5.0 (Windows NT 10.0; Win64; x64) AppleWebKit/537.36 (KHTML, like Gecko) Chrome/145.0.0.0 Safari/537.36 (compatible; meta-externalagent/1.1 (+https://developers.facebook.com/docs/sharing/webmasters/crawler))"
57.141.0.28 - - [21/Jul/2026:18:14:44 +0000] "GET /products/1960654 HTTP/2" 301 0 "-" "Mozilla/5.0 (Macintosh; Intel Mac OS X 10_15_7) AppleWebKit/537.36 (KHTML, like Gecko) Chrome/145.0.0.0 Safari/537.36 (compatible; meta-externalagent/1.1 (+https://developers.facebook.com/docs/sharing/webmasters/crawler))"
57.141.0.30 - - [21/Jul/2026:18:14:48 +0000] "GET /products/22605487 HTTP/2" 301 0 "-" "Mozilla/5.0 (Windows NT 10.0; Win64; x64) AppleWebKit/537.36 (KHTML, like Gecko) Chrome/146.0.0.0 Safari/537.36 Edg/146.0.0.0 (compatible; meta-externalagent/1.1 (+https://developers.facebook.com/docs/sharing/webmasters/crawler))"
57.141.0.14 - - [21/Jul/2026:18:15:08 +0000] "GET /products/18652343 HTTP/2" 301 0 "-" "Mozilla/5.0 (Macintosh; Intel Mac OS X 10_15_7) AppleWebKit/537.36 (KHTML, like Gecko) Chrome/145.0.0.0 Safari/537.36 (compatible; meta-externalagent/1.1 (+https://developers.facebook.com/docs/sharing/webmasters/crawler))"
198.38.94.67 - - [21/Jul/2026:18:15:30 +0000] "POST /wp-cron.php?doing_wp_cron=1784657730.1009030342102050781250 HTTP/1.1" 200 0 "-" "WordPress/6.9.1; https://www.sunsetbarbers.ae"
185.93.89.147 - - [21/Jul/2026:18:15:29 +0000] "GET / HTTP/1.1" 301 0 "-" "Mozilla/5.0 (compatible; jscrawler/0.1; +https://github.com/)"
185.93.89.147 - - [21/Jul/2026:18:15:30 +0000] "GET / HTTP/1.1" 200 21259 "https://sunsetbarbers.ae/" "Mozilla/5.0 (compatible; jscrawler/0.1; +https://github.com/)"
185.93.89.147 - - [21/Jul/2026:18:15:31 +0000] "GET /wp/ HTTP/1.1" 301 0 "-" "Mozilla/5.0 (compatible; jscrawler/0.1; +https://github.com/)"
185.93.89.147 - - [21/Jul/2026:18:15:32 +0000] "GET /wp/ HTTP/1.1" 404 18399 "https://sunsetbarbers.ae/wp/" "Mozilla/5.0 (compatible; jscrawler/0.1; +https://github.com/)"
185.93.89.147 - - [21/Jul/2026:18:15:33 +0000] "GET /wp-includes/js/dist/hooks.min.js?ver=dd5603f07f9220ed27f1 HTTP/1.1" 200 1852 "-" "Mozilla/5.0 (compatible; jscrawler/0.1; +https://github.com/)"
185.93.89.147 - - [21/Jul/2026:18:15:33 +0000] "GET /wp-includes/js/hoverIntent.min.js HTTP/1.1" 200 668 "-" "Mozilla/5.0 (compatible; jscrawler/0.1; +https://github.com/)"
185.93.89.147 - - [21/Jul/2026:18:15:33 +0000] "GET /wp-includes/js/mediaelement/mediaelement-migrate.min.js?ver=6.9.1 HTTP/1.1" 200 479 "-" "Mozilla/5.0 (compatible; jscrawler/0.1; +https://github.com/)"
185.93.89.147 - - [21/Jul/2026:18:15:33 +0000] "GET /wp-includes/js/mediaelement/wp-mediaelement.min.js HTTP/1.1" 200 453 "-" "Mozilla/5.0 (compatible; jscrawler/0.1; +https://github.com/)"
185.93.89.147 - - [21/Jul/2026:18:15:33 +0000] "GET /wp-includes/js/wp-emoji-loader.min.js HTTP/1.1" 200 1116 "-" "Mozilla/5.0 (compatible; jscrawler/0.1; +https://github.com/)"
185.93.89.147 - - [21/Jul/2026:18:15:33 +0000] "GET /wp-includes/js/mediaelement/mediaelement-migrate.min.js HTTP/1.1" 200 479 "-" "Mozilla/5.0 (compatible; jscrawler/0.1; +https://github.com/)"
185.93.89.147 - - [21/Jul/2026:18:15:33 +0000] "GET /wp-includes/js/mediaelement/wp-mediaelement.min.js?ver=6.9.1 HTTP/1.1" 200 453 "-" "Mozilla/5.0 (compatible; jscrawler/0.1; +https://github.com/)"
185.93.89.147 - - [21/Jul/2026:18:15:33 +0000] "GET /wp-includes/js/dist/hooks.min.js HTTP/1.1" 200 1852 "-" "Mozilla/5.0 (compatible; jscrawler/0.1; +https://github.com/)"
185.93.89.147 - - [21/Jul/2026:18:15:33 +0000] "GET /wp-includes/js/dist/i18n.min.js HTTP/1.1" 200 2119 "-" "Mozilla/5.0 (compatible; jscrawler/0.1; +https://github.com/)"
185.93.89.147 - - [21/Jul/2026:18:15:33 +0000] "GET /wp-includes/js/hoverIntent.min.js?ver=1.10.2 HTTP/1.1" 200 668 "-" "Mozilla/5.0 (compatible; jscrawler/0.1; +https://github.com/)"
185.93.89.147 - - [21/Jul/2026:18:15:33 +0000] "GET /wp-includes/js/dist/i18n.min.js?ver=c26c3dc7bed366793375 HTTP/1.1" 200 2119 "-" "Mozilla/5.0 (compatible; jscrawler/0.1; +https://github.com/)"
185.93.89.147 - - [21/Jul/2026:18:15:33 +0000] "GET /wp-includes/js/mediaelement/mediaelement-and-player.min.js HTTP/1.1" 200 36433 "-" "Mozilla/5.0 (compatible; jscrawler/0.1; +https://github.com/)"
185.93.89.147 - - [21/Jul/2026:18:15:33 +0000] "GET /wp-includes/js/mediaelement/mediaelement-and-player.min.js?ver=4.2.17 HTTP/1.1" 200 36433 "-" "Mozilla/5.0 (compatible; jscrawler/0.1; +https://github.com/)"
185.93.89.147 - - [21/Jul/2026:18:15:33 +0000] "GET /wp-includes/js/wp-emoji-release.min.js HTTP/1.1" 200 4949 "-" "Mozilla/5.0 (compatible; jscrawler/0.1; +https://github.com/)"
57.141.0.42 - - [21/Jul/2026:18:15:41 +0000] "GET /products/16759409 HTTP/2" 301 0 "-" "Mozilla/5.0 (Windows NT 10.0; Win64; x64) AppleWebKit/537.36 (KHTML, like Gecko) Chrome/145.0.0.0 Safari/537.36 (compatible; meta-externalagent/1.1 (+https://developers.facebook.com/docs/sharing/webmasters/crawler))"
57.141.0.6 - - [21/Jul/2026:18:15:42 +0000] "GET /products/23625265 HTTP/2" 301 0 "-" "Mozilla/5.0 (Windows NT 10.0; Win64; x64) AppleWebKit/537.36 (KHTML, like Gecko) Chrome/145.0.0.0 Safari/537.36 (compatible; meta-externalagent/1.1 (+https://developers.facebook.com/docs/sharing/webmasters/crawler))"
57.141.0.38 - - [21/Jul/2026:18:15:53 +0000] "GET /products/17502443 HTTP/2" 301 0 "-" "Mozilla/5.0 (X11; Linux x86_64) AppleWebKit/537.36 (KHTML, like Gecko) Chrome/145.0.0.0 Safari/537.36 (compatible; meta-externalagent/1.1 (+https://developers.facebook.com/docs/sharing/webmasters/crawler))"
57.141.0.37 - - [21/Jul/2026:18:16:10 +0000] "GET /products/1861465 HTTP/2" 301 0 "-" "Mozilla/5.0 (Macintosh; Intel Mac OS X 10_15_7) AppleWebKit/537.36 (KHTML, like Gecko) Chrome/145.0.0.0 Safari/537.36 (compatible; meta-externalagent/1.1 (+https://developers.facebook.com/docs/sharing/webmasters/crawler))"
198.38.94.67 - - [21/Jul/2026:18:16:19 +0000] "POST /wp-cron.php?doing_wp_cron=1784657779.2660729885101318359375 HTTP/1.1" 200 0 "-" "WordPress/6.9.1; https://www.sunsetbarbers.ae"
57.141.0.54 - - [21/Jul/2026:18:16:19 +0000] "GET /products/14437387 HTTP/2" 301 0 "-" "Mozilla/5.0 (Macintosh; Intel Mac OS X 10_15_7) AppleWebKit/537.36 (KHTML, like Gecko) Chrome/145.0.0.0 Safari/537.36 (compatible; meta-externalagent/1.1 (+https://developers.facebook.com/docs/sharing/webmasters/crawler))"
57.141.0.61 - - [21/Jul/2026:18:16:25 +0000] "GET /products/1431454 HTTP/2" 301 0 "-" "Mozilla/5.0 (Windows NT 10.0; Win64; x64) AppleWebKit/537.36 (KHTML, like Gecko) Chrome/145.0.0.0 Safari/537.36 (compatible; meta-externalagent/1.1 (+https://developers.facebook.com/docs/sharing/webmasters/crawler))"
57.141.0.49 - - [21/Jul/2026:18:16:38 +0000] "GET /products/11129809 HTTP/2" 301 0 "-" "Mozilla/5.0 (Windows NT 10.0; Win64; x64) AppleWebKit/537.36 (KHTML, like Gecko) Chrome/145.0.0.0 Safari/537.36 (compatible; meta-externalagent/1.1 (+https://developers.facebook.com/docs/sharing/webmasters/crawler))"
57.141.0.11 - - [21/Jul/2026:18:16:41 +0000] "GET /products/27156110 HTTP/2" 301 0 "-" "Mozilla/5.0 (Windows NT 10.0; Win64; x64) AppleWebKit/537.36 (KHTML, like Gecko) Chrome/145.0.0.0 Safari/537.36 (compatible; meta-externalagent/1.1 (+https://developers.facebook.com/docs/sharing/webmasters/crawler))"
57.141.0.47 - - [21/Jul/2026:18:17:03 +0000] "GET /products/27307876 HTTP/2" 301 0 "-" "Mozilla/5.0 (Windows NT 10.0; Win64; x64) AppleWebKit/537.36 (KHTML, like Gecko) Chrome/145.0.0.0 Safari/537.36 (compatible; meta-externalagent/1.1 (+https://developers.facebook.com/docs/sharing/webmasters/crawler))"
198.38.94.67 - - [21/Jul/2026:18:17:48 +0000] "POST /wp-cron.php?doing_wp_cron=1784657868.7328050136566162109375 HTTP/1.1" 200 0 "-" "WordPress/6.9.1; https://www.sunsetbarbers.ae"
57.141.0.50 - - [21/Jul/2026:18:17:48 +0000] "GET /products/3269343 HTTP/2" 301 0 "-" "Mozilla/5.0 (Windows NT 10.0; Win64; x64) AppleWebKit/537.36 (KHTML, like Gecko) Chrome/145.0.0.0 Safari/537.36 (compatible; meta-externalagent/1.1 (+https://developers.facebook.com/docs/sharing/webmasters/crawler))"
57.141.0.31 - - [21/Jul/2026:18:18:13 +0000] "GET /products/22638654 HTTP/2" 301 0 "-" "Mozilla/5.0 (Windows NT 10.0; Win64; x64) AppleWebKit/537.36 (KHTML, like Gecko) Chrome/145.0.0.0 Safari/537.36 (compatible; meta-externalagent/1.1 (+https://developers.facebook.com/docs/sharing/webmasters/crawler))"
57.141.0.49 - - [21/Jul/2026:18:18:14 +0000] "GET /products/4480443 HTTP/2" 301 0 "-" "Mozilla/5.0 (Windows NT 10.0; Win64; x64) AppleWebKit/537.36 (KHTML, like Gecko) Chrome/145.0.0.0 Safari/537.36 Edg/145.0.0.0 (compatible; meta-externalagent/1.1 (+https://developers.facebook.com/docs/sharing/webmasters/crawler))"
57.141.0.50 - - [21/Jul/2026:18:18:16 +0000] "GET /products/22362732 HTTP/2" 301 0 "-" "Mozilla/5.0 (Windows NT 10.0; Win64; x64) AppleWebKit/537.36 (KHTML, like Gecko) Chrome/145.0.0.0 Safari/537.36 (compatible; meta-externalagent/1.1 (+https://developers.facebook.com/docs/sharing/webmasters/crawler))"
198.38.94.67 - - [21/Jul/2026:18:18:34 +0000] "POST /wp-cron.php?doing_wp_cron=1784657914.7771239280700683593750 HTTP/1.1" 200 0 "-" "WordPress/6.9.1; https://www.sunsetbarbers.ae"
57.141.0.31 - - [21/Jul/2026:18:18:34 +0000] "GET /products/1875232 HTTP/2" 301 0 "-" "Mozilla/5.0 (Windows NT 10.0; Win64; x64) AppleWebKit/537.36 (KHTML, like Gecko) Chrome/145.0.0.0 Safari/537.36 (compatible; meta-externalagent/1.1 (+https://developers.facebook.com/docs/sharing/webmasters/crawler))"
57.141.0.70 - - [21/Jul/2026:18:18:50 +0000] "GET /products/29607465 HTTP/2" 301 0 "-" "Mozilla/5.0 (X11; Linux x86_64) AppleWebKit/537.36 (KHTML, like Gecko) Chrome/145.0.0.0 Safari/537.36 (compatible; meta-externalagent/1.1 (+https://developers.facebook.com/docs/sharing/webmasters/crawler))"
57.141.0.25 - - [21/Jul/2026:18:18:56 +0000] "GET /products/16132432 HTTP/2" 301 0 "-" "Mozilla/5.0 (Windows NT 10.0; Win64; x64) AppleWebKit/537.36 (KHTML, like Gecko) Chrome/145.0.0.0 Safari/537.36 (compatible; meta-externalagent/1.1 (+https://developers.facebook.com/docs/sharing/webmasters/crawler))"
57.141.0.59 - - [21/Jul/2026:18:19:03 +0000] "GET /products/25132287 HTTP/2" 301 0 "-" "Mozilla/5.0 (Windows NT 10.0; Win64; x64) AppleWebKit/537.36 (KHTML, like Gecko) Chrome/145.0.0.0 Safari/537.36 (compatible; meta-externalagent/1.1 (+https://developers.facebook.com/docs/sharing/webmasters/crawler))"
176.31.139.11 - - [21/Jul/2026:18:19:06 +0000] "GET /sitemap_index.xml HTTP/2" 200 262 "-" "Mozilla/5.0 (compatible; AhrefsBot/7.0; +http://ahrefs.com/robot/)"
198.38.94.67 - - [21/Jul/2026:18:19:20 +0000] "POST /wp-cron.php?doing_wp_cron=1784657960.0750958919525146484375 HTTP/1.1" 200 0 "-" "WordPress/6.9.1; https://www.sunsetbarbers.ae"
57.141.0.44 - - [21/Jul/2026:18:19:19 +0000] "GET /products/1125776 HTTP/2" 301 0 "-" "Mozilla/5.0 (Macintosh; Intel Mac OS X 10_15_7) AppleWebKit/537.36 (KHTML, like Gecko) Chrome/145.0.0.0 Safari/537.36 (compatible; meta-externalagent/1.1 (+https://developers.facebook.com/docs/sharing/webmasters/crawler))"
57.141.0.69 - - [21/Jul/2026:18:19:20 +0000] "GET /products/27122843 HTTP/2" 301 0 "-" "Mozilla/5.0 (Macintosh; Intel Mac OS X 10_15_7) AppleWebKit/537.36 (KHTML, like Gecko) Chrome/145.0.0.0 Safari/537.36 (compatible; meta-externalagent/1.1 (+https://developers.facebook.com/docs/sharing/webmasters/crawler))"
57.141.0.49 - - [21/Jul/2026:18:19:23 +0000] "GET /products/27577298 HTTP/2" 301 0 "-" "Mozilla/5.0 (Macintosh; Intel Mac OS X 10_15_7) AppleWebKit/537.36 (KHTML, like Gecko) Chrome/145.0.0.0 Safari/537.36 (compatible; meta-externalagent/1.1 (+https://developers.facebook.com/docs/sharing/webmasters/crawler))"
